{"id":9446,"date":"2024-04-10T20:46:33","date_gmt":"2024-04-10T19:46:33","guid":{"rendered":"http:\/\/blog.meineigenerweg.de\/?page_id=9446"},"modified":"2024-04-10T21:02:39","modified_gmt":"2024-04-10T20:02:39","slug":"dortmund-botanischer-garten-rombergpark","status":"publish","type":"page","link":"http:\/\/blog.meineigenerweg.de\/?page_id=9446","title":{"rendered":"Dortmund &#8211; Botanischer Garten Rombergpark ***"},"content":{"rendered":"<p style=\"text-align: left;\"><strong>April 2024<\/strong><\/p>\n<p>&nbsp;<\/p>\n<p>Keine Zeit und Lust, f\u00fcr die Kirschbl\u00fcte bis nach Bonn zu fahren? Dann ist der Rombergpark in Dortmund eine sch\u00f6ne Alternative, denn Mandelb\u00e4ume bl\u00fchen nicht weniger sch\u00f6n. Beim Spaziergang unter den Bl\u00fcten liegt Fr\u00fchling in der Luft!<\/p>\n<p><a style=\"font-size: 0.95em;\" href=\"http:\/\/blog.meineigenerweg.de\/wp-content\/uploads\/2023\/12\/R03_5973.jpg\"><img loading=\"lazy\" decoding=\"async\" class=\"alignnone size-medium wp-image-9521\" src=\"http:\/\/blog.meineigenerweg.de\/wp-content\/uploads\/2023\/12\/R03_5973-300x199.jpg\" alt=\"\" width=\"300\" height=\"199\" srcset=\"http:\/\/blog.meineigenerweg.de\/wp-content\/uploads\/2023\/12\/R03_5973-300x199.jpg 300w, http:\/\/blog.meineigenerweg.de\/wp-content\/uploads\/2023\/12\/R03_5973-768x508.jpg 768w, http:\/\/blog.meineigenerweg.de\/wp-content\/uploads\/2023\/12\/R03_5973.jpg 1000w\" sizes=\"auto, (max-width: 300px) 100vw, 300px\" \/><\/a><\/p>\n<p><em>Meine Wertung: <span style=\"color: #ff0000;\">***<\/span>** ein lohnenswerter Ausflug, man kann sch\u00f6n spazieren gehen<\/em><br \/>\n<em>Botanischer Garten Rombergpark<\/em><br \/>\n<em>44225 Dortmund<\/em><br \/>\n<em>Am Rombergpark<\/em><\/p>\n","protected":false},"excerpt":{"rendered":"<p>April 2024 &nbsp; Keine Zeit und Lust, f\u00fcr die Kirschbl\u00fcte bis nach Bonn zu fahren? Dann ist der Rombergpark in Dortmund eine sch\u00f6ne Alternative, denn Mandelb\u00e4ume bl\u00fchen nicht weniger sch\u00f6n. Beim Spaziergang unter den Bl\u00fcten liegt Fr\u00fchling in der Luft! Meine Wertung: ***** ein lohnenswerter Ausflug, man kann sch\u00f6n spazieren<\/p>\n","protected":false},"author":1,"featured_media":9581,"parent":1809,"menu_order":0,"comment_status":"closed","ping_status":"closed","template":"","meta":{"footnotes":""},"class_list":["post-9446","page","type-page","status-publish","has-post-thumbnail","hentry"],"_links":{"self":[{"href":"http:\/\/blog.meineigenerweg.de\/index.php?rest_route=\/wp\/v2\/pages\/9446","targetHints":{"allow":["GET"]}}],"collection":[{"href":"http:\/\/blog.meineigenerweg.de\/index.php?rest_route=\/wp\/v2\/pages"}],"about":[{"href":"http:\/\/blog.meineigenerweg.de\/index.php?rest_route=\/wp\/v2\/types\/page"}],"author":[{"embeddable":true,"href":"http:\/\/blog.meineigenerweg.de\/index.php?rest_route=\/wp\/v2\/users\/1"}],"replies":[{"embeddable":true,"href":"http:\/\/blog.meineigenerweg.de\/index.php?rest_route=%2Fwp%2Fv2%2Fcomments&post=9446"}],"version-history":[{"count":12,"href":"http:\/\/blog.meineigenerweg.de\/index.php?rest_route=\/wp\/v2\/pages\/9446\/revisions"}],"predecessor-version":[{"id":9592,"href":"http:\/\/blog.meineigenerweg.de\/index.php?rest_route=\/wp\/v2\/pages\/9446\/revisions\/9592"}],"up":[{"embeddable":true,"href":"http:\/\/blog.meineigenerweg.de\/index.php?rest_route=\/wp\/v2\/pages\/1809"}],"wp:featuredmedia":[{"embeddable":true,"href":"http:\/\/blog.meineigenerweg.de\/index.php?rest_route=\/wp\/v2\/media\/9581"}],"wp:attachment":[{"href":"http:\/\/blog.meineigenerweg.de\/index.php?rest_route=%2Fwp%2Fv2%2Fmedia&parent=9446"}],"curies":[{"name":"wp","href":"https:\/\/api.w.org\/{rel}","templated":true}]}}