{"id":9271,"date":"2023-09-25T20:46:43","date_gmt":"2023-09-25T19:46:43","guid":{"rendered":"http:\/\/blog.meineigenerweg.de\/?page_id=9271"},"modified":"2023-09-25T21:11:51","modified_gmt":"2023-09-25T20:11:51","slug":"bremen-kunsthalle","status":"publish","type":"page","link":"http:\/\/blog.meineigenerweg.de\/?page_id=9271","title":{"rendered":"Bremen &#8211; Kunsthalle ****"},"content":{"rendered":"<p>Juli 2023<\/p>\n<p>&nbsp;<\/p>\n<p>Wir besuchen die <span style=\"color: #0000ff;\"><a href=\"https:\/\/www.kunsthalle-bremen.de\/de\" target=\"_blank\" rel=\"noopener noreferrer\"><span style=\"color: #0000ff;\"><span style=\"text-decoration: underline;\">Kunsthalle<\/span><\/span><\/a><\/span> Bremen, ein Mu\u00df f\u00fcr Bremenliebhaber! Der Kunstverein hat sie von ca. 170 Jahren gegr\u00fcndet und sie ist immer noch in privater Hand. Sehr viele der Kunstwerke sind von Menschen die einen engen Bezug zu Bremen haben, gespendet worden.<br \/>\n<a href=\"http:\/\/blog.meineigenerweg.de\/wp-content\/uploads\/2023\/08\/Kunsthalle.jpg\"><img loading=\"lazy\" decoding=\"async\" class=\"alignnone size-medium wp-image-9306\" src=\"http:\/\/blog.meineigenerweg.de\/wp-content\/uploads\/2023\/08\/Kunsthalle-300x219.jpg\" alt=\"\" width=\"300\" height=\"219\" srcset=\"http:\/\/blog.meineigenerweg.de\/wp-content\/uploads\/2023\/08\/Kunsthalle-300x219.jpg 300w, http:\/\/blog.meineigenerweg.de\/wp-content\/uploads\/2023\/08\/Kunsthalle.jpg 750w\" sizes=\"auto, (max-width: 300px) 100vw, 300px\" \/><\/a><br \/>\nDie Sammlung umfasst Kunstgeschichte aus 700 Jahren, von D\u00fcrer \u00fcber \u00a0Monet und Picasso bis zu Turrell.<\/p>\n<p>Die nette Dame am Empfang empfiehlt uns, in der 3. Etage zu beginnen, da sei es noch sehr leer.<br \/>\n<a href=\"http:\/\/blog.meineigenerweg.de\/wp-content\/uploads\/2023\/08\/IMG_2391_x.jpg\"><img loading=\"lazy\" decoding=\"async\" class=\"alignnone size-medium wp-image-9319\" src=\"http:\/\/blog.meineigenerweg.de\/wp-content\/uploads\/2023\/08\/IMG_2391_x-300x225.jpg\" alt=\"\" width=\"300\" height=\"225\" srcset=\"http:\/\/blog.meineigenerweg.de\/wp-content\/uploads\/2023\/08\/IMG_2391_x-300x225.jpg 300w, http:\/\/blog.meineigenerweg.de\/wp-content\/uploads\/2023\/08\/IMG_2391_x-768x576.jpg 768w, http:\/\/blog.meineigenerweg.de\/wp-content\/uploads\/2023\/08\/IMG_2391_x.jpg 1000w\" sizes=\"auto, (max-width: 300px) 100vw, 300px\" \/><\/a><br \/>\nUns war nicht klar, dass sie das w\u00f6rtlich meinte. Nicht nur waren keine Besucher dort, sonder auch der Raum sah leer aus, als ob ein paar St\u00fchle noch nicht wegger\u00e4umt w\u00e4ren. Es handelt sich aber um eine optische und akustische Installation John Cages. Vielleicht sind wir doch Kunstbanausen!<\/p>\n<p>Da erschlie\u00dfen sich uns die Bremer Stadtmusikanten in dieser Installation als Synonym der Menschheit f\u00fcr die Suche nach einem w\u00fcrdevollen Leben eher. Das Motiv finden wir auch in einigen weiteren Kunstwerken.<br \/>\n<a href=\"http:\/\/blog.meineigenerweg.de\/wp-content\/uploads\/2023\/08\/IMG_2395_x.jpg\"><img loading=\"lazy\" decoding=\"async\" class=\"alignnone size-medium wp-image-9305\" src=\"http:\/\/blog.meineigenerweg.de\/wp-content\/uploads\/2023\/08\/IMG_2395_x-300x202.jpg\" alt=\"\" width=\"300\" height=\"202\" srcset=\"http:\/\/blog.meineigenerweg.de\/wp-content\/uploads\/2023\/08\/IMG_2395_x-300x202.jpg 300w, http:\/\/blog.meineigenerweg.de\/wp-content\/uploads\/2023\/08\/IMG_2395_x-1024x688.jpg 1024w, http:\/\/blog.meineigenerweg.de\/wp-content\/uploads\/2023\/08\/IMG_2395_x-768x516.jpg 768w, http:\/\/blog.meineigenerweg.de\/wp-content\/uploads\/2023\/08\/IMG_2395_x-1536x1032.jpg 1536w, http:\/\/blog.meineigenerweg.de\/wp-content\/uploads\/2023\/08\/IMG_2395_x-2048x1376.jpg 2048w\" sizes=\"auto, (max-width: 300px) 100vw, 300px\" \/><\/a><\/p>\n<p>Uns gef\u00e4llt die Anordnung der Kunstwerke, zu bestimmten Themen gibt es Exponate aus verschiedenen Epochen und Richtungen\u2026.<br \/>\n<a href=\"http:\/\/blog.meineigenerweg.de\/wp-content\/uploads\/2023\/08\/IMG_2406_x.jpg\"><img loading=\"lazy\" decoding=\"async\" class=\"alignnone size-medium wp-image-9308\" src=\"http:\/\/blog.meineigenerweg.de\/wp-content\/uploads\/2023\/08\/IMG_2406_x-300x225.jpg\" alt=\"\" width=\"300\" height=\"225\" srcset=\"http:\/\/blog.meineigenerweg.de\/wp-content\/uploads\/2023\/08\/IMG_2406_x-300x225.jpg 300w, http:\/\/blog.meineigenerweg.de\/wp-content\/uploads\/2023\/08\/IMG_2406_x-768x576.jpg 768w, http:\/\/blog.meineigenerweg.de\/wp-content\/uploads\/2023\/08\/IMG_2406_x.jpg 1000w\" sizes=\"auto, (max-width: 300px) 100vw, 300px\" \/><\/a><\/p>\n<p>\u2026und Klassiker wie Susanna und die beiden (l\u00fcsternen) Alten,<br \/>\n<a href=\"http:\/\/blog.meineigenerweg.de\/wp-content\/uploads\/2023\/08\/IMG_2401_x.jpg\"><img loading=\"lazy\" decoding=\"async\" class=\"alignnone size-medium wp-image-9309\" src=\"http:\/\/blog.meineigenerweg.de\/wp-content\/uploads\/2023\/08\/IMG_2401_x-253x300.jpg\" alt=\"\" width=\"253\" height=\"300\" srcset=\"http:\/\/blog.meineigenerweg.de\/wp-content\/uploads\/2023\/08\/IMG_2401_x-253x300.jpg 253w, http:\/\/blog.meineigenerweg.de\/wp-content\/uploads\/2023\/08\/IMG_2401_x-768x910.jpg 768w, http:\/\/blog.meineigenerweg.de\/wp-content\/uploads\/2023\/08\/IMG_2401_x.jpg 844w\" sizes=\"auto, (max-width: 253px) 100vw, 253px\" \/><\/a><\/p>\n<p>Modernes<br \/>\n<a href=\"http:\/\/blog.meineigenerweg.de\/wp-content\/uploads\/2023\/08\/IMG_2398_x.jpg\"><img loading=\"lazy\" decoding=\"async\" class=\"alignnone size-medium wp-image-9310\" src=\"http:\/\/blog.meineigenerweg.de\/wp-content\/uploads\/2023\/08\/IMG_2398_x-300x238.jpg\" alt=\"\" width=\"300\" height=\"238\" srcset=\"http:\/\/blog.meineigenerweg.de\/wp-content\/uploads\/2023\/08\/IMG_2398_x-300x238.jpg 300w, http:\/\/blog.meineigenerweg.de\/wp-content\/uploads\/2023\/08\/IMG_2398_x-768x609.jpg 768w, http:\/\/blog.meineigenerweg.de\/wp-content\/uploads\/2023\/08\/IMG_2398_x.jpg 1000w\" sizes=\"auto, (max-width: 300px) 100vw, 300px\" \/><\/a><\/p>\n<p>und \u00e4hnliche Motive, von unterschiedlichen K\u00fcnstlern aus unterschiedlichen Epochen.<br \/>\n<a href=\"http:\/\/blog.meineigenerweg.de\/wp-content\/uploads\/2023\/08\/IMG_2397_x.jpg\"><img loading=\"lazy\" decoding=\"async\" class=\"alignnone size-medium wp-image-9312\" src=\"http:\/\/blog.meineigenerweg.de\/wp-content\/uploads\/2023\/08\/IMG_2397_x-300x237.jpg\" alt=\"\" width=\"300\" height=\"237\" srcset=\"http:\/\/blog.meineigenerweg.de\/wp-content\/uploads\/2023\/08\/IMG_2397_x-300x237.jpg 300w, http:\/\/blog.meineigenerweg.de\/wp-content\/uploads\/2023\/08\/IMG_2397_x-768x606.jpg 768w, http:\/\/blog.meineigenerweg.de\/wp-content\/uploads\/2023\/08\/IMG_2397_x.jpg 1000w\" sizes=\"auto, (max-width: 300px) 100vw, 300px\" \/><\/a><\/p>\n<p>Manches erschlie\u00dft sich uns als Betrachtern, bei manchen Exponaten dachten wir: Ups &#8230; und hier hat wohl der Maler was liegen lassen.<br \/>\n<a href=\"http:\/\/blog.meineigenerweg.de\/wp-content\/uploads\/2023\/08\/IMG_2409x.jpg\"><img loading=\"lazy\" decoding=\"async\" class=\"alignnone size-medium wp-image-9314\" src=\"http:\/\/blog.meineigenerweg.de\/wp-content\/uploads\/2023\/08\/IMG_2409x-300x225.jpg\" alt=\"\" width=\"300\" height=\"225\" srcset=\"http:\/\/blog.meineigenerweg.de\/wp-content\/uploads\/2023\/08\/IMG_2409x-300x225.jpg 300w, http:\/\/blog.meineigenerweg.de\/wp-content\/uploads\/2023\/08\/IMG_2409x-768x576.jpg 768w, http:\/\/blog.meineigenerweg.de\/wp-content\/uploads\/2023\/08\/IMG_2409x.jpg 1000w\" sizes=\"auto, (max-width: 300px) 100vw, 300px\" \/><\/a><\/p>\n<p>Aber es gibt Hoffnung &#8230;<br \/>\n<a href=\"http:\/\/blog.meineigenerweg.de\/wp-content\/uploads\/2023\/08\/IMG_2424_x.jpg\"><img loading=\"lazy\" decoding=\"async\" class=\"alignnone size-medium wp-image-9315\" src=\"http:\/\/blog.meineigenerweg.de\/wp-content\/uploads\/2023\/08\/IMG_2424_x-300x249.jpg\" alt=\"\" width=\"300\" height=\"249\" srcset=\"http:\/\/blog.meineigenerweg.de\/wp-content\/uploads\/2023\/08\/IMG_2424_x-300x249.jpg 300w, http:\/\/blog.meineigenerweg.de\/wp-content\/uploads\/2023\/08\/IMG_2424_x-768x637.jpg 768w, http:\/\/blog.meineigenerweg.de\/wp-content\/uploads\/2023\/08\/IMG_2424_x.jpg 1000w\" sizes=\"auto, (max-width: 300px) 100vw, 300px\" \/><\/a><\/p>\n<p>&nbsp;<\/p>\n<p><em>Meine Wertung: <span style=\"color: #ff0000;\">****<\/span>* umfang- und abwechslungsreich, sehenswert<\/em><br \/>\n<em>Am Wall 207<\/em><br \/>\n<em>28195 Bremen <\/em><\/p>\n","protected":false},"excerpt":{"rendered":"<p>Juli 2023 &nbsp; Wir besuchen die Kunsthalle Bremen, ein Mu\u00df f\u00fcr Bremenliebhaber! Der Kunstverein hat sie von ca. 170 Jahren gegr\u00fcndet und sie ist immer noch in privater Hand. Sehr viele der Kunstwerke sind von Menschen die einen engen Bezug zu Bremen haben, gespendet worden. Die Sammlung umfasst Kunstgeschichte aus<\/p>\n","protected":false},"author":1,"featured_media":9372,"parent":108,"menu_order":0,"comment_status":"closed","ping_status":"closed","template":"","meta":{"footnotes":""},"class_list":["post-9271","page","type-page","status-publish","has-post-thumbnail","hentry"],"_links":{"self":[{"href":"http:\/\/blog.meineigenerweg.de\/index.php?rest_route=\/wp\/v2\/pages\/9271","targetHints":{"allow":["GET"]}}],"collection":[{"href":"http:\/\/blog.meineigenerweg.de\/index.php?rest_route=\/wp\/v2\/pages"}],"about":[{"href":"http:\/\/blog.meineigenerweg.de\/index.php?rest_route=\/wp\/v2\/types\/page"}],"author":[{"embeddable":true,"href":"http:\/\/blog.meineigenerweg.de\/index.php?rest_route=\/wp\/v2\/users\/1"}],"replies":[{"embeddable":true,"href":"http:\/\/blog.meineigenerweg.de\/index.php?rest_route=%2Fwp%2Fv2%2Fcomments&post=9271"}],"version-history":[{"count":19,"href":"http:\/\/blog.meineigenerweg.de\/index.php?rest_route=\/wp\/v2\/pages\/9271\/revisions"}],"predecessor-version":[{"id":9375,"href":"http:\/\/blog.meineigenerweg.de\/index.php?rest_route=\/wp\/v2\/pages\/9271\/revisions\/9375"}],"up":[{"embeddable":true,"href":"http:\/\/blog.meineigenerweg.de\/index.php?rest_route=\/wp\/v2\/pages\/108"}],"wp:featuredmedia":[{"embeddable":true,"href":"http:\/\/blog.meineigenerweg.de\/index.php?rest_route=\/wp\/v2\/media\/9372"}],"wp:attachment":[{"href":"http:\/\/blog.meineigenerweg.de\/index.php?rest_route=%2Fwp%2Fv2%2Fmedia&parent=9271"}],"curies":[{"name":"wp","href":"https:\/\/api.w.org\/{rel}","templated":true}]}}

<p>Juli 2023</p>
<p>&nbsp;</p>
<p>Wir besuchen die <span style="color: #0000ff;"><a href="https://www.kunsthalle-bremen.de/de" target="_blank" rel="noopener noreferrer"><span style="color: #0000ff;"><span style="text-decoration: underline;">Kunsthalle</span></span></a></span> Bremen, ein Muß für Bremenliebhaber! Der Kunstverein hat sie von ca. 170 Jahren gegründet und sie ist immer noch in privater Hand. Sehr viele der Kunstwerke sind von Menschen die einen engen Bezug zu Bremen haben, gespendet worden.<br />
<a href="http://blog.meineigenerweg.de/wp-content/uploads/2023/08/Kunsthalle.jpg"><img loading="lazy" decoding="async" class="alignnone size-medium wp-image-9306" src="http://blog.meineigenerweg.de/wp-content/uploads/2023/08/Kunsthalle-300x219.jpg" alt="" width="300" height="219" srcset="http://blog.meineigenerweg.de/wp-content/uploads/2023/08/Kunsthalle-300x219.jpg 300w, http://blog.meineigenerweg.de/wp-content/uploads/2023/08/Kunsthalle.jpg 750w" sizes="auto, (max-width: 300px) 100vw, 300px" /></a><br />
Die Sammlung umfasst Kunstgeschichte aus 700 Jahren, von Dürer über  Monet und Picasso bis zu Turrell.</p>
<p>Die nette Dame am Empfang empfiehlt uns, in der 3. Etage zu beginnen, da sei es noch sehr leer.<br />
<a href="http://blog.meineigenerweg.de/wp-content/uploads/2023/08/IMG_2391_x.jpg"><img loading="lazy" decoding="async" class="alignnone size-medium wp-image-9319" src="http://blog.meineigenerweg.de/wp-content/uploads/2023/08/IMG_2391_x-300x225.jpg" alt="" width="300" height="225" srcset="http://blog.meineigenerweg.de/wp-content/uploads/2023/08/IMG_2391_x-300x225.jpg 300w, http://blog.meineigenerweg.de/wp-content/uploads/2023/08/IMG_2391_x-768x576.jpg 768w, http://blog.meineigenerweg.de/wp-content/uploads/2023/08/IMG_2391_x.jpg 1000w" sizes="auto, (max-width: 300px) 100vw, 300px" /></a><br />
Uns war nicht klar, dass sie das wörtlich meinte. Nicht nur waren keine Besucher dort, sonder auch der Raum sah leer aus, als ob ein paar Stühle noch nicht weggeräumt wären. Es handelt sich aber um eine optische und akustische Installation John Cages. Vielleicht sind wir doch Kunstbanausen!</p>
<p>Da erschließen sich uns die Bremer Stadtmusikanten in dieser Installation als Synonym der Menschheit für die Suche nach einem würdevollen Leben eher. Das Motiv finden wir auch in einigen weiteren Kunstwerken.<br />
<a href="http://blog.meineigenerweg.de/wp-content/uploads/2023/08/IMG_2395_x.jpg"><img loading="lazy" decoding="async" class="alignnone size-medium wp-image-9305" src="http://blog.meineigenerweg.de/wp-content/uploads/2023/08/IMG_2395_x-300x202.jpg" alt="" width="300" height="202" srcset="http://blog.meineigenerweg.de/wp-content/uploads/2023/08/IMG_2395_x-300x202.jpg 300w, http://blog.meineigenerweg.de/wp-content/uploads/2023/08/IMG_2395_x-1024x688.jpg 1024w, http://blog.meineigenerweg.de/wp-content/uploads/2023/08/IMG_2395_x-768x516.jpg 768w, http://blog.meineigenerweg.de/wp-content/uploads/2023/08/IMG_2395_x-1536x1032.jpg 1536w, http://blog.meineigenerweg.de/wp-content/uploads/2023/08/IMG_2395_x-2048x1376.jpg 2048w" sizes="auto, (max-width: 300px) 100vw, 300px" /></a></p>
<p>Uns gefällt die Anordnung der Kunstwerke, zu bestimmten Themen gibt es Exponate aus verschiedenen Epochen und Richtungen….<br />
<a href="http://blog.meineigenerweg.de/wp-content/uploads/2023/08/IMG_2406_x.jpg"><img loading="lazy" decoding="async" class="alignnone size-medium wp-image-9308" src="http://blog.meineigenerweg.de/wp-content/uploads/2023/08/IMG_2406_x-300x225.jpg" alt="" width="300" height="225" srcset="http://blog.meineigenerweg.de/wp-content/uploads/2023/08/IMG_2406_x-300x225.jpg 300w, http://blog.meineigenerweg.de/wp-content/uploads/2023/08/IMG_2406_x-768x576.jpg 768w, http://blog.meineigenerweg.de/wp-content/uploads/2023/08/IMG_2406_x.jpg 1000w" sizes="auto, (max-width: 300px) 100vw, 300px" /></a></p>
<p>…und Klassiker wie Susanna und die beiden (lüsternen) Alten,<br />
<a href="http://blog.meineigenerweg.de/wp-content/uploads/2023/08/IMG_2401_x.jpg"><img loading="lazy" decoding="async" class="alignnone size-medium wp-image-9309" src="http://blog.meineigenerweg.de/wp-content/uploads/2023/08/IMG_2401_x-253x300.jpg" alt="" width="253" height="300" srcset="http://blog.meineigenerweg.de/wp-content/uploads/2023/08/IMG_2401_x-253x300.jpg 253w, http://blog.meineigenerweg.de/wp-content/uploads/2023/08/IMG_2401_x-768x910.jpg 768w, http://blog.meineigenerweg.de/wp-content/uploads/2023/08/IMG_2401_x.jpg 844w" sizes="auto, (max-width: 253px) 100vw, 253px" /></a></p>
<p>Modernes<br />
<a href="http://blog.meineigenerweg.de/wp-content/uploads/2023/08/IMG_2398_x.jpg"><img loading="lazy" decoding="async" class="alignnone size-medium wp-image-9310" src="http://blog.meineigenerweg.de/wp-content/uploads/2023/08/IMG_2398_x-300x238.jpg" alt="" width="300" height="238" srcset="http://blog.meineigenerweg.de/wp-content/uploads/2023/08/IMG_2398_x-300x238.jpg 300w, http://blog.meineigenerweg.de/wp-content/uploads/2023/08/IMG_2398_x-768x609.jpg 768w, http://blog.meineigenerweg.de/wp-content/uploads/2023/08/IMG_2398_x.jpg 1000w" sizes="auto, (max-width: 300px) 100vw, 300px" /></a></p>
<p>und ähnliche Motive, von unterschiedlichen Künstlern aus unterschiedlichen Epochen.<br />
<a href="http://blog.meineigenerweg.de/wp-content/uploads/2023/08/IMG_2397_x.jpg"><img loading="lazy" decoding="async" class="alignnone size-medium wp-image-9312" src="http://blog.meineigenerweg.de/wp-content/uploads/2023/08/IMG_2397_x-300x237.jpg" alt="" width="300" height="237" srcset="http://blog.meineigenerweg.de/wp-content/uploads/2023/08/IMG_2397_x-300x237.jpg 300w, http://blog.meineigenerweg.de/wp-content/uploads/2023/08/IMG_2397_x-768x606.jpg 768w, http://blog.meineigenerweg.de/wp-content/uploads/2023/08/IMG_2397_x.jpg 1000w" sizes="auto, (max-width: 300px) 100vw, 300px" /></a></p>
<p>Manches erschließt sich uns als Betrachtern, bei manchen Exponaten dachten wir: Ups &#8230; und hier hat wohl der Maler was liegen lassen.<br />
<a href="http://blog.meineigenerweg.de/wp-content/uploads/2023/08/IMG_2409x.jpg"><img loading="lazy" decoding="async" class="alignnone size-medium wp-image-9314" src="http://blog.meineigenerweg.de/wp-content/uploads/2023/08/IMG_2409x-300x225.jpg" alt="" width="300" height="225" srcset="http://blog.meineigenerweg.de/wp-content/uploads/2023/08/IMG_2409x-300x225.jpg 300w, http://blog.meineigenerweg.de/wp-content/uploads/2023/08/IMG_2409x-768x576.jpg 768w, http://blog.meineigenerweg.de/wp-content/uploads/2023/08/IMG_2409x.jpg 1000w" sizes="auto, (max-width: 300px) 100vw, 300px" /></a></p>
<p>Aber es gibt Hoffnung &#8230;<br />
<a href="http://blog.meineigenerweg.de/wp-content/uploads/2023/08/IMG_2424_x.jpg"><img loading="lazy" decoding="async" class="alignnone size-medium wp-image-9315" src="http://blog.meineigenerweg.de/wp-content/uploads/2023/08/IMG_2424_x-300x249.jpg" alt="" width="300" height="249" srcset="http://blog.meineigenerweg.de/wp-content/uploads/2023/08/IMG_2424_x-300x249.jpg 300w, http://blog.meineigenerweg.de/wp-content/uploads/2023/08/IMG_2424_x-768x637.jpg 768w, http://blog.meineigenerweg.de/wp-content/uploads/2023/08/IMG_2424_x.jpg 1000w" sizes="auto, (max-width: 300px) 100vw, 300px" /></a></p>
<p>&nbsp;</p>
<p><em>Meine Wertung: <span style="color: #ff0000;">****</span>* umfang- und abwechslungsreich, sehenswert</em><br />
<em>Am Wall 207</em><br />
<em>28195 Bremen </em></p>

<p>Juli 2023 &nbsp; Wir besuchen die Kunsthalle Bremen, ein Muß für Bremenliebhaber! Der Kunstverein hat sie von ca. 170 Jahren gegründet und sie ist immer noch in privater Hand. Sehr viele der Kunstwerke sind von Menschen die einen engen Bezug zu Bremen haben, gespendet worden. Die Sammlung umfasst Kunstgeschichte aus</p>
