{"id":8637,"date":"2023-02-07T20:35:03","date_gmt":"2023-02-07T19:35:03","guid":{"rendered":"http:\/\/blog.meineigenerweg.de\/?page_id=8637"},"modified":"2023-02-16T18:26:01","modified_gmt":"2023-02-16T17:26:01","slug":"furtwangen-donauquelle","status":"publish","type":"page","link":"http:\/\/blog.meineigenerweg.de\/?page_id=8637","title":{"rendered":"Furtwangen &#8211; Donauquelle ****"},"content":{"rendered":"<p>Januar 2023<\/p>\n<p>&nbsp;<\/p>\n<p>Kurz nach Neujahr starten wir eine \u02cbSentimental Journey\u00b4 in den Schwarzwald nach Furtwangen, wo wir vor vielen Jahren unsere erste gemeinsame Wohnung bezogen haben. Unterhalb des \u02cbBrends\u00b4, mit 1149 m die h\u00f6chste Erhebung oberhalb Furtwangens, haben wir in dem alten Gasthaus \u02cbGoldener Rabe\u00b4 \u00fcbernachtet. Hier ist die Zeit stehen geblieben, in der Gaststube dominiert der gro\u00dfe Kachelofen, der mit Holz beheizt wird. Und die Schnitzel werden nach Hausfrauenart in der Pfanne gebraten und nicht frittiert \u2013 lecker!<\/p>\n<p>Von dort aus geht der Wanderweg zuerst zum Brendturm.<\/p>\n<p><a href=\"http:\/\/blog.meineigenerweg.de\/wp-content\/uploads\/2023\/02\/Furtwangen-01.jpg\"><img loading=\"lazy\" decoding=\"async\" class=\"alignnone size-medium wp-image-8642\" src=\"http:\/\/blog.meineigenerweg.de\/wp-content\/uploads\/2023\/02\/Furtwangen-01-300x200.jpg\" alt=\"\" width=\"300\" height=\"200\" srcset=\"http:\/\/blog.meineigenerweg.de\/wp-content\/uploads\/2023\/02\/Furtwangen-01-300x200.jpg 300w, http:\/\/blog.meineigenerweg.de\/wp-content\/uploads\/2023\/02\/Furtwangen-01-768x512.jpg 768w, http:\/\/blog.meineigenerweg.de\/wp-content\/uploads\/2023\/02\/Furtwangen-01.jpg 1000w\" sizes=\"auto, (max-width: 300px) 100vw, 300px\" \/><\/a><\/p>\n<p>Im Sommer ist der Turm ge\u00f6ffnet, man kann ihn besteigen und die Aussicht in die umliegenden T\u00e4ler genie\u00dfen.<br \/>\nWeiter geht es Richtung Donauquelle, im Morgennebel kommen wir uns vor wie im Zauberwald!<\/p>\n<p><a href=\"http:\/\/blog.meineigenerweg.de\/wp-content\/uploads\/2023\/02\/Furtwangen-03.jpg\"><img loading=\"lazy\" decoding=\"async\" class=\"alignnone size-medium wp-image-8646\" src=\"http:\/\/blog.meineigenerweg.de\/wp-content\/uploads\/2023\/02\/Furtwangen-03-300x200.jpg\" alt=\"\" width=\"300\" height=\"200\" srcset=\"http:\/\/blog.meineigenerweg.de\/wp-content\/uploads\/2023\/02\/Furtwangen-03-300x200.jpg 300w, http:\/\/blog.meineigenerweg.de\/wp-content\/uploads\/2023\/02\/Furtwangen-03-768x512.jpg 768w, http:\/\/blog.meineigenerweg.de\/wp-content\/uploads\/2023\/02\/Furtwangen-03.jpg 1000w\" sizes=\"auto, (max-width: 300px) 100vw, 300px\" \/><\/a><\/p>\n<p>Und mitten drin haben bereits vor 65 Millionen Jahren die Riesen mit Steinen gespielt. Im Laufe der Zeit sind die gro\u00dfen bemoosten Granitbl\u00f6cke, die G\u00fcnterfelsen, abgerundet.<\/p>\n<p><a href=\"http:\/\/blog.meineigenerweg.de\/wp-content\/uploads\/2023\/02\/Furtwangen-04.jpg\"><img loading=\"lazy\" decoding=\"async\" class=\"alignnone size-medium wp-image-8648\" src=\"http:\/\/blog.meineigenerweg.de\/wp-content\/uploads\/2023\/02\/Furtwangen-04-300x200.jpg\" alt=\"\" width=\"300\" height=\"200\" srcset=\"http:\/\/blog.meineigenerweg.de\/wp-content\/uploads\/2023\/02\/Furtwangen-04-300x200.jpg 300w, http:\/\/blog.meineigenerweg.de\/wp-content\/uploads\/2023\/02\/Furtwangen-04-768x512.jpg 768w, http:\/\/blog.meineigenerweg.de\/wp-content\/uploads\/2023\/02\/Furtwangen-04.jpg 1000w\" sizes=\"auto, (max-width: 300px) 100vw, 300px\" \/><\/a><\/p>\n<p>Und dann \u00f6ffnet sich der Wald und wir blicken auf das Gebiet um die Donauquelle herum.<\/p>\n<p><a href=\"http:\/\/blog.meineigenerweg.de\/wp-content\/uploads\/2023\/02\/Furtwangen-05.jpg\"><img loading=\"lazy\" decoding=\"async\" class=\"alignnone size-medium wp-image-8649\" src=\"http:\/\/blog.meineigenerweg.de\/wp-content\/uploads\/2023\/02\/Furtwangen-05-300x200.jpg\" alt=\"\" width=\"300\" height=\"200\" srcset=\"http:\/\/blog.meineigenerweg.de\/wp-content\/uploads\/2023\/02\/Furtwangen-05-300x200.jpg 300w, http:\/\/blog.meineigenerweg.de\/wp-content\/uploads\/2023\/02\/Furtwangen-05-768x512.jpg 768w, http:\/\/blog.meineigenerweg.de\/wp-content\/uploads\/2023\/02\/Furtwangen-05.jpg 1000w\" sizes=\"auto, (max-width: 300px) 100vw, 300px\" \/><\/a><\/p>\n<p>Direkt an der Donauquelle, auf 1085 mtr H\u00f6he, liegt die Martinskapelle. Es ist gut m\u00f6glich, dass hier bereits um 800 nCh. ein Sakralbau stand. Erw\u00e4hnungen gab es dann 915 und 1178 in einer p\u00e4pstlichen Bulle. Ob mit dem Waldkirchlein aber wirklich die Martinskapelle gemeint war, ist nicht bewiesen.<\/p>\n<p><a href=\"http:\/\/blog.meineigenerweg.de\/wp-content\/uploads\/2023\/02\/Furtwangen-06.jpg\"><img loading=\"lazy\" decoding=\"async\" class=\"alignnone size-medium wp-image-8651\" src=\"http:\/\/blog.meineigenerweg.de\/wp-content\/uploads\/2023\/02\/Furtwangen-06-300x200.jpg\" alt=\"\" width=\"300\" height=\"200\" srcset=\"http:\/\/blog.meineigenerweg.de\/wp-content\/uploads\/2023\/02\/Furtwangen-06-300x200.jpg 300w, http:\/\/blog.meineigenerweg.de\/wp-content\/uploads\/2023\/02\/Furtwangen-06-768x512.jpg 768w, http:\/\/blog.meineigenerweg.de\/wp-content\/uploads\/2023\/02\/Furtwangen-06.jpg 1000w\" sizes=\"auto, (max-width: 300px) 100vw, 300px\" \/><\/a><\/p>\n<p>Ein paar Meter weiter ist dann auch die Donauquelle. Lange Jahre hat man ernsthaft dar\u00fcber gestritten, wo denn nun tats\u00e4chlich die Donau entspringt. Es gibt zwei Quellfl\u00fcsse, die Brigach, die in der N\u00e4he von St. Georgen und die Breg, die hier oberhalb von Furtwangen entspringt. Zusammen kommen die beiden Quellfl\u00fcsse in Donaueschingen. Jeder dieser Orte hat die Donauquelle f\u00fcr sich beansprucht. Intensive Messungen und Einf\u00e4rbungen des Wassers haben letztendiglich ergeben, das der l\u00e4ngste Arm und somit der Quellfluss hier in Furtwangen liegt.<\/p>\n<p>Bewacht von Danuvius, dem r\u00f6mischen Flussgott der Donau, tritt hier etwas Wasser zutage, die Quelle des mit 2857 km zweitl\u00e4ngsten Flusses Europas.<\/p>\n<p><a href=\"http:\/\/blog.meineigenerweg.de\/wp-content\/uploads\/2023\/02\/Furtwangen-07.jpg\"><img loading=\"lazy\" decoding=\"async\" class=\"alignnone size-medium wp-image-8654\" src=\"http:\/\/blog.meineigenerweg.de\/wp-content\/uploads\/2023\/02\/Furtwangen-07-300x200.jpg\" alt=\"\" width=\"300\" height=\"200\" srcset=\"http:\/\/blog.meineigenerweg.de\/wp-content\/uploads\/2023\/02\/Furtwangen-07-300x200.jpg 300w, http:\/\/blog.meineigenerweg.de\/wp-content\/uploads\/2023\/02\/Furtwangen-07-768x512.jpg 768w, http:\/\/blog.meineigenerweg.de\/wp-content\/uploads\/2023\/02\/Furtwangen-07.jpg 1000w\" sizes=\"auto, (max-width: 300px) 100vw, 300px\" \/><\/a><\/p>\n<p>Hier gibt es auch die M\u00f6glichkeit einzukehren und sich f\u00fcr den R\u00fcckweg zu st\u00e4rken.<\/p>\n<p>&nbsp;<\/p>\n<p><em>Meine Wertung: <span style=\"color: #ff0000;\">****<\/span>* eine sch\u00f6ne Wanderung<\/em><br \/>\n<em>78120 Furtwangen im Schwarzwald (Brendturm)<\/em><\/p>\n","protected":false},"excerpt":{"rendered":"<p>Januar 2023 &nbsp; Kurz nach Neujahr starten wir eine \u02cbSentimental Journey\u00b4 in den Schwarzwald nach Furtwangen, wo wir vor vielen Jahren unsere erste gemeinsame Wohnung bezogen haben. Unterhalb des \u02cbBrends\u00b4, mit 1149 m die h\u00f6chste Erhebung oberhalb Furtwangens, haben wir in dem alten Gasthaus \u02cbGoldener Rabe\u00b4 \u00fcbernachtet. Hier ist die<\/p>\n","protected":false},"author":1,"featured_media":8639,"parent":3419,"menu_order":0,"comment_status":"closed","ping_status":"closed","template":"","meta":{"footnotes":""},"class_list":["post-8637","page","type-page","status-publish","has-post-thumbnail","hentry"],"_links":{"self":[{"href":"http:\/\/blog.meineigenerweg.de\/index.php?rest_route=\/wp\/v2\/pages\/8637","targetHints":{"allow":["GET"]}}],"collection":[{"href":"http:\/\/blog.meineigenerweg.de\/index.php?rest_route=\/wp\/v2\/pages"}],"about":[{"href":"http:\/\/blog.meineigenerweg.de\/index.php?rest_route=\/wp\/v2\/types\/page"}],"author":[{"embeddable":true,"href":"http:\/\/blog.meineigenerweg.de\/index.php?rest_route=\/wp\/v2\/users\/1"}],"replies":[{"embeddable":true,"href":"http:\/\/blog.meineigenerweg.de\/index.php?rest_route=%2Fwp%2Fv2%2Fcomments&post=8637"}],"version-history":[{"count":14,"href":"http:\/\/blog.meineigenerweg.de\/index.php?rest_route=\/wp\/v2\/pages\/8637\/revisions"}],"predecessor-version":[{"id":8688,"href":"http:\/\/blog.meineigenerweg.de\/index.php?rest_route=\/wp\/v2\/pages\/8637\/revisions\/8688"}],"up":[{"embeddable":true,"href":"http:\/\/blog.meineigenerweg.de\/index.php?rest_route=\/wp\/v2\/pages\/3419"}],"wp:featuredmedia":[{"embeddable":true,"href":"http:\/\/blog.meineigenerweg.de\/index.php?rest_route=\/wp\/v2\/media\/8639"}],"wp:attachment":[{"href":"http:\/\/blog.meineigenerweg.de\/index.php?rest_route=%2Fwp%2Fv2%2Fmedia&parent=8637"}],"curies":[{"name":"wp","href":"https:\/\/api.w.org\/{rel}","templated":true}]}}

<p>Januar 2023</p>
<p>&nbsp;</p>
<p>Kurz nach Neujahr starten wir eine ˋSentimental Journey´ in den Schwarzwald nach Furtwangen, wo wir vor vielen Jahren unsere erste gemeinsame Wohnung bezogen haben. Unterhalb des ˋBrends´, mit 1149 m die höchste Erhebung oberhalb Furtwangens, haben wir in dem alten Gasthaus ˋGoldener Rabe´ übernachtet. Hier ist die Zeit stehen geblieben, in der Gaststube dominiert der große Kachelofen, der mit Holz beheizt wird. Und die Schnitzel werden nach Hausfrauenart in der Pfanne gebraten und nicht frittiert – lecker!</p>
<p>Von dort aus geht der Wanderweg zuerst zum Brendturm.</p>
<p><a href="http://blog.meineigenerweg.de/wp-content/uploads/2023/02/Furtwangen-01.jpg"><img loading="lazy" decoding="async" class="alignnone size-medium wp-image-8642" src="http://blog.meineigenerweg.de/wp-content/uploads/2023/02/Furtwangen-01-300x200.jpg" alt="" width="300" height="200" srcset="http://blog.meineigenerweg.de/wp-content/uploads/2023/02/Furtwangen-01-300x200.jpg 300w, http://blog.meineigenerweg.de/wp-content/uploads/2023/02/Furtwangen-01-768x512.jpg 768w, http://blog.meineigenerweg.de/wp-content/uploads/2023/02/Furtwangen-01.jpg 1000w" sizes="auto, (max-width: 300px) 100vw, 300px" /></a></p>
<p>Im Sommer ist der Turm geöffnet, man kann ihn besteigen und die Aussicht in die umliegenden Täler genießen.<br />
Weiter geht es Richtung Donauquelle, im Morgennebel kommen wir uns vor wie im Zauberwald!</p>
<p><a href="http://blog.meineigenerweg.de/wp-content/uploads/2023/02/Furtwangen-03.jpg"><img loading="lazy" decoding="async" class="alignnone size-medium wp-image-8646" src="http://blog.meineigenerweg.de/wp-content/uploads/2023/02/Furtwangen-03-300x200.jpg" alt="" width="300" height="200" srcset="http://blog.meineigenerweg.de/wp-content/uploads/2023/02/Furtwangen-03-300x200.jpg 300w, http://blog.meineigenerweg.de/wp-content/uploads/2023/02/Furtwangen-03-768x512.jpg 768w, http://blog.meineigenerweg.de/wp-content/uploads/2023/02/Furtwangen-03.jpg 1000w" sizes="auto, (max-width: 300px) 100vw, 300px" /></a></p>
<p>Und mitten drin haben bereits vor 65 Millionen Jahren die Riesen mit Steinen gespielt. Im Laufe der Zeit sind die großen bemoosten Granitblöcke, die Günterfelsen, abgerundet.</p>
<p><a href="http://blog.meineigenerweg.de/wp-content/uploads/2023/02/Furtwangen-04.jpg"><img loading="lazy" decoding="async" class="alignnone size-medium wp-image-8648" src="http://blog.meineigenerweg.de/wp-content/uploads/2023/02/Furtwangen-04-300x200.jpg" alt="" width="300" height="200" srcset="http://blog.meineigenerweg.de/wp-content/uploads/2023/02/Furtwangen-04-300x200.jpg 300w, http://blog.meineigenerweg.de/wp-content/uploads/2023/02/Furtwangen-04-768x512.jpg 768w, http://blog.meineigenerweg.de/wp-content/uploads/2023/02/Furtwangen-04.jpg 1000w" sizes="auto, (max-width: 300px) 100vw, 300px" /></a></p>
<p>Und dann öffnet sich der Wald und wir blicken auf das Gebiet um die Donauquelle herum.</p>
<p><a href="http://blog.meineigenerweg.de/wp-content/uploads/2023/02/Furtwangen-05.jpg"><img loading="lazy" decoding="async" class="alignnone size-medium wp-image-8649" src="http://blog.meineigenerweg.de/wp-content/uploads/2023/02/Furtwangen-05-300x200.jpg" alt="" width="300" height="200" srcset="http://blog.meineigenerweg.de/wp-content/uploads/2023/02/Furtwangen-05-300x200.jpg 300w, http://blog.meineigenerweg.de/wp-content/uploads/2023/02/Furtwangen-05-768x512.jpg 768w, http://blog.meineigenerweg.de/wp-content/uploads/2023/02/Furtwangen-05.jpg 1000w" sizes="auto, (max-width: 300px) 100vw, 300px" /></a></p>
<p>Direkt an der Donauquelle, auf 1085 mtr Höhe, liegt die Martinskapelle. Es ist gut möglich, dass hier bereits um 800 nCh. ein Sakralbau stand. Erwähnungen gab es dann 915 und 1178 in einer päpstlichen Bulle. Ob mit dem Waldkirchlein aber wirklich die Martinskapelle gemeint war, ist nicht bewiesen.</p>
<p><a href="http://blog.meineigenerweg.de/wp-content/uploads/2023/02/Furtwangen-06.jpg"><img loading="lazy" decoding="async" class="alignnone size-medium wp-image-8651" src="http://blog.meineigenerweg.de/wp-content/uploads/2023/02/Furtwangen-06-300x200.jpg" alt="" width="300" height="200" srcset="http://blog.meineigenerweg.de/wp-content/uploads/2023/02/Furtwangen-06-300x200.jpg 300w, http://blog.meineigenerweg.de/wp-content/uploads/2023/02/Furtwangen-06-768x512.jpg 768w, http://blog.meineigenerweg.de/wp-content/uploads/2023/02/Furtwangen-06.jpg 1000w" sizes="auto, (max-width: 300px) 100vw, 300px" /></a></p>
<p>Ein paar Meter weiter ist dann auch die Donauquelle. Lange Jahre hat man ernsthaft darüber gestritten, wo denn nun tatsächlich die Donau entspringt. Es gibt zwei Quellflüsse, die Brigach, die in der Nähe von St. Georgen und die Breg, die hier oberhalb von Furtwangen entspringt. Zusammen kommen die beiden Quellflüsse in Donaueschingen. Jeder dieser Orte hat die Donauquelle für sich beansprucht. Intensive Messungen und Einfärbungen des Wassers haben letztendiglich ergeben, das der längste Arm und somit der Quellfluss hier in Furtwangen liegt.</p>
<p>Bewacht von Danuvius, dem römischen Flussgott der Donau, tritt hier etwas Wasser zutage, die Quelle des mit 2857 km zweitlängsten Flusses Europas.</p>
<p><a href="http://blog.meineigenerweg.de/wp-content/uploads/2023/02/Furtwangen-07.jpg"><img loading="lazy" decoding="async" class="alignnone size-medium wp-image-8654" src="http://blog.meineigenerweg.de/wp-content/uploads/2023/02/Furtwangen-07-300x200.jpg" alt="" width="300" height="200" srcset="http://blog.meineigenerweg.de/wp-content/uploads/2023/02/Furtwangen-07-300x200.jpg 300w, http://blog.meineigenerweg.de/wp-content/uploads/2023/02/Furtwangen-07-768x512.jpg 768w, http://blog.meineigenerweg.de/wp-content/uploads/2023/02/Furtwangen-07.jpg 1000w" sizes="auto, (max-width: 300px) 100vw, 300px" /></a></p>
<p>Hier gibt es auch die Möglichkeit einzukehren und sich für den Rückweg zu stärken.</p>
<p>&nbsp;</p>
<p><em>Meine Wertung: <span style="color: #ff0000;">****</span>* eine schöne Wanderung</em><br />
<em>78120 Furtwangen im Schwarzwald (Brendturm)</em></p>

<p>Januar 2023 &nbsp; Kurz nach Neujahr starten wir eine ˋSentimental Journey´ in den Schwarzwald nach Furtwangen, wo wir vor vielen Jahren unsere erste gemeinsame Wohnung bezogen haben. Unterhalb des ˋBrends´, mit 1149 m die höchste Erhebung oberhalb Furtwangens, haben wir in dem alten Gasthaus ˋGoldener Rabe´ übernachtet. Hier ist die</p>
