{"id":7826,"date":"2022-01-18T13:01:40","date_gmt":"2022-01-18T12:01:40","guid":{"rendered":"http:\/\/blog.meineigenerweg.de\/?page_id=7826"},"modified":"2022-01-24T23:27:20","modified_gmt":"2022-01-24T22:27:20","slug":"winterberg-bob-race","status":"publish","type":"page","link":"http:\/\/blog.meineigenerweg.de\/?page_id=7826","title":{"rendered":"Winterberg &#8211; Bob Race *****"},"content":{"rendered":"<p>Januar 2022<\/p>\n<p>W\u00e4hrend es unten im Tal in <span style=\"color: #0000ff;\"><a href=\"https:\/\/www.winterberg.de\" target=\"_blank\" rel=\"noopener noreferrer\"><span style=\"color: #0000ff;\"><span style=\"text-decoration: underline;\">Winterberg<\/span><\/span><\/a><\/span> tr\u00fcbe, grau und nebelig ist, scheint die Sonne hoch auf dem Kahlen Asten vom blauen Himmel auf jede Menge Schnee.<\/p>\n<p><a href=\"http:\/\/blog.meineigenerweg.de\/wp-content\/uploads\/2022\/01\/IMG_5877.jpg\"><img loading=\"lazy\" decoding=\"async\" class=\"alignnone size-medium wp-image-7830\" src=\"http:\/\/blog.meineigenerweg.de\/wp-content\/uploads\/2022\/01\/IMG_5877-300x200.jpg\" alt=\"\" width=\"300\" height=\"200\" srcset=\"http:\/\/blog.meineigenerweg.de\/wp-content\/uploads\/2022\/01\/IMG_5877-300x200.jpg 300w, http:\/\/blog.meineigenerweg.de\/wp-content\/uploads\/2022\/01\/IMG_5877-768x512.jpg 768w, http:\/\/blog.meineigenerweg.de\/wp-content\/uploads\/2022\/01\/IMG_5877.jpg 1000w\" sizes=\"auto, (max-width: 300px) 100vw, 300px\" \/><\/a><br \/>\nIm Ort schieben sich die Touristen durch die Stra\u00dfen, an den Skih\u00e4ngen ist das Gedr\u00e4ngel gro\u00df ist, aber etwas abseits der vollgeparkten Stra\u00dfen und Parkpl\u00e4tzen finden wir einsame Wege f\u00fcr einen Waldspaziergang. Der Schnee glitzert, immer wieder rutscht von den Tannen eine kleine Schneelawine.<br \/>\n<a href=\"http:\/\/blog.meineigenerweg.de\/wp-content\/uploads\/2022\/01\/IMG_5879.jpg\"><img loading=\"lazy\" decoding=\"async\" class=\"alignnone size-medium wp-image-7831\" src=\"http:\/\/blog.meineigenerweg.de\/wp-content\/uploads\/2022\/01\/IMG_5879-300x200.jpg\" alt=\"\" width=\"300\" height=\"200\" srcset=\"http:\/\/blog.meineigenerweg.de\/wp-content\/uploads\/2022\/01\/IMG_5879-300x200.jpg 300w, http:\/\/blog.meineigenerweg.de\/wp-content\/uploads\/2022\/01\/IMG_5879-768x512.jpg 768w, http:\/\/blog.meineigenerweg.de\/wp-content\/uploads\/2022\/01\/IMG_5879.jpg 1000w\" sizes=\"auto, (max-width: 300px) 100vw, 300px\" \/><\/a><\/p>\n<p>Der n\u00e4chste Tag ist wolkenverhangen und regnerisch. Vorsichtig bewegen wir uns morgens auf der spiegelglatten Stra\u00dfe. Von der Fahrt auf der <span style=\"color: #0000ff;\"><a href=\"https:\/\/www.olympic-bob-race.de\/olympic-bob-race\/infos-zur-bobbahn\/\" target=\"_blank\" rel=\"noopener noreferrer\"><span style=\"color: #0000ff;\"><span style=\"text-decoration: underline;\">Bob-WM-Strecke<\/span><\/span><\/a><\/span> h\u00e4lt mich das diesige Wetter aber nicht ab, und bald beginnt es sogar zu schneien. Die Bob-WM-Strecke ist 1600 mtr lang und zwischen Start und Ziel liegen 110 mtr H\u00f6henunterschied. Der Bahnrekord liegt bei 54,54 Sekunden, das entspricht ungef\u00e4hr 140 km\/h. Die K\u00fchlanlage, die die Bahn eisig h\u00e4lt, entspricht ungef\u00e4hr 2675 Haushaltsk\u00fchlschr\u00e4nken.<\/p>\n<div style=\"width: 960px;\" class=\"wp-video\"><video class=\"wp-video-shortcode\" id=\"video-7826-1\" width=\"960\" height=\"540\" preload=\"metadata\" controls=\"controls\"><source type=\"video\/mp4\" src=\"http:\/\/blog.meineigenerweg.de\/wp-content\/uploads\/2022\/01\/BobRace-klein.mp4?_=1\" \/><a href=\"http:\/\/blog.meineigenerweg.de\/wp-content\/uploads\/2022\/01\/BobRace-klein.mp4\">http:\/\/blog.meineigenerweg.de\/wp-content\/uploads\/2022\/01\/BobRace-klein.mp4<\/a><\/video><\/div>\n<p>&nbsp;<\/p>\n<p><em>Meine Wertung: <span style=\"color: #ff0000;\">*****<\/span>\u00a0tolles Erlebnis<\/em><br \/>\n<em>Buchenweg 52<\/em><br \/>\n<em>59955 Winterberg<\/em><\/p>\n","protected":false},"excerpt":{"rendered":"<p>Januar 2022 W\u00e4hrend es unten im Tal in Winterberg tr\u00fcbe, grau und nebelig ist, scheint die Sonne hoch auf dem Kahlen Asten vom blauen Himmel auf jede Menge Schnee. Im Ort schieben sich die Touristen durch die Stra\u00dfen, an den Skih\u00e4ngen ist das Gedr\u00e4ngel gro\u00df ist, aber etwas abseits der<\/p>\n","protected":false},"author":1,"featured_media":7829,"parent":3160,"menu_order":0,"comment_status":"closed","ping_status":"closed","template":"","meta":{"footnotes":""},"class_list":["post-7826","page","type-page","status-publish","has-post-thumbnail","hentry"],"_links":{"self":[{"href":"http:\/\/blog.meineigenerweg.de\/index.php?rest_route=\/wp\/v2\/pages\/7826","targetHints":{"allow":["GET"]}}],"collection":[{"href":"http:\/\/blog.meineigenerweg.de\/index.php?rest_route=\/wp\/v2\/pages"}],"about":[{"href":"http:\/\/blog.meineigenerweg.de\/index.php?rest_route=\/wp\/v2\/types\/page"}],"author":[{"embeddable":true,"href":"http:\/\/blog.meineigenerweg.de\/index.php?rest_route=\/wp\/v2\/users\/1"}],"replies":[{"embeddable":true,"href":"http:\/\/blog.meineigenerweg.de\/index.php?rest_route=%2Fwp%2Fv2%2Fcomments&post=7826"}],"version-history":[{"count":11,"href":"http:\/\/blog.meineigenerweg.de\/index.php?rest_route=\/wp\/v2\/pages\/7826\/revisions"}],"predecessor-version":[{"id":7847,"href":"http:\/\/blog.meineigenerweg.de\/index.php?rest_route=\/wp\/v2\/pages\/7826\/revisions\/7847"}],"up":[{"embeddable":true,"href":"http:\/\/blog.meineigenerweg.de\/index.php?rest_route=\/wp\/v2\/pages\/3160"}],"wp:featuredmedia":[{"embeddable":true,"href":"http:\/\/blog.meineigenerweg.de\/index.php?rest_route=\/wp\/v2\/media\/7829"}],"wp:attachment":[{"href":"http:\/\/blog.meineigenerweg.de\/index.php?rest_route=%2Fwp%2Fv2%2Fmedia&parent=7826"}],"curies":[{"name":"wp","href":"https:\/\/api.w.org\/{rel}","templated":true}]}}

<p>Januar 2022</p>
<p>Während es unten im Tal in <span style="color: #0000ff;"><a href="https://www.winterberg.de" target="_blank" rel="noopener noreferrer"><span style="color: #0000ff;"><span style="text-decoration: underline;">Winterberg</span></span></a></span> trübe, grau und nebelig ist, scheint die Sonne hoch auf dem Kahlen Asten vom blauen Himmel auf jede Menge Schnee.</p>
<p><a href="http://blog.meineigenerweg.de/wp-content/uploads/2022/01/IMG_5877.jpg"><img loading="lazy" decoding="async" class="alignnone size-medium wp-image-7830" src="http://blog.meineigenerweg.de/wp-content/uploads/2022/01/IMG_5877-300x200.jpg" alt="" width="300" height="200" srcset="http://blog.meineigenerweg.de/wp-content/uploads/2022/01/IMG_5877-300x200.jpg 300w, http://blog.meineigenerweg.de/wp-content/uploads/2022/01/IMG_5877-768x512.jpg 768w, http://blog.meineigenerweg.de/wp-content/uploads/2022/01/IMG_5877.jpg 1000w" sizes="auto, (max-width: 300px) 100vw, 300px" /></a><br />
Im Ort schieben sich die Touristen durch die Straßen, an den Skihängen ist das Gedrängel groß ist, aber etwas abseits der vollgeparkten Straßen und Parkplätzen finden wir einsame Wege für einen Waldspaziergang. Der Schnee glitzert, immer wieder rutscht von den Tannen eine kleine Schneelawine.<br />
<a href="http://blog.meineigenerweg.de/wp-content/uploads/2022/01/IMG_5879.jpg"><img loading="lazy" decoding="async" class="alignnone size-medium wp-image-7831" src="http://blog.meineigenerweg.de/wp-content/uploads/2022/01/IMG_5879-300x200.jpg" alt="" width="300" height="200" srcset="http://blog.meineigenerweg.de/wp-content/uploads/2022/01/IMG_5879-300x200.jpg 300w, http://blog.meineigenerweg.de/wp-content/uploads/2022/01/IMG_5879-768x512.jpg 768w, http://blog.meineigenerweg.de/wp-content/uploads/2022/01/IMG_5879.jpg 1000w" sizes="auto, (max-width: 300px) 100vw, 300px" /></a></p>
<p>Der nächste Tag ist wolkenverhangen und regnerisch. Vorsichtig bewegen wir uns morgens auf der spiegelglatten Straße. Von der Fahrt auf der <span style="color: #0000ff;"><a href="https://www.olympic-bob-race.de/olympic-bob-race/infos-zur-bobbahn/" target="_blank" rel="noopener noreferrer"><span style="color: #0000ff;"><span style="text-decoration: underline;">Bob-WM-Strecke</span></span></a></span> hält mich das diesige Wetter aber nicht ab, und bald beginnt es sogar zu schneien. Die Bob-WM-Strecke ist 1600 mtr lang und zwischen Start und Ziel liegen 110 mtr Höhenunterschied. Der Bahnrekord liegt bei 54,54 Sekunden, das entspricht ungefähr 140 km/h. Die Kühlanlage, die die Bahn eisig hält, entspricht ungefähr 2675 Haushaltskühlschränken.</p>
<div style="width: 960px;" class="wp-video"><video class="wp-video-shortcode" id="video-7826-1" width="960" height="540" preload="metadata" controls="controls"><source type="video/mp4" src="http://blog.meineigenerweg.de/wp-content/uploads/2022/01/BobRace-klein.mp4?_=1" /><a href="http://blog.meineigenerweg.de/wp-content/uploads/2022/01/BobRace-klein.mp4">http://blog.meineigenerweg.de/wp-content/uploads/2022/01/BobRace-klein.mp4</a></video></div>
<p>&nbsp;</p>
<p><em>Meine Wertung: <span style="color: #ff0000;">*****</span> tolles Erlebnis</em><br />
<em>Buchenweg 52</em><br />
<em>59955 Winterberg</em></p>

<p>Januar 2022 Während es unten im Tal in Winterberg trübe, grau und nebelig ist, scheint die Sonne hoch auf dem Kahlen Asten vom blauen Himmel auf jede Menge Schnee. Im Ort schieben sich die Touristen durch die Straßen, an den Skihängen ist das Gedrängel groß ist, aber etwas abseits der</p>
