{"id":7792,"date":"2022-01-06T14:55:06","date_gmt":"2022-01-06T13:55:06","guid":{"rendered":"http:\/\/blog.meineigenerweg.de\/?page_id=7792"},"modified":"2022-01-06T23:58:00","modified_gmt":"2022-01-06T22:58:00","slug":"dortmund-westfalenpark-parkleuchten","status":"publish","type":"page","link":"http:\/\/blog.meineigenerweg.de\/?page_id=7792","title":{"rendered":"Dortmund &#8211; Westfalenpark &#8211; Parkleuchten ***"},"content":{"rendered":"<p>Dezember 2021<\/p>\n<p>Heeee, du gehst in die falsche Richtung,<br \/>\nzum <span style=\"color: #0000ff;\"><a href=\"https:\/\/www.dortmund.de\/de\/freizeit_und_kultur\/westfalenpark_dortmund\/westfalenpark_vk\/event.jsp?eid=680704&amp;tid=680724\" target=\"_blank\" rel=\"noopener noreferrer\"><span style=\"color: #0000ff;\"><span style=\"text-decoration: underline;\">Parkleuchten<\/span><\/span><\/a><\/span> im <span style=\"color: #0000ff;\"><a href=\"https:\/\/www.dortmund.de\/de\/freizeit_und_kultur\/westfalenpark_dortmund\/start_westfalenpark\/index.html\" target=\"_blank\" rel=\"noopener noreferrer\"><span style=\"color: #0000ff;\"><span style=\"text-decoration: underline;\">Westfalenpark<\/span><\/span><\/a><\/span> geht es dort lang &#8230;<\/p>\n<p><a href=\"http:\/\/blog.meineigenerweg.de\/wp-content\/uploads\/2022\/01\/Z50_3329.jpg\"><img loading=\"lazy\" decoding=\"async\" class=\"alignnone size-medium wp-image-7795\" src=\"http:\/\/blog.meineigenerweg.de\/wp-content\/uploads\/2022\/01\/Z50_3329-300x200.jpg\" alt=\"\" width=\"300\" height=\"200\" srcset=\"http:\/\/blog.meineigenerweg.de\/wp-content\/uploads\/2022\/01\/Z50_3329-300x200.jpg 300w, http:\/\/blog.meineigenerweg.de\/wp-content\/uploads\/2022\/01\/Z50_3329-768x512.jpg 768w, http:\/\/blog.meineigenerweg.de\/wp-content\/uploads\/2022\/01\/Z50_3329.jpg 1000w\" sizes=\"auto, (max-width: 300px) 100vw, 300px\" \/><\/a><\/p>\n<p>Eine visuelle B\u00fchne f\u00fcr kleine T\u00e4nzer*innen<\/p>\n<p><a href=\"http:\/\/blog.meineigenerweg.de\/wp-content\/uploads\/2022\/01\/IMG_5362.jpg\"><img loading=\"lazy\" decoding=\"async\" class=\"alignnone size-medium wp-image-7794\" src=\"http:\/\/blog.meineigenerweg.de\/wp-content\/uploads\/2022\/01\/IMG_5362-300x200.jpg\" alt=\"\" width=\"300\" height=\"200\" srcset=\"http:\/\/blog.meineigenerweg.de\/wp-content\/uploads\/2022\/01\/IMG_5362-300x200.jpg 300w, http:\/\/blog.meineigenerweg.de\/wp-content\/uploads\/2022\/01\/IMG_5362-768x512.jpg 768w, http:\/\/blog.meineigenerweg.de\/wp-content\/uploads\/2022\/01\/IMG_5362.jpg 1000w\" sizes=\"auto, (max-width: 300px) 100vw, 300px\" \/><\/a><\/p>\n<p>Das hat mich sehr beeindruckt, ein leuchtendes Kornfeld mit \u00c4hren aus LEDs<\/p>\n<p><a href=\"http:\/\/blog.meineigenerweg.de\/wp-content\/uploads\/2022\/01\/Z50_3365.jpg\"><img loading=\"lazy\" decoding=\"async\" class=\"alignnone size-medium wp-image-7796\" src=\"http:\/\/blog.meineigenerweg.de\/wp-content\/uploads\/2022\/01\/Z50_3365-300x200.jpg\" alt=\"\" width=\"300\" height=\"200\" srcset=\"http:\/\/blog.meineigenerweg.de\/wp-content\/uploads\/2022\/01\/Z50_3365-300x200.jpg 300w, http:\/\/blog.meineigenerweg.de\/wp-content\/uploads\/2022\/01\/Z50_3365-768x512.jpg 768w, http:\/\/blog.meineigenerweg.de\/wp-content\/uploads\/2022\/01\/Z50_3365.jpg 1000w\" sizes=\"auto, (max-width: 300px) 100vw, 300px\" \/><\/a><\/p>\n<p>Man kann w\u00e4hrend einer gem\u00fctlichen Gondelfahrt die Lichterpracht von oben genie\u00dfen<\/p>\n<p><a href=\"http:\/\/blog.meineigenerweg.de\/wp-content\/uploads\/2022\/01\/Z50_3372.jpg\"><img loading=\"lazy\" decoding=\"async\" class=\"alignnone size-medium wp-image-7797\" src=\"http:\/\/blog.meineigenerweg.de\/wp-content\/uploads\/2022\/01\/Z50_3372-300x200.jpg\" alt=\"\" width=\"300\" height=\"200\" srcset=\"http:\/\/blog.meineigenerweg.de\/wp-content\/uploads\/2022\/01\/Z50_3372-300x200.jpg 300w, http:\/\/blog.meineigenerweg.de\/wp-content\/uploads\/2022\/01\/Z50_3372-768x512.jpg 768w, http:\/\/blog.meineigenerweg.de\/wp-content\/uploads\/2022\/01\/Z50_3372.jpg 1000w\" sizes=\"auto, (max-width: 300px) 100vw, 300px\" \/><\/a><\/p>\n<p>oder mit der Bimmelbahn durch den Park fahren (leider f\u00fchrt der gr\u00f6\u00dfte Teil der Strecke durch den unbeleuchteten dunklen Teil des Parks)<\/p>\n<p><a href=\"http:\/\/blog.meineigenerweg.de\/wp-content\/uploads\/2022\/01\/Z50_3417.jpg\"><img loading=\"lazy\" decoding=\"async\" class=\"alignnone size-medium wp-image-7799\" src=\"http:\/\/blog.meineigenerweg.de\/wp-content\/uploads\/2022\/01\/Z50_3417-300x200.jpg\" alt=\"\" width=\"300\" height=\"200\" srcset=\"http:\/\/blog.meineigenerweg.de\/wp-content\/uploads\/2022\/01\/Z50_3417-300x200.jpg 300w, http:\/\/blog.meineigenerweg.de\/wp-content\/uploads\/2022\/01\/Z50_3417-768x512.jpg 768w, http:\/\/blog.meineigenerweg.de\/wp-content\/uploads\/2022\/01\/Z50_3417.jpg 1000w\" sizes=\"auto, (max-width: 300px) 100vw, 300px\" \/><\/a><\/p>\n<p>&nbsp;<\/p>\n<p><em>Meine Wertung: <span style=\"color: #ff0000;\">***<span style=\"color: #000000;\">**<\/span><\/span>\u00a0sch\u00f6n f\u00fcr einen abendlichen Spaziergang<\/em><br \/>\n<em>(Aber Achtung, merkt euch gut woher ihr gekommen seit, wir haben uns im dunklen Park verlaufen und sind kreuz und quer geirrt, bis wir den Parkplatz wiedergefunden hatten)\u00a0<\/em><br \/>\n<em>An der Buschm\u00fchle 3<\/em><br \/>\n<em>44139 Dortmund<\/em><\/p>\n","protected":false},"excerpt":{"rendered":"<p>Dezember 2021 Heeee, du gehst in die falsche Richtung, zum Parkleuchten im Westfalenpark geht es dort lang &#8230; Eine visuelle B\u00fchne f\u00fcr kleine T\u00e4nzer*innen Das hat mich sehr beeindruckt, ein leuchtendes Kornfeld mit \u00c4hren aus LEDs Man kann w\u00e4hrend einer gem\u00fctlichen Gondelfahrt die Lichterpracht von oben genie\u00dfen oder mit der<\/p>\n","protected":false},"author":1,"featured_media":7798,"parent":1809,"menu_order":0,"comment_status":"closed","ping_status":"closed","template":"","meta":{"footnotes":""},"class_list":["post-7792","page","type-page","status-publish","has-post-thumbnail","hentry"],"_links":{"self":[{"href":"http:\/\/blog.meineigenerweg.de\/index.php?rest_route=\/wp\/v2\/pages\/7792","targetHints":{"allow":["GET"]}}],"collection":[{"href":"http:\/\/blog.meineigenerweg.de\/index.php?rest_route=\/wp\/v2\/pages"}],"about":[{"href":"http:\/\/blog.meineigenerweg.de\/index.php?rest_route=\/wp\/v2\/types\/page"}],"author":[{"embeddable":true,"href":"http:\/\/blog.meineigenerweg.de\/index.php?rest_route=\/wp\/v2\/users\/1"}],"replies":[{"embeddable":true,"href":"http:\/\/blog.meineigenerweg.de\/index.php?rest_route=%2Fwp%2Fv2%2Fcomments&post=7792"}],"version-history":[{"count":10,"href":"http:\/\/blog.meineigenerweg.de\/index.php?rest_route=\/wp\/v2\/pages\/7792\/revisions"}],"predecessor-version":[{"id":7813,"href":"http:\/\/blog.meineigenerweg.de\/index.php?rest_route=\/wp\/v2\/pages\/7792\/revisions\/7813"}],"up":[{"embeddable":true,"href":"http:\/\/blog.meineigenerweg.de\/index.php?rest_route=\/wp\/v2\/pages\/1809"}],"wp:featuredmedia":[{"embeddable":true,"href":"http:\/\/blog.meineigenerweg.de\/index.php?rest_route=\/wp\/v2\/media\/7798"}],"wp:attachment":[{"href":"http:\/\/blog.meineigenerweg.de\/index.php?rest_route=%2Fwp%2Fv2%2Fmedia&parent=7792"}],"curies":[{"name":"wp","href":"https:\/\/api.w.org\/{rel}","templated":true}]}}

<p>Dezember 2021</p>
<p>Heeee, du gehst in die falsche Richtung,<br />
zum <span style="color: #0000ff;"><a href="https://www.dortmund.de/de/freizeit_und_kultur/westfalenpark_dortmund/westfalenpark_vk/event.jsp?eid=680704&amp;tid=680724" target="_blank" rel="noopener noreferrer"><span style="color: #0000ff;"><span style="text-decoration: underline;">Parkleuchten</span></span></a></span> im <span style="color: #0000ff;"><a href="https://www.dortmund.de/de/freizeit_und_kultur/westfalenpark_dortmund/start_westfalenpark/index.html" target="_blank" rel="noopener noreferrer"><span style="color: #0000ff;"><span style="text-decoration: underline;">Westfalenpark</span></span></a></span> geht es dort lang &#8230;</p>
<p><a href="http://blog.meineigenerweg.de/wp-content/uploads/2022/01/Z50_3329.jpg"><img loading="lazy" decoding="async" class="alignnone size-medium wp-image-7795" src="http://blog.meineigenerweg.de/wp-content/uploads/2022/01/Z50_3329-300x200.jpg" alt="" width="300" height="200" srcset="http://blog.meineigenerweg.de/wp-content/uploads/2022/01/Z50_3329-300x200.jpg 300w, http://blog.meineigenerweg.de/wp-content/uploads/2022/01/Z50_3329-768x512.jpg 768w, http://blog.meineigenerweg.de/wp-content/uploads/2022/01/Z50_3329.jpg 1000w" sizes="auto, (max-width: 300px) 100vw, 300px" /></a></p>
<p>Eine visuelle Bühne für kleine Tänzer*innen</p>
<p><a href="http://blog.meineigenerweg.de/wp-content/uploads/2022/01/IMG_5362.jpg"><img loading="lazy" decoding="async" class="alignnone size-medium wp-image-7794" src="http://blog.meineigenerweg.de/wp-content/uploads/2022/01/IMG_5362-300x200.jpg" alt="" width="300" height="200" srcset="http://blog.meineigenerweg.de/wp-content/uploads/2022/01/IMG_5362-300x200.jpg 300w, http://blog.meineigenerweg.de/wp-content/uploads/2022/01/IMG_5362-768x512.jpg 768w, http://blog.meineigenerweg.de/wp-content/uploads/2022/01/IMG_5362.jpg 1000w" sizes="auto, (max-width: 300px) 100vw, 300px" /></a></p>
<p>Das hat mich sehr beeindruckt, ein leuchtendes Kornfeld mit Ähren aus LEDs</p>
<p><a href="http://blog.meineigenerweg.de/wp-content/uploads/2022/01/Z50_3365.jpg"><img loading="lazy" decoding="async" class="alignnone size-medium wp-image-7796" src="http://blog.meineigenerweg.de/wp-content/uploads/2022/01/Z50_3365-300x200.jpg" alt="" width="300" height="200" srcset="http://blog.meineigenerweg.de/wp-content/uploads/2022/01/Z50_3365-300x200.jpg 300w, http://blog.meineigenerweg.de/wp-content/uploads/2022/01/Z50_3365-768x512.jpg 768w, http://blog.meineigenerweg.de/wp-content/uploads/2022/01/Z50_3365.jpg 1000w" sizes="auto, (max-width: 300px) 100vw, 300px" /></a></p>
<p>Man kann während einer gemütlichen Gondelfahrt die Lichterpracht von oben genießen</p>
<p><a href="http://blog.meineigenerweg.de/wp-content/uploads/2022/01/Z50_3372.jpg"><img loading="lazy" decoding="async" class="alignnone size-medium wp-image-7797" src="http://blog.meineigenerweg.de/wp-content/uploads/2022/01/Z50_3372-300x200.jpg" alt="" width="300" height="200" srcset="http://blog.meineigenerweg.de/wp-content/uploads/2022/01/Z50_3372-300x200.jpg 300w, http://blog.meineigenerweg.de/wp-content/uploads/2022/01/Z50_3372-768x512.jpg 768w, http://blog.meineigenerweg.de/wp-content/uploads/2022/01/Z50_3372.jpg 1000w" sizes="auto, (max-width: 300px) 100vw, 300px" /></a></p>
<p>oder mit der Bimmelbahn durch den Park fahren (leider führt der größte Teil der Strecke durch den unbeleuchteten dunklen Teil des Parks)</p>
<p><a href="http://blog.meineigenerweg.de/wp-content/uploads/2022/01/Z50_3417.jpg"><img loading="lazy" decoding="async" class="alignnone size-medium wp-image-7799" src="http://blog.meineigenerweg.de/wp-content/uploads/2022/01/Z50_3417-300x200.jpg" alt="" width="300" height="200" srcset="http://blog.meineigenerweg.de/wp-content/uploads/2022/01/Z50_3417-300x200.jpg 300w, http://blog.meineigenerweg.de/wp-content/uploads/2022/01/Z50_3417-768x512.jpg 768w, http://blog.meineigenerweg.de/wp-content/uploads/2022/01/Z50_3417.jpg 1000w" sizes="auto, (max-width: 300px) 100vw, 300px" /></a></p>
<p>&nbsp;</p>
<p><em>Meine Wertung: <span style="color: #ff0000;">***<span style="color: #000000;">**</span></span> schön für einen abendlichen Spaziergang</em><br />
<em>(Aber Achtung, merkt euch gut woher ihr gekommen seit, wir haben uns im dunklen Park verlaufen und sind kreuz und quer geirrt, bis wir den Parkplatz wiedergefunden hatten) </em><br />
<em>An der Buschmühle 3</em><br />
<em>44139 Dortmund</em></p>

<p>Dezember 2021 Heeee, du gehst in die falsche Richtung, zum Parkleuchten im Westfalenpark geht es dort lang &#8230; Eine visuelle Bühne für kleine Tänzer*innen Das hat mich sehr beeindruckt, ein leuchtendes Kornfeld mit Ähren aus LEDs Man kann während einer gemütlichen Gondelfahrt die Lichterpracht von oben genießen oder mit der</p>
