{"id":7782,"date":"2022-01-11T13:49:07","date_gmt":"2022-01-11T12:49:07","guid":{"rendered":"http:\/\/blog.meineigenerweg.de\/?page_id=7782"},"modified":"2022-01-12T18:50:01","modified_gmt":"2022-01-12T17:50:01","slug":"neujahr-auf-dem-blauen","status":"publish","type":"page","link":"http:\/\/blog.meineigenerweg.de\/?page_id=7782","title":{"rendered":"Neujahr auf dem Blauen ****"},"content":{"rendered":"<p>Neujahr 2022<\/p>\n<p>Ach, wie sch\u00f6n! Am sp\u00e4ten Neujahrsmorgen sind wir bei sonnigem Wetter, bei einem Spaziergang im Schwarzwald, im <span style=\"color: #0000ff;\"><a href=\"https:\/\/www.berghaus-hochblauen.de\" target=\"_blank\" rel=\"noopener noreferrer\"><span style=\"color: #0000ff;\"><span style=\"text-decoration: underline;\">Berggasthof<\/span><\/span><\/a><\/span> auf dem <span style=\"color: #0000ff;\"><a href=\"https:\/\/www.schwarzwaldportal.com\/ausflugsziel-aussichtsturm-hochblauen.html\" target=\"_blank\" rel=\"noopener noreferrer\"><span style=\"color: #0000ff;\"><span style=\"text-decoration: underline;\">Blauen<\/span><\/span><\/a><\/span> (1165 mtr) gelandet. Bei Kaffee und Kuchen und warmer Wintersonne haben wir einen fantastischen Fernblick \u00fcber die mit Nebel gef\u00fcllten T\u00e4ler des Schwarzwald bis hin zu den Schweizer Alpen.<\/p>\n<p><a href=\"http:\/\/blog.meineigenerweg.de\/wp-content\/uploads\/2022\/01\/DCF31852-976E-4E0D-BE94-2DC67A6A9532-scaled.jpeg\"><img loading=\"lazy\" decoding=\"async\" class=\"alignnone size-medium wp-image-7784\" src=\"http:\/\/blog.meineigenerweg.de\/wp-content\/uploads\/2022\/01\/DCF31852-976E-4E0D-BE94-2DC67A6A9532-300x200.jpeg\" alt=\"\" width=\"300\" height=\"200\" srcset=\"http:\/\/blog.meineigenerweg.de\/wp-content\/uploads\/2022\/01\/DCF31852-976E-4E0D-BE94-2DC67A6A9532-300x200.jpeg 300w, http:\/\/blog.meineigenerweg.de\/wp-content\/uploads\/2022\/01\/DCF31852-976E-4E0D-BE94-2DC67A6A9532-1024x683.jpeg 1024w, http:\/\/blog.meineigenerweg.de\/wp-content\/uploads\/2022\/01\/DCF31852-976E-4E0D-BE94-2DC67A6A9532-768x512.jpeg 768w, http:\/\/blog.meineigenerweg.de\/wp-content\/uploads\/2022\/01\/DCF31852-976E-4E0D-BE94-2DC67A6A9532-1536x1024.jpeg 1536w, http:\/\/blog.meineigenerweg.de\/wp-content\/uploads\/2022\/01\/DCF31852-976E-4E0D-BE94-2DC67A6A9532-2048x1365.jpeg 2048w\" sizes=\"auto, (max-width: 300px) 100vw, 300px\" \/><\/a><\/p>\n<p>&nbsp;<\/p>\n<p><em>Meine Wertung: <span style=\"color: #ff0000;\">****<\/span>* toller Ausflug<\/em><br \/>\n<em>Hochblauen 1<\/em><br \/>\n<em>79418 Schliengen<\/em><\/p>\n","protected":false},"excerpt":{"rendered":"<p>Neujahr 2022 Ach, wie sch\u00f6n! Am sp\u00e4ten Neujahrsmorgen sind wir bei sonnigem Wetter, bei einem Spaziergang im Schwarzwald, im Berggasthof auf dem Blauen (1165 mtr) gelandet. Bei Kaffee und Kuchen und warmer Wintersonne haben wir einen fantastischen Fernblick \u00fcber die mit Nebel gef\u00fcllten T\u00e4ler des Schwarzwald bis hin zu den<\/p>\n","protected":false},"author":1,"featured_media":7819,"parent":3419,"menu_order":0,"comment_status":"closed","ping_status":"closed","template":"","meta":{"footnotes":""},"class_list":["post-7782","page","type-page","status-publish","has-post-thumbnail","hentry"],"_links":{"self":[{"href":"http:\/\/blog.meineigenerweg.de\/index.php?rest_route=\/wp\/v2\/pages\/7782","targetHints":{"allow":["GET"]}}],"collection":[{"href":"http:\/\/blog.meineigenerweg.de\/index.php?rest_route=\/wp\/v2\/pages"}],"about":[{"href":"http:\/\/blog.meineigenerweg.de\/index.php?rest_route=\/wp\/v2\/types\/page"}],"author":[{"embeddable":true,"href":"http:\/\/blog.meineigenerweg.de\/index.php?rest_route=\/wp\/v2\/users\/1"}],"replies":[{"embeddable":true,"href":"http:\/\/blog.meineigenerweg.de\/index.php?rest_route=%2Fwp%2Fv2%2Fcomments&post=7782"}],"version-history":[{"count":7,"href":"http:\/\/blog.meineigenerweg.de\/index.php?rest_route=\/wp\/v2\/pages\/7782\/revisions"}],"predecessor-version":[{"id":7825,"href":"http:\/\/blog.meineigenerweg.de\/index.php?rest_route=\/wp\/v2\/pages\/7782\/revisions\/7825"}],"up":[{"embeddable":true,"href":"http:\/\/blog.meineigenerweg.de\/index.php?rest_route=\/wp\/v2\/pages\/3419"}],"wp:featuredmedia":[{"embeddable":true,"href":"http:\/\/blog.meineigenerweg.de\/index.php?rest_route=\/wp\/v2\/media\/7819"}],"wp:attachment":[{"href":"http:\/\/blog.meineigenerweg.de\/index.php?rest_route=%2Fwp%2Fv2%2Fmedia&parent=7782"}],"curies":[{"name":"wp","href":"https:\/\/api.w.org\/{rel}","templated":true}]}}

<p>Neujahr 2022</p>
<p>Ach, wie schön! Am späten Neujahrsmorgen sind wir bei sonnigem Wetter, bei einem Spaziergang im Schwarzwald, im <span style="color: #0000ff;"><a href="https://www.berghaus-hochblauen.de" target="_blank" rel="noopener noreferrer"><span style="color: #0000ff;"><span style="text-decoration: underline;">Berggasthof</span></span></a></span> auf dem <span style="color: #0000ff;"><a href="https://www.schwarzwaldportal.com/ausflugsziel-aussichtsturm-hochblauen.html" target="_blank" rel="noopener noreferrer"><span style="color: #0000ff;"><span style="text-decoration: underline;">Blauen</span></span></a></span> (1165 mtr) gelandet. Bei Kaffee und Kuchen und warmer Wintersonne haben wir einen fantastischen Fernblick über die mit Nebel gefüllten Täler des Schwarzwald bis hin zu den Schweizer Alpen.</p>
<p><a href="http://blog.meineigenerweg.de/wp-content/uploads/2022/01/DCF31852-976E-4E0D-BE94-2DC67A6A9532-scaled.jpeg"><img loading="lazy" decoding="async" class="alignnone size-medium wp-image-7784" src="http://blog.meineigenerweg.de/wp-content/uploads/2022/01/DCF31852-976E-4E0D-BE94-2DC67A6A9532-300x200.jpeg" alt="" width="300" height="200" srcset="http://blog.meineigenerweg.de/wp-content/uploads/2022/01/DCF31852-976E-4E0D-BE94-2DC67A6A9532-300x200.jpeg 300w, http://blog.meineigenerweg.de/wp-content/uploads/2022/01/DCF31852-976E-4E0D-BE94-2DC67A6A9532-1024x683.jpeg 1024w, http://blog.meineigenerweg.de/wp-content/uploads/2022/01/DCF31852-976E-4E0D-BE94-2DC67A6A9532-768x512.jpeg 768w, http://blog.meineigenerweg.de/wp-content/uploads/2022/01/DCF31852-976E-4E0D-BE94-2DC67A6A9532-1536x1024.jpeg 1536w, http://blog.meineigenerweg.de/wp-content/uploads/2022/01/DCF31852-976E-4E0D-BE94-2DC67A6A9532-2048x1365.jpeg 2048w" sizes="auto, (max-width: 300px) 100vw, 300px" /></a></p>
<p>&nbsp;</p>
<p><em>Meine Wertung: <span style="color: #ff0000;">****</span>* toller Ausflug</em><br />
<em>Hochblauen 1</em><br />
<em>79418 Schliengen</em></p>

<p>Neujahr 2022 Ach, wie schön! Am späten Neujahrsmorgen sind wir bei sonnigem Wetter, bei einem Spaziergang im Schwarzwald, im Berggasthof auf dem Blauen (1165 mtr) gelandet. Bei Kaffee und Kuchen und warmer Wintersonne haben wir einen fantastischen Fernblick über die mit Nebel gefüllten Täler des Schwarzwald bis hin zu den</p>
