{"id":7702,"date":"2021-11-05T22:32:58","date_gmt":"2021-11-05T21:32:58","guid":{"rendered":"http:\/\/blog.meineigenerweg.de\/?page_id=7702"},"modified":"2021-11-30T11:43:02","modified_gmt":"2021-11-30T10:43:02","slug":"muengster-bruecke","status":"publish","type":"page","link":"http:\/\/blog.meineigenerweg.de\/?page_id=7702","title":{"rendered":"M\u00fcngstener Br\u00fccke &#8211; Br\u00fcckensteig *****"},"content":{"rendered":"<p>Oktober 2021<\/p>\n<p>&nbsp;<\/p>\n<p>Wir wollten das sch\u00f6ne Wetter und den goldenen Oktober nutzen und noch ein bisschen Entspannung und Abenteuer finden. Unser Ziel war gar nicht so weit entfernt, die M\u00fcngstener Br\u00fccke in der N\u00e4he von Solingen. Und da dr\u00e4ngt sich schon die Frage auf, was ist an der M\u00fcngstener Br\u00fccke so besonders. Zum einen ist sie die h\u00f6chste Eisenbahnbr\u00fccke Deutschlands und zum anderen kann man sie seit ein paar Wochen besteigen. Das h\u00f6rt sich spannend an.<\/p>\n<p>Wir sind mit dem Wohnmobil gefahren und haben einen sch\u00f6nen Stellplatz in Solingen &#8211; Gl\u00fcder gefunden. Sehr sch\u00f6n an der Wupper gelegen, leider waren die Stellpl\u00e4tze direkt am Flu\u00df, ob des Hochwassers von ein paar Wochen, noch nicht nutzbar.<\/p>\n<p>So haben wir es uns gew\u00fcnscht, ein sch\u00f6ner Stellplatz, Sonnenschein und Morgennebel \u00fcber der Wupper.<\/p>\n<p><a href=\"http:\/\/blog.meineigenerweg.de\/wp-content\/uploads\/2021\/10\/IMG_4480.jpg\"><img loading=\"lazy\" decoding=\"async\" class=\"alignnone size-medium wp-image-7716\" src=\"http:\/\/blog.meineigenerweg.de\/wp-content\/uploads\/2021\/10\/IMG_4480-300x200.jpg\" alt=\"\" width=\"300\" height=\"200\" srcset=\"http:\/\/blog.meineigenerweg.de\/wp-content\/uploads\/2021\/10\/IMG_4480-300x200.jpg 300w, http:\/\/blog.meineigenerweg.de\/wp-content\/uploads\/2021\/10\/IMG_4480-768x512.jpg 768w, http:\/\/blog.meineigenerweg.de\/wp-content\/uploads\/2021\/10\/IMG_4480.jpg 1000w\" sizes=\"auto, (max-width: 300px) 100vw, 300px\" \/><\/a><\/p>\n<p>&nbsp;<\/p>\n<h6>Schloss Burg<\/h6>\n<p>Einen sch\u00f6nen Tag muss man einfach mit einer sch\u00f6nen Radtour kr\u00f6nen. Wir fahren einfach los, soweit es geht, direkt an der Wupper entlang. Es gestaltet sich teilweise ein wenig schwierig, da einige Uferweg noch unter den Folgen des Hochwassers leiden und nicht befahrbar sind. Wir fahren ohne bestimmtes Ziel los, der Weg f\u00fchrt durch den herbstlichen Wald und pl\u00f6tzlich sind wir in Unterburg. Ein kleines verschlafenes \u00d6rtchen mit einer Besonderheit, eine alte kleine Seilbahn f\u00fchrt \u00fcber die Wupper hinauf nach\u00a0Schloss Burg.<\/p>\n<p><a href=\"http:\/\/blog.meineigenerweg.de\/wp-content\/uploads\/2021\/10\/IMG_4451.jpg\"><img loading=\"lazy\" decoding=\"async\" class=\"alignnone size-medium wp-image-7717\" src=\"http:\/\/blog.meineigenerweg.de\/wp-content\/uploads\/2021\/10\/IMG_4451-300x200.jpg\" alt=\"\" width=\"300\" height=\"200\" srcset=\"http:\/\/blog.meineigenerweg.de\/wp-content\/uploads\/2021\/10\/IMG_4451-300x200.jpg 300w, http:\/\/blog.meineigenerweg.de\/wp-content\/uploads\/2021\/10\/IMG_4451-768x512.jpg 768w, http:\/\/blog.meineigenerweg.de\/wp-content\/uploads\/2021\/10\/IMG_4451.jpg 1000w\" sizes=\"auto, (max-width: 300px) 100vw, 300px\" \/><\/a><\/p>\n<p><a href=\"http:\/\/blog.meineigenerweg.de\/wp-content\/uploads\/2021\/10\/IMG_4458.jpg\"><img loading=\"lazy\" decoding=\"async\" class=\"alignnone size-medium wp-image-7720\" src=\"http:\/\/blog.meineigenerweg.de\/wp-content\/uploads\/2021\/10\/IMG_4458-300x200.jpg\" alt=\"\" width=\"300\" height=\"200\" srcset=\"http:\/\/blog.meineigenerweg.de\/wp-content\/uploads\/2021\/10\/IMG_4458-300x200.jpg 300w, http:\/\/blog.meineigenerweg.de\/wp-content\/uploads\/2021\/10\/IMG_4458-768x512.jpg 768w, http:\/\/blog.meineigenerweg.de\/wp-content\/uploads\/2021\/10\/IMG_4458.jpg 1000w\" sizes=\"auto, (max-width: 300px) 100vw, 300px\" \/><\/a><\/p>\n<p><a href=\"http:\/\/blog.meineigenerweg.de\/wp-content\/uploads\/2021\/10\/IMG_4453.jpg\"><img loading=\"lazy\" decoding=\"async\" class=\"alignnone size-medium wp-image-7718\" src=\"http:\/\/blog.meineigenerweg.de\/wp-content\/uploads\/2021\/10\/IMG_4453-300x200.jpg\" alt=\"\" width=\"300\" height=\"200\" srcset=\"http:\/\/blog.meineigenerweg.de\/wp-content\/uploads\/2021\/10\/IMG_4453-300x200.jpg 300w, http:\/\/blog.meineigenerweg.de\/wp-content\/uploads\/2021\/10\/IMG_4453-768x512.jpg 768w, http:\/\/blog.meineigenerweg.de\/wp-content\/uploads\/2021\/10\/IMG_4453.jpg 1000w\" sizes=\"auto, (max-width: 300px) 100vw, 300px\" \/><\/a><\/p>\n<p>Schloss Burg ist ein sehr beliebtes Ausflugsziel, man kann die Burg besichtigen, Kunsthandwerk und f\u00fcr die Kinder Holzschwerter kaufen. Es gibt ein paar Restaurants, die die ber\u00fchmte Westf\u00e4lische Kaffeetafel&#8220; anbieten, eine Kombination aus Pumpernickel und butterweichem Stuten mit Schinken und K\u00e4se und Marmelade, aber auch Kuchen Torte und jede Menge Kaffee geh\u00f6ren dazu. Das war mit entschieden zu viel und so begn\u00fcgte ich mich mit einer Waffeln mit Kirschen, Sahne und Milchreis.<\/p>\n<p><a href=\"http:\/\/blog.meineigenerweg.de\/wp-content\/uploads\/2021\/10\/e52050ec-128c-41f2-a8ca-8d65690807ae.jpg\"><img loading=\"lazy\" decoding=\"async\" class=\"alignnone size-medium wp-image-7719\" src=\"http:\/\/blog.meineigenerweg.de\/wp-content\/uploads\/2021\/10\/e52050ec-128c-41f2-a8ca-8d65690807ae-300x200.jpg\" alt=\"\" width=\"300\" height=\"200\" srcset=\"http:\/\/blog.meineigenerweg.de\/wp-content\/uploads\/2021\/10\/e52050ec-128c-41f2-a8ca-8d65690807ae-300x200.jpg 300w, http:\/\/blog.meineigenerweg.de\/wp-content\/uploads\/2021\/10\/e52050ec-128c-41f2-a8ca-8d65690807ae-768x512.jpg 768w, http:\/\/blog.meineigenerweg.de\/wp-content\/uploads\/2021\/10\/e52050ec-128c-41f2-a8ca-8d65690807ae.jpg 1000w\" sizes=\"auto, (max-width: 300px) 100vw, 300px\" \/><\/a><\/p>\n<p>&nbsp;<\/p>\n<h6>M\u00fcngstener Br\u00fccke<\/h6>\n<p>Mit 107 mtr ist sie die h\u00f6chste Eisenbahnbr\u00fccke Deutschlands, \u00fcberspannt mit einer L\u00e4nge von 465 das Tal der Wupper und verbindet die beiden St\u00e4dte Solingen und Remscheid. Die <span style=\"color: #0000ff;\"><a href=\"https:\/\/de.wikipedia.org\/wiki\/M\u00fcngstener_Br\u00fccke\" target=\"_blank\" rel=\"noopener noreferrer\"><span style=\"color: #0000ff;\"><span style=\"text-decoration: underline;\">M\u00fcngstener Br\u00fccke<\/span><\/span><\/a><\/span> wurde 1897 fertiggestellt und ist \u00e4hnlich wie der Pariser Eifelturm eine reine Stahlkonstruktion. \u00dcber 5.000 Tonnen Stahl wurden verbaut und zusammengehalten wird sie durch \u00fcber 950.000 Nieten. Die letzte Niete die eingeschlagen wurde war angeblich eine goldene. Bis heute hat sie niemand gefunden.<\/p>\n<p>Eigentlich wollten die deutschen Ingenieure ja nur beweisen, das sie es besser k\u00f6nnen als die Franzosen, die 1889 den Eifelturm mit 324 mtr H\u00f6he gebaut haben. Einfach nur h\u00f6her war ihnen jedoch zu einfach, deshalb entstand die Idee zu dieser beeindruckenden Br\u00fccke.<\/p>\n<p><a href=\"http:\/\/blog.meineigenerweg.de\/wp-content\/uploads\/2021\/10\/IMG_4484.jpg\"><img loading=\"lazy\" decoding=\"async\" class=\"alignnone size-medium wp-image-7704\" src=\"http:\/\/blog.meineigenerweg.de\/wp-content\/uploads\/2021\/10\/IMG_4484-300x200.jpg\" alt=\"\" width=\"300\" height=\"200\" srcset=\"http:\/\/blog.meineigenerweg.de\/wp-content\/uploads\/2021\/10\/IMG_4484-300x200.jpg 300w, http:\/\/blog.meineigenerweg.de\/wp-content\/uploads\/2021\/10\/IMG_4484-768x512.jpg 768w, http:\/\/blog.meineigenerweg.de\/wp-content\/uploads\/2021\/10\/IMG_4484.jpg 1000w\" sizes=\"auto, (max-width: 300px) 100vw, 300px\" \/><\/a><\/p>\n<p>Seit einigen Wochen gibt es den <span style=\"color: #0000ff;\"><a href=\"https:\/\/www.brueckensteig.de\/\" target=\"_blank\" rel=\"noopener noreferrer\"><span style=\"color: #0000ff;\"><span style=\"text-decoration: underline;\">Br\u00fcckensteig<\/span><\/span><\/a><\/span> \u00fcber den man die Br\u00fccke besteigen kann, angeseilt, \u00fcber Leitern und Treppen und immer gut gesichert.<\/p>\n<p>Nach dem Check In und einigen Sicherheitshinweisen gingen wir zum \u201eEinkleiden\u201c, jeder bekam einen professionellen Klettergurt mit Klettersteigausr\u00fcstung und einem besonderen Sicherheitskarabiner.<\/p>\n<p><a href=\"http:\/\/blog.meineigenerweg.de\/wp-content\/uploads\/2021\/10\/Z50_3067.jpg\"><img loading=\"lazy\" decoding=\"async\" class=\"alignnone size-medium wp-image-7705\" src=\"http:\/\/blog.meineigenerweg.de\/wp-content\/uploads\/2021\/10\/Z50_3067-300x200.jpg\" alt=\"\" width=\"300\" height=\"200\" srcset=\"http:\/\/blog.meineigenerweg.de\/wp-content\/uploads\/2021\/10\/Z50_3067-300x200.jpg 300w, http:\/\/blog.meineigenerweg.de\/wp-content\/uploads\/2021\/10\/Z50_3067-768x512.jpg 768w, http:\/\/blog.meineigenerweg.de\/wp-content\/uploads\/2021\/10\/Z50_3067.jpg 1000w\" sizes=\"auto, (max-width: 300px) 100vw, 300px\" \/><\/a><\/p>\n<p>So ausger\u00fcstet und einem Sturzhelm auf dem Kopf ging es noch 10 Minuten durch den Wald, begleitet von neugierigen Blicken der entgegenkommenden Wanderer.<\/p>\n<p>Am Fu\u00df des Br\u00fcckenbogens mussten wir noch \u00fcber eine paar Leitern klettern und dann hatten wir den Startpunkt erreicht. Mit dem Spezialkarabiner klinkten wir uns in das Sicherheitsseil ein, und dann ging\u2019s los!<\/p>\n<p>\u00dcber extrem steile Stiegen und Treppen ging es Stufe f\u00fcr Stufe den Br\u00fcckenbogen hinauf. Bei dem tollen Wetter und der herbstlichen F\u00e4rbung der W\u00e4lder, war die Aussicht \u00fcber das weite Tal sehr spektakul\u00e4r. Ab und zu brauste eine S-Bahn \u00fcber die Br\u00fccke, man h\u00f6rte es laut rumpeln und sp\u00fcrte eine leichte Vibration.<\/p>\n<p><a href=\"http:\/\/blog.meineigenerweg.de\/wp-content\/uploads\/2021\/10\/Z50_3030.jpg\"><img loading=\"lazy\" decoding=\"async\" class=\"alignnone size-medium wp-image-7713\" src=\"http:\/\/blog.meineigenerweg.de\/wp-content\/uploads\/2021\/10\/Z50_3030-300x200.jpg\" alt=\"\" width=\"300\" height=\"200\" srcset=\"http:\/\/blog.meineigenerweg.de\/wp-content\/uploads\/2021\/10\/Z50_3030-300x200.jpg 300w, http:\/\/blog.meineigenerweg.de\/wp-content\/uploads\/2021\/10\/Z50_3030-768x512.jpg 768w, http:\/\/blog.meineigenerweg.de\/wp-content\/uploads\/2021\/10\/Z50_3030.jpg 1000w\" sizes=\"auto, (max-width: 300px) 100vw, 300px\" \/><\/a><\/p>\n<p><a href=\"http:\/\/blog.meineigenerweg.de\/wp-content\/uploads\/2021\/10\/Z50_2957.jpg\"><img loading=\"lazy\" decoding=\"async\" class=\"alignnone size-medium wp-image-7706\" src=\"http:\/\/blog.meineigenerweg.de\/wp-content\/uploads\/2021\/10\/Z50_2957-300x200.jpg\" alt=\"\" width=\"300\" height=\"200\" srcset=\"http:\/\/blog.meineigenerweg.de\/wp-content\/uploads\/2021\/10\/Z50_2957-300x200.jpg 300w, http:\/\/blog.meineigenerweg.de\/wp-content\/uploads\/2021\/10\/Z50_2957-768x512.jpg 768w, http:\/\/blog.meineigenerweg.de\/wp-content\/uploads\/2021\/10\/Z50_2957.jpg 1000w\" sizes=\"auto, (max-width: 300px) 100vw, 300px\" \/><\/a><\/p>\n<p>Am obersten Punkt des Br\u00fcckenbogens in \u00fcber 100 mtr H\u00f6he war es beim Blick nach Unten schon ein beruhigendes Gef\u00fchl angeseilt zu sein.<\/p>\n<p><a href=\"http:\/\/blog.meineigenerweg.de\/wp-content\/uploads\/2021\/10\/Z50_2986.jpg\"><img loading=\"lazy\" decoding=\"async\" class=\"alignnone size-medium wp-image-7709\" src=\"http:\/\/blog.meineigenerweg.de\/wp-content\/uploads\/2021\/10\/Z50_2986-300x200.jpg\" alt=\"\" width=\"300\" height=\"200\" srcset=\"http:\/\/blog.meineigenerweg.de\/wp-content\/uploads\/2021\/10\/Z50_2986-300x200.jpg 300w, http:\/\/blog.meineigenerweg.de\/wp-content\/uploads\/2021\/10\/Z50_2986-768x512.jpg 768w, http:\/\/blog.meineigenerweg.de\/wp-content\/uploads\/2021\/10\/Z50_2986.jpg 1000w\" sizes=\"auto, (max-width: 300px) 100vw, 300px\" \/><\/a><\/p>\n<p><a href=\"http:\/\/blog.meineigenerweg.de\/wp-content\/uploads\/2021\/10\/04ac3309-f31f-4526-a23c-9b43120d380c.jpg\"><img loading=\"lazy\" decoding=\"async\" class=\"alignnone size-medium wp-image-7707\" src=\"http:\/\/blog.meineigenerweg.de\/wp-content\/uploads\/2021\/10\/04ac3309-f31f-4526-a23c-9b43120d380c-300x200.jpg\" alt=\"\" width=\"300\" height=\"200\" srcset=\"http:\/\/blog.meineigenerweg.de\/wp-content\/uploads\/2021\/10\/04ac3309-f31f-4526-a23c-9b43120d380c-300x200.jpg 300w, http:\/\/blog.meineigenerweg.de\/wp-content\/uploads\/2021\/10\/04ac3309-f31f-4526-a23c-9b43120d380c-768x512.jpg 768w, http:\/\/blog.meineigenerweg.de\/wp-content\/uploads\/2021\/10\/04ac3309-f31f-4526-a23c-9b43120d380c.jpg 1000w\" sizes=\"auto, (max-width: 300px) 100vw, 300px\" \/><\/a><\/p>\n<p>Hier kam der spektakul\u00e4rste Punkt der Tour, denn zum Abstieg musste man auf die andere Seite der Br\u00fccke wechseln. Es gab eine kleinen \u00dcbergang und man musste \u00fcber ein nach unten durchsichtiges Gitterrost \u201eentspannt\u201c auf die andere Seite gehen. F\u00fcr die ganz mutigen gab es einen 15 cm breiten Stahltr\u00e4ger \u00fcber den man die Seite wechseln konnte. Solange man nach vorne schaut, sieht es gar nicht so schlimm aus, aber wenn man den Blick nach unten wendet, ist es schon atemberaubend.<\/p>\n<p><a href=\"http:\/\/blog.meineigenerweg.de\/wp-content\/uploads\/2021\/10\/35.jpg\"><img loading=\"lazy\" decoding=\"async\" class=\"alignnone size-medium wp-image-7708\" src=\"http:\/\/blog.meineigenerweg.de\/wp-content\/uploads\/2021\/10\/35-300x200.jpg\" alt=\"\" width=\"300\" height=\"200\" srcset=\"http:\/\/blog.meineigenerweg.de\/wp-content\/uploads\/2021\/10\/35-300x200.jpg 300w, http:\/\/blog.meineigenerweg.de\/wp-content\/uploads\/2021\/10\/35-768x512.jpg 768w, http:\/\/blog.meineigenerweg.de\/wp-content\/uploads\/2021\/10\/35.jpg 1000w\" sizes=\"auto, (max-width: 300px) 100vw, 300px\" \/><\/a><\/p>\n<p><a href=\"http:\/\/blog.meineigenerweg.de\/wp-content\/uploads\/2021\/10\/Z50_3018.jpg\"><img loading=\"lazy\" decoding=\"async\" class=\"alignnone size-medium wp-image-7710\" src=\"http:\/\/blog.meineigenerweg.de\/wp-content\/uploads\/2021\/10\/Z50_3018-300x200.jpg\" alt=\"\" width=\"300\" height=\"200\" srcset=\"http:\/\/blog.meineigenerweg.de\/wp-content\/uploads\/2021\/10\/Z50_3018-300x200.jpg 300w, http:\/\/blog.meineigenerweg.de\/wp-content\/uploads\/2021\/10\/Z50_3018-768x512.jpg 768w, http:\/\/blog.meineigenerweg.de\/wp-content\/uploads\/2021\/10\/Z50_3018.jpg 1000w\" sizes=\"auto, (max-width: 300px) 100vw, 300px\" \/><\/a><\/p>\n<p>Und dann ging es leider auch schon wieder Bergab oder treffender Br\u00fcckab.<\/p>\n<p><a href=\"http:\/\/blog.meineigenerweg.de\/wp-content\/uploads\/2021\/10\/Z50_3032.jpg\"><img loading=\"lazy\" decoding=\"async\" class=\"alignnone size-medium wp-image-7712\" src=\"http:\/\/blog.meineigenerweg.de\/wp-content\/uploads\/2021\/10\/Z50_3032-300x200.jpg\" alt=\"\" width=\"300\" height=\"200\" srcset=\"http:\/\/blog.meineigenerweg.de\/wp-content\/uploads\/2021\/10\/Z50_3032-300x200.jpg 300w, http:\/\/blog.meineigenerweg.de\/wp-content\/uploads\/2021\/10\/Z50_3032-768x512.jpg 768w, http:\/\/blog.meineigenerweg.de\/wp-content\/uploads\/2021\/10\/Z50_3032.jpg 1000w\" sizes=\"auto, (max-width: 300px) 100vw, 300px\" \/><\/a><\/p>\n<p>Ein tolles spannendes Erlebnis und nach dem Ablegen der Kletterausr\u00fcstung gab es im Restaurant nebenan eine wohlverdiente St\u00e4rkung.<\/p>\n<p>&nbsp;<\/p>\n<p><em>Meine Wertung: <span style=\"color: #ff0000;\">*****<\/span> top \u2026 wenn man keine H\u00f6henangst hat<\/em><br \/>\n<em>M\u00fcngstener Br\u00fcckenweg 71<\/em><br \/>\n<em>42659 Solingen<\/em><br \/>\n<em>Parkpl\u00e4tze sind aus allen Richtungen ausgeschildert<\/em><br \/>\n<em>Ein Fu\u00dfweg von gut 8 Minuten f\u00fchrt von den Parkpl\u00e4tzen bis zum Haus M\u00fcngsten.<\/em><\/p>\n","protected":false},"excerpt":{"rendered":"<p>Oktober 2021 &nbsp; Wir wollten das sch\u00f6ne Wetter und den goldenen Oktober nutzen und noch ein bisschen Entspannung und Abenteuer finden. Unser Ziel war gar nicht so weit entfernt, die M\u00fcngstener Br\u00fccke in der N\u00e4he von Solingen. Und da dr\u00e4ngt sich schon die Frage auf, was ist an der M\u00fcngstener<\/p>\n","protected":false},"author":1,"featured_media":7742,"parent":5559,"menu_order":0,"comment_status":"closed","ping_status":"closed","template":"","meta":{"footnotes":""},"class_list":["post-7702","page","type-page","status-publish","has-post-thumbnail","hentry"],"_links":{"self":[{"href":"http:\/\/blog.meineigenerweg.de\/index.php?rest_route=\/wp\/v2\/pages\/7702","targetHints":{"allow":["GET"]}}],"collection":[{"href":"http:\/\/blog.meineigenerweg.de\/index.php?rest_route=\/wp\/v2\/pages"}],"about":[{"href":"http:\/\/blog.meineigenerweg.de\/index.php?rest_route=\/wp\/v2\/types\/page"}],"author":[{"embeddable":true,"href":"http:\/\/blog.meineigenerweg.de\/index.php?rest_route=\/wp\/v2\/users\/1"}],"replies":[{"embeddable":true,"href":"http:\/\/blog.meineigenerweg.de\/index.php?rest_route=%2Fwp%2Fv2%2Fcomments&post=7702"}],"version-history":[{"count":24,"href":"http:\/\/blog.meineigenerweg.de\/index.php?rest_route=\/wp\/v2\/pages\/7702\/revisions"}],"predecessor-version":[{"id":7774,"href":"http:\/\/blog.meineigenerweg.de\/index.php?rest_route=\/wp\/v2\/pages\/7702\/revisions\/7774"}],"up":[{"embeddable":true,"href":"http:\/\/blog.meineigenerweg.de\/index.php?rest_route=\/wp\/v2\/pages\/5559"}],"wp:featuredmedia":[{"embeddable":true,"href":"http:\/\/blog.meineigenerweg.de\/index.php?rest_route=\/wp\/v2\/media\/7742"}],"wp:attachment":[{"href":"http:\/\/blog.meineigenerweg.de\/index.php?rest_route=%2Fwp%2Fv2%2Fmedia&parent=7702"}],"curies":[{"name":"wp","href":"https:\/\/api.w.org\/{rel}","templated":true}]}}