{"id":7669,"date":"2021-08-29T22:14:26","date_gmt":"2021-08-29T21:14:26","guid":{"rendered":"http:\/\/blog.meineigenerweg.de\/?page_id=7669"},"modified":"2021-08-31T08:38:20","modified_gmt":"2021-08-31T07:38:20","slug":"metalhenge","status":"publish","type":"page","link":"http:\/\/blog.meineigenerweg.de\/?page_id=7669","title":{"rendered":"Metalhenge ****"},"content":{"rendered":"<p>August 2021<\/p>\n<p>Was den Engl\u00e4ndern ihr Stonehenge ist den Bemern ihr\u00a0<span style=\"color: #0000ff;\"><a href=\"https:\/\/metalhenge.de\/\" target=\"_blank\" rel=\"noopener noreferrer\"><span style=\"color: #0000ff;\"><span style=\"text-decoration: underline;\">Metalhenge<\/span><\/span><\/a><\/span>.<\/p>\n<p>In der N\u00e4he des Stadtwaldsees, mit dem Rad auf dem Weg ins Blockland, sieht und riecht man einige gro\u00dfe M\u00fcllhalden. Eine der M\u00fcllhalden wurde mit Erde bedeckt und begr\u00fcnt. Nun w\u00e4chst dort eine sehr sch\u00f6ne, duftende Wildwiese. Ein gepflegter Weg f\u00fchrt auf die 40 Meter hohe Halde. Wer sich die M\u00fche des Aufstiegs macht, wird durch Metalhenge und eine tollen Rundumblick \u00fcber Bremen und das Blockland belohnt.<\/p>\n<p><a href=\"http:\/\/blog.meineigenerweg.de\/wp-content\/uploads\/2021\/08\/8E17B5DD-042F-4D13-8058-4149FD3ABCE2.jpeg\"><img loading=\"lazy\" decoding=\"async\" class=\"alignnone size-medium wp-image-7674\" src=\"http:\/\/blog.meineigenerweg.de\/wp-content\/uploads\/2021\/08\/8E17B5DD-042F-4D13-8058-4149FD3ABCE2-300x200.jpeg\" alt=\"\" width=\"300\" height=\"200\" srcset=\"http:\/\/blog.meineigenerweg.de\/wp-content\/uploads\/2021\/08\/8E17B5DD-042F-4D13-8058-4149FD3ABCE2-300x200.jpeg 300w, http:\/\/blog.meineigenerweg.de\/wp-content\/uploads\/2021\/08\/8E17B5DD-042F-4D13-8058-4149FD3ABCE2-768x512.jpeg 768w, http:\/\/blog.meineigenerweg.de\/wp-content\/uploads\/2021\/08\/8E17B5DD-042F-4D13-8058-4149FD3ABCE2.jpeg 1000w\" sizes=\"auto, (max-width: 300px) 100vw, 300px\" \/><\/a> <a href=\"http:\/\/blog.meineigenerweg.de\/wp-content\/uploads\/2021\/08\/91C40CA2-BA28-44B4-9C21-93FB128149A4.jpeg\"><img loading=\"lazy\" decoding=\"async\" class=\"alignnone size-medium wp-image-7676\" src=\"http:\/\/blog.meineigenerweg.de\/wp-content\/uploads\/2021\/08\/91C40CA2-BA28-44B4-9C21-93FB128149A4-300x200.jpeg\" alt=\"\" width=\"300\" height=\"200\" srcset=\"http:\/\/blog.meineigenerweg.de\/wp-content\/uploads\/2021\/08\/91C40CA2-BA28-44B4-9C21-93FB128149A4-300x200.jpeg 300w, http:\/\/blog.meineigenerweg.de\/wp-content\/uploads\/2021\/08\/91C40CA2-BA28-44B4-9C21-93FB128149A4-768x512.jpeg 768w, http:\/\/blog.meineigenerweg.de\/wp-content\/uploads\/2021\/08\/91C40CA2-BA28-44B4-9C21-93FB128149A4.jpeg 1000w\" sizes=\"auto, (max-width: 300px) 100vw, 300px\" \/>\u00a0<\/a><\/p>\n<p>In die eine Richtung sieht man Bremen<\/p>\n<p><a href=\"http:\/\/blog.meineigenerweg.de\/wp-content\/uploads\/2021\/08\/083D01B5-9A56-4E08-A7D5-28B95E472913.jpeg\"><img loading=\"lazy\" decoding=\"async\" class=\"alignnone size-medium wp-image-7678\" src=\"http:\/\/blog.meineigenerweg.de\/wp-content\/uploads\/2021\/08\/083D01B5-9A56-4E08-A7D5-28B95E472913-300x200.jpeg\" alt=\"\" width=\"300\" height=\"200\" srcset=\"http:\/\/blog.meineigenerweg.de\/wp-content\/uploads\/2021\/08\/083D01B5-9A56-4E08-A7D5-28B95E472913-300x200.jpeg 300w, http:\/\/blog.meineigenerweg.de\/wp-content\/uploads\/2021\/08\/083D01B5-9A56-4E08-A7D5-28B95E472913-768x512.jpeg 768w, http:\/\/blog.meineigenerweg.de\/wp-content\/uploads\/2021\/08\/083D01B5-9A56-4E08-A7D5-28B95E472913.jpeg 1000w\" sizes=\"auto, (max-width: 300px) 100vw, 300px\" \/><\/a><\/p>\n<p>in die andere das Blockland<\/p>\n<p><a href=\"http:\/\/blog.meineigenerweg.de\/wp-content\/uploads\/2021\/08\/BD232C52-5DF7-4EAB-9B13-AFD593647D45.jpeg\"><img loading=\"lazy\" decoding=\"async\" class=\"alignnone size-medium wp-image-7680\" src=\"http:\/\/blog.meineigenerweg.de\/wp-content\/uploads\/2021\/08\/BD232C52-5DF7-4EAB-9B13-AFD593647D45-300x200.jpeg\" alt=\"\" width=\"300\" height=\"200\" srcset=\"http:\/\/blog.meineigenerweg.de\/wp-content\/uploads\/2021\/08\/BD232C52-5DF7-4EAB-9B13-AFD593647D45-300x200.jpeg 300w, http:\/\/blog.meineigenerweg.de\/wp-content\/uploads\/2021\/08\/BD232C52-5DF7-4EAB-9B13-AFD593647D45-768x512.jpeg 768w, http:\/\/blog.meineigenerweg.de\/wp-content\/uploads\/2021\/08\/BD232C52-5DF7-4EAB-9B13-AFD593647D45.jpeg 1000w\" sizes=\"auto, (max-width: 300px) 100vw, 300px\" \/><\/a><\/p>\n<p><i>Meine Wertung: <\/i><span style=\"color: #ff0000;\">****<\/span><i>* nicht so\u00a0mystisch\u00a0wie Stonehenge oder erlebniswert<\/i><br \/>\n<i>Bremen<br \/>\nFahrwiesendamm<br \/>\nkurz vor der Auffahrt zur Autobahn links<\/i><\/p>\n","protected":false},"excerpt":{"rendered":"<p>August 2021 Was den Engl\u00e4ndern ihr Stonehenge ist den Bemern ihr\u00a0Metalhenge. In der N\u00e4he des Stadtwaldsees, mit dem Rad auf dem Weg ins Blockland, sieht und riecht man einige gro\u00dfe M\u00fcllhalden. Eine der M\u00fcllhalden wurde mit Erde bedeckt und begr\u00fcnt. Nun w\u00e4chst dort eine sehr sch\u00f6ne, duftende Wildwiese. Ein gepflegter<\/p>\n","protected":false},"author":1,"featured_media":7684,"parent":108,"menu_order":0,"comment_status":"closed","ping_status":"closed","template":"","meta":{"footnotes":""},"class_list":["post-7669","page","type-page","status-publish","has-post-thumbnail","hentry"],"_links":{"self":[{"href":"http:\/\/blog.meineigenerweg.de\/index.php?rest_route=\/wp\/v2\/pages\/7669","targetHints":{"allow":["GET"]}}],"collection":[{"href":"http:\/\/blog.meineigenerweg.de\/index.php?rest_route=\/wp\/v2\/pages"}],"about":[{"href":"http:\/\/blog.meineigenerweg.de\/index.php?rest_route=\/wp\/v2\/types\/page"}],"author":[{"embeddable":true,"href":"http:\/\/blog.meineigenerweg.de\/index.php?rest_route=\/wp\/v2\/users\/1"}],"replies":[{"embeddable":true,"href":"http:\/\/blog.meineigenerweg.de\/index.php?rest_route=%2Fwp%2Fv2%2Fcomments&post=7669"}],"version-history":[{"count":11,"href":"http:\/\/blog.meineigenerweg.de\/index.php?rest_route=\/wp\/v2\/pages\/7669\/revisions"}],"predecessor-version":[{"id":7686,"href":"http:\/\/blog.meineigenerweg.de\/index.php?rest_route=\/wp\/v2\/pages\/7669\/revisions\/7686"}],"up":[{"embeddable":true,"href":"http:\/\/blog.meineigenerweg.de\/index.php?rest_route=\/wp\/v2\/pages\/108"}],"wp:featuredmedia":[{"embeddable":true,"href":"http:\/\/blog.meineigenerweg.de\/index.php?rest_route=\/wp\/v2\/media\/7684"}],"wp:attachment":[{"href":"http:\/\/blog.meineigenerweg.de\/index.php?rest_route=%2Fwp%2Fv2%2Fmedia&parent=7669"}],"curies":[{"name":"wp","href":"https:\/\/api.w.org\/{rel}","templated":true}]}}