{"id":7654,"date":"2022-08-17T20:31:45","date_gmt":"2022-08-17T19:31:45","guid":{"rendered":"http:\/\/blog.meineigenerweg.de\/?page_id=7654"},"modified":"2022-09-08T14:08:59","modified_gmt":"2022-09-08T13:08:59","slug":"stadtrundgang","status":"publish","type":"page","link":"http:\/\/blog.meineigenerweg.de\/?page_id=7654","title":{"rendered":"Stadtrundgang ****"},"content":{"rendered":"<p style=\"text-align: left;\">August 2022<\/p>\n<p>Ich bin schon viel durch Bremen geradelt und gelaufen, habe schon viele Sehensw\u00fcrdigkeiten bewundert, aber eine Stadtf\u00fchrung habe ich noch nicht mitgemacht. Aber im Tross hinter einem Guide mit Regenschirm herzulaufen ist auch nicht so mein Ding. Zum Gl\u00fcck bietet Bremen hier eine Alternative an, einen <span style=\"color: #0000ff;\"><a href=\"https:\/\/www.bremen.de\/tourismus\/reiseplanung\/fuehrungen\/audioguide-tour\" target=\"_blank\" rel=\"noopener noreferrer\"><span style=\"color: #0000ff;\"><span style=\"text-decoration: underline;\">Audioguide<\/span><\/span><\/a><\/span>, den man sich kostenlos aufs Handy laden kann und der einen mit vielen tollen, aktuellen und historischen Informationen von einer Sehensw\u00fcrdigkeit zur n\u00e4chsten f\u00fchrt.<\/p>\n<p>Der Weg ist wirklich einfach zu finden, denn ab der Touristinformation f\u00fchrt eine Reihe von Markierungspunkten in Form von dicken auff\u00e4lligen N\u00e4geln auf der Stra\u00dfe die gesamte Route entlang. Passend dazu gibt es in der Touristinformation (oder aus dem Internet als PDF) einen Plan der die Route beschreibt.<\/p>\n<p>An diese Stationen wird man durch die F\u00fchrung geleitet.<\/p>\n<p>Marktplatz<\/p>\n<p><a href=\"http:\/\/blog.meineigenerweg.de\/wp-content\/uploads\/2022\/08\/326DC2A6-77B4-430E-83B5-362FF3255EE5.jpeg\"><img loading=\"lazy\" decoding=\"async\" class=\"alignnone size-medium wp-image-8481\" src=\"http:\/\/blog.meineigenerweg.de\/wp-content\/uploads\/2022\/08\/326DC2A6-77B4-430E-83B5-362FF3255EE5-300x225.jpeg\" alt=\"\" width=\"300\" height=\"225\" srcset=\"http:\/\/blog.meineigenerweg.de\/wp-content\/uploads\/2022\/08\/326DC2A6-77B4-430E-83B5-362FF3255EE5-300x225.jpeg 300w, http:\/\/blog.meineigenerweg.de\/wp-content\/uploads\/2022\/08\/326DC2A6-77B4-430E-83B5-362FF3255EE5-768x576.jpeg 768w, http:\/\/blog.meineigenerweg.de\/wp-content\/uploads\/2022\/08\/326DC2A6-77B4-430E-83B5-362FF3255EE5.jpeg 1000w\" sizes=\"auto, (max-width: 300px) 100vw, 300px\" \/><\/a><\/p>\n<p>Rathaus<\/p>\n<p><a href=\"http:\/\/blog.meineigenerweg.de\/wp-content\/uploads\/2022\/08\/ABB54A3A-0296-45D1-BE5C-06751A4FD577.jpeg\"><img loading=\"lazy\" decoding=\"async\" class=\"alignnone size-medium wp-image-8482\" src=\"http:\/\/blog.meineigenerweg.de\/wp-content\/uploads\/2022\/08\/ABB54A3A-0296-45D1-BE5C-06751A4FD577-300x225.jpeg\" alt=\"\" width=\"300\" height=\"225\" srcset=\"http:\/\/blog.meineigenerweg.de\/wp-content\/uploads\/2022\/08\/ABB54A3A-0296-45D1-BE5C-06751A4FD577-300x225.jpeg 300w, http:\/\/blog.meineigenerweg.de\/wp-content\/uploads\/2022\/08\/ABB54A3A-0296-45D1-BE5C-06751A4FD577-768x576.jpeg 768w, http:\/\/blog.meineigenerweg.de\/wp-content\/uploads\/2022\/08\/ABB54A3A-0296-45D1-BE5C-06751A4FD577.jpeg 1000w\" sizes=\"auto, (max-width: 300px) 100vw, 300px\" \/><\/a><\/p>\n<p>Roland<\/p>\n<p><a href=\"http:\/\/blog.meineigenerweg.de\/wp-content\/uploads\/2021\/08\/F0B46C1E-12B2-49AA-8A93-A14051B55E4B.jpeg\"><img loading=\"lazy\" decoding=\"async\" class=\"alignnone size-medium wp-image-7662\" src=\"http:\/\/blog.meineigenerweg.de\/wp-content\/uploads\/2021\/08\/F0B46C1E-12B2-49AA-8A93-A14051B55E4B-300x200.jpeg\" alt=\"\" width=\"300\" height=\"200\" srcset=\"http:\/\/blog.meineigenerweg.de\/wp-content\/uploads\/2021\/08\/F0B46C1E-12B2-49AA-8A93-A14051B55E4B-300x200.jpeg 300w, http:\/\/blog.meineigenerweg.de\/wp-content\/uploads\/2021\/08\/F0B46C1E-12B2-49AA-8A93-A14051B55E4B-768x512.jpeg 768w, http:\/\/blog.meineigenerweg.de\/wp-content\/uploads\/2021\/08\/F0B46C1E-12B2-49AA-8A93-A14051B55E4B.jpeg 1000w\" sizes=\"auto, (max-width: 300px) 100vw, 300px\" \/><\/a><\/p>\n<p>B\u00fcrgerschaft<\/p>\n<p><a href=\"http:\/\/blog.meineigenerweg.de\/wp-content\/uploads\/2021\/08\/453A574F-F0E1-48C7-B8DF-7C7A4CACE58F.jpeg\"><img loading=\"lazy\" decoding=\"async\" class=\"alignnone size-medium wp-image-7664\" src=\"http:\/\/blog.meineigenerweg.de\/wp-content\/uploads\/2021\/08\/453A574F-F0E1-48C7-B8DF-7C7A4CACE58F-300x200.jpeg\" alt=\"\" width=\"300\" height=\"200\" srcset=\"http:\/\/blog.meineigenerweg.de\/wp-content\/uploads\/2021\/08\/453A574F-F0E1-48C7-B8DF-7C7A4CACE58F-300x200.jpeg 300w, http:\/\/blog.meineigenerweg.de\/wp-content\/uploads\/2021\/08\/453A574F-F0E1-48C7-B8DF-7C7A4CACE58F-768x512.jpeg 768w, http:\/\/blog.meineigenerweg.de\/wp-content\/uploads\/2021\/08\/453A574F-F0E1-48C7-B8DF-7C7A4CACE58F.jpeg 1000w\" sizes=\"auto, (max-width: 300px) 100vw, 300px\" \/><\/a><\/p>\n<p>Sch\u00fctting<\/p>\n<p><a href=\"http:\/\/blog.meineigenerweg.de\/wp-content\/uploads\/2022\/08\/F8F6A8DF-6A8C-4BDF-AEDA-3E5330EF4A3C.jpeg\"><img loading=\"lazy\" decoding=\"async\" class=\"alignnone size-medium wp-image-8483\" src=\"http:\/\/blog.meineigenerweg.de\/wp-content\/uploads\/2022\/08\/F8F6A8DF-6A8C-4BDF-AEDA-3E5330EF4A3C-300x225.jpeg\" alt=\"\" width=\"300\" height=\"225\" srcset=\"http:\/\/blog.meineigenerweg.de\/wp-content\/uploads\/2022\/08\/F8F6A8DF-6A8C-4BDF-AEDA-3E5330EF4A3C-300x225.jpeg 300w, http:\/\/blog.meineigenerweg.de\/wp-content\/uploads\/2022\/08\/F8F6A8DF-6A8C-4BDF-AEDA-3E5330EF4A3C-768x576.jpeg 768w, http:\/\/blog.meineigenerweg.de\/wp-content\/uploads\/2022\/08\/F8F6A8DF-6A8C-4BDF-AEDA-3E5330EF4A3C.jpeg 1000w\" sizes=\"auto, (max-width: 300px) 100vw, 300px\" \/><\/a><\/p>\n<p>Boettcherstrasse mit den 7 Faulen<\/p>\n<p><a href=\"http:\/\/blog.meineigenerweg.de\/wp-content\/uploads\/2022\/08\/4D9ACE8A-DC62-408C-A221-8F3533835F7F.jpeg\"><img loading=\"lazy\" decoding=\"async\" class=\"alignnone size-medium wp-image-8484\" src=\"http:\/\/blog.meineigenerweg.de\/wp-content\/uploads\/2022\/08\/4D9ACE8A-DC62-408C-A221-8F3533835F7F-300x225.jpeg\" alt=\"\" width=\"300\" height=\"225\" srcset=\"http:\/\/blog.meineigenerweg.de\/wp-content\/uploads\/2022\/08\/4D9ACE8A-DC62-408C-A221-8F3533835F7F-300x225.jpeg 300w, http:\/\/blog.meineigenerweg.de\/wp-content\/uploads\/2022\/08\/4D9ACE8A-DC62-408C-A221-8F3533835F7F-768x576.jpeg 768w, http:\/\/blog.meineigenerweg.de\/wp-content\/uploads\/2022\/08\/4D9ACE8A-DC62-408C-A221-8F3533835F7F.jpeg 1000w\" sizes=\"auto, (max-width: 300px) 100vw, 300px\" \/><\/a><\/p>\n<p>Martinianleger \/ Martinikirche<\/p>\n<p><a href=\"http:\/\/blog.meineigenerweg.de\/wp-content\/uploads\/2022\/08\/60B23A32-30AF-4A26-9C03-676893221AC5.jpeg\"><img loading=\"lazy\" decoding=\"async\" class=\"alignnone size-medium wp-image-8486\" src=\"http:\/\/blog.meineigenerweg.de\/wp-content\/uploads\/2022\/08\/60B23A32-30AF-4A26-9C03-676893221AC5-300x225.jpeg\" alt=\"\" width=\"300\" height=\"225\" srcset=\"http:\/\/blog.meineigenerweg.de\/wp-content\/uploads\/2022\/08\/60B23A32-30AF-4A26-9C03-676893221AC5-300x225.jpeg 300w, http:\/\/blog.meineigenerweg.de\/wp-content\/uploads\/2022\/08\/60B23A32-30AF-4A26-9C03-676893221AC5-768x576.jpeg 768w, http:\/\/blog.meineigenerweg.de\/wp-content\/uploads\/2022\/08\/60B23A32-30AF-4A26-9C03-676893221AC5.jpeg 1000w\" sizes=\"auto, (max-width: 300px) 100vw, 300px\" \/><\/a><\/p>\n<p>Schlachte<\/p>\n<p><a href=\"http:\/\/blog.meineigenerweg.de\/wp-content\/uploads\/2022\/08\/D314ABD4-6658-4A55-B1F1-82673A17DBDD.jpeg\"><img loading=\"lazy\" decoding=\"async\" class=\"alignnone size-medium wp-image-8487\" src=\"http:\/\/blog.meineigenerweg.de\/wp-content\/uploads\/2022\/08\/D314ABD4-6658-4A55-B1F1-82673A17DBDD-300x225.jpeg\" alt=\"\" width=\"300\" height=\"225\" srcset=\"http:\/\/blog.meineigenerweg.de\/wp-content\/uploads\/2022\/08\/D314ABD4-6658-4A55-B1F1-82673A17DBDD-300x225.jpeg 300w, http:\/\/blog.meineigenerweg.de\/wp-content\/uploads\/2022\/08\/D314ABD4-6658-4A55-B1F1-82673A17DBDD-768x576.jpeg 768w, http:\/\/blog.meineigenerweg.de\/wp-content\/uploads\/2022\/08\/D314ABD4-6658-4A55-B1F1-82673A17DBDD.jpeg 1000w\" sizes=\"auto, (max-width: 300px) 100vw, 300px\" \/><\/a><\/p>\n<p>Schnoor<\/p>\n<p><a href=\"http:\/\/blog.meineigenerweg.de\/wp-content\/uploads\/2022\/08\/585DB981-151C-4FF8-B13D-BF0902AD3C8E.jpeg\"><img loading=\"lazy\" decoding=\"async\" class=\"alignnone size-medium wp-image-8488\" src=\"http:\/\/blog.meineigenerweg.de\/wp-content\/uploads\/2022\/08\/585DB981-151C-4FF8-B13D-BF0902AD3C8E-300x225.jpeg\" alt=\"\" width=\"300\" height=\"225\" srcset=\"http:\/\/blog.meineigenerweg.de\/wp-content\/uploads\/2022\/08\/585DB981-151C-4FF8-B13D-BF0902AD3C8E-300x225.jpeg 300w, http:\/\/blog.meineigenerweg.de\/wp-content\/uploads\/2022\/08\/585DB981-151C-4FF8-B13D-BF0902AD3C8E-768x576.jpeg 768w, http:\/\/blog.meineigenerweg.de\/wp-content\/uploads\/2022\/08\/585DB981-151C-4FF8-B13D-BF0902AD3C8E.jpeg 1000w\" sizes=\"auto, (max-width: 300px) 100vw, 300px\" \/><\/a><\/p>\n<p>St. Petri Dom<\/p>\n<p><a href=\"http:\/\/blog.meineigenerweg.de\/wp-content\/uploads\/2022\/08\/CB75B65A-66FD-4227-B524-61471F064A7C.jpeg\"><img loading=\"lazy\" decoding=\"async\" class=\"alignnone size-medium wp-image-8490\" src=\"http:\/\/blog.meineigenerweg.de\/wp-content\/uploads\/2022\/08\/CB75B65A-66FD-4227-B524-61471F064A7C-225x300.jpeg\" alt=\"\" width=\"225\" height=\"300\" srcset=\"http:\/\/blog.meineigenerweg.de\/wp-content\/uploads\/2022\/08\/CB75B65A-66FD-4227-B524-61471F064A7C-225x300.jpeg 225w, http:\/\/blog.meineigenerweg.de\/wp-content\/uploads\/2022\/08\/CB75B65A-66FD-4227-B524-61471F064A7C-768x1024.jpeg 768w, http:\/\/blog.meineigenerweg.de\/wp-content\/uploads\/2022\/08\/CB75B65A-66FD-4227-B524-61471F064A7C.jpeg 824w\" sizes=\"auto, (max-width: 225px) 100vw, 225px\" \/><\/a><\/p>\n<p>Stadtmusikanten<\/p>\n<p><a href=\"http:\/\/blog.meineigenerweg.de\/wp-content\/uploads\/2022\/08\/59EC6118-CA69-475D-A2E7-041ECCA4E3D6.jpeg\"><img loading=\"lazy\" decoding=\"async\" class=\"alignnone size-medium wp-image-8491\" src=\"http:\/\/blog.meineigenerweg.de\/wp-content\/uploads\/2022\/08\/59EC6118-CA69-475D-A2E7-041ECCA4E3D6-300x225.jpeg\" alt=\"\" width=\"300\" height=\"225\" srcset=\"http:\/\/blog.meineigenerweg.de\/wp-content\/uploads\/2022\/08\/59EC6118-CA69-475D-A2E7-041ECCA4E3D6-300x225.jpeg 300w, http:\/\/blog.meineigenerweg.de\/wp-content\/uploads\/2022\/08\/59EC6118-CA69-475D-A2E7-041ECCA4E3D6-768x576.jpeg 768w, http:\/\/blog.meineigenerweg.de\/wp-content\/uploads\/2022\/08\/59EC6118-CA69-475D-A2E7-041ECCA4E3D6.jpeg 1000w\" sizes=\"auto, (max-width: 300px) 100vw, 300px\" \/><\/a><\/p>\n<p>&nbsp;<\/p>\n<p><em>Meine Wertung: <span style=\"color: #ff0000;\">****<span style=\"color: #000000;\">*<\/span><\/span>\u00a0empfehlenswert<\/em><br \/>\n<em>Startet am Marktplatz<\/em><br \/>\n<em>Bremen<\/em><\/p>\n","protected":false},"excerpt":{"rendered":"<p>August 2022 Ich bin schon viel durch Bremen geradelt und gelaufen, habe schon viele Sehensw\u00fcrdigkeiten bewundert, aber eine Stadtf\u00fchrung habe ich noch nicht mitgemacht. Aber im Tross hinter einem Guide mit Regenschirm herzulaufen ist auch nicht so mein Ding. Zum Gl\u00fcck bietet Bremen hier eine Alternative an, einen Audioguide, den<\/p>\n","protected":false},"author":1,"featured_media":8494,"parent":108,"menu_order":0,"comment_status":"closed","ping_status":"closed","template":"","meta":{"footnotes":""},"class_list":["post-7654","page","type-page","status-publish","has-post-thumbnail","hentry"],"_links":{"self":[{"href":"http:\/\/blog.meineigenerweg.de\/index.php?rest_route=\/wp\/v2\/pages\/7654","targetHints":{"allow":["GET"]}}],"collection":[{"href":"http:\/\/blog.meineigenerweg.de\/index.php?rest_route=\/wp\/v2\/pages"}],"about":[{"href":"http:\/\/blog.meineigenerweg.de\/index.php?rest_route=\/wp\/v2\/types\/page"}],"author":[{"embeddable":true,"href":"http:\/\/blog.meineigenerweg.de\/index.php?rest_route=\/wp\/v2\/users\/1"}],"replies":[{"embeddable":true,"href":"http:\/\/blog.meineigenerweg.de\/index.php?rest_route=%2Fwp%2Fv2%2Fcomments&post=7654"}],"version-history":[{"count":17,"href":"http:\/\/blog.meineigenerweg.de\/index.php?rest_route=\/wp\/v2\/pages\/7654\/revisions"}],"predecessor-version":[{"id":8536,"href":"http:\/\/blog.meineigenerweg.de\/index.php?rest_route=\/wp\/v2\/pages\/7654\/revisions\/8536"}],"up":[{"embeddable":true,"href":"http:\/\/blog.meineigenerweg.de\/index.php?rest_route=\/wp\/v2\/pages\/108"}],"wp:featuredmedia":[{"embeddable":true,"href":"http:\/\/blog.meineigenerweg.de\/index.php?rest_route=\/wp\/v2\/media\/8494"}],"wp:attachment":[{"href":"http:\/\/blog.meineigenerweg.de\/index.php?rest_route=%2Fwp%2Fv2%2Fmedia&parent=7654"}],"curies":[{"name":"wp","href":"https:\/\/api.w.org\/{rel}","templated":true}]}}