{"id":7473,"date":"2021-04-07T22:33:58","date_gmt":"2021-04-07T21:33:58","guid":{"rendered":"http:\/\/blog.meineigenerweg.de\/?page_id=7473"},"modified":"2021-04-09T21:44:03","modified_gmt":"2021-04-09T20:44:03","slug":"wuelfrath-schlupkothen","status":"publish","type":"page","link":"http:\/\/blog.meineigenerweg.de\/?page_id=7473","title":{"rendered":"W\u00fclfrath &#8211; Schlupkothen **"},"content":{"rendered":"<p>M\u00e4rz 2021<\/p>\n<p>Wo liegt W\u00fclfrath, wo Schlupkothen? Vor rund 400 Millionen Jahren lag W\u00fclfrath noch in der N\u00e4he des \u00c4quators, mit Lagunen und Korallenriffen und herrlich 25 Grad warmen Wasser. Seither haben sich jedoch die Kontinentalplatten verschoben und heute findet man W\u00fclfrath in der N\u00e4he von D\u00fcsseldorf. Was von damals \u00fcbrig geblieben ist? Aus den abgestorbenen Rifforganismen haben sich m\u00e4chtige Kalkschichten gebildet, die wurden und werden hier abgebaut.<\/p>\n<p>Wof\u00fcr braucht man Kalk eigentlich? Ganz einfach, die Bauindustrie w\u00fcrde ohne Kalk nichts bauen k\u00f6nnen, denn Zement, Beton und M\u00f6rtel enth\u00e4lt Kalk. Aber auch Glas, Farben und Fliesen g\u00e4be es ohne Kalk nicht.<\/p>\n<p>Seit vielen Jahren schon ist W\u00fclfrath das gr\u00f6\u00dfte Kalksteinabbaugebiet Europas. Der Kalkstein wird im Tagebau abgebaut und hinterl\u00e4sst gro\u00dfe und tiefe L\u00f6cher in der Landschaft. Wenn die Gruben ausgebeutet und stillgelegt sind, werden sie h\u00e4ufig mit Wasser gef\u00fcllt und ob der steilen Abbruchstellen weitr\u00e4umig eingez\u00e4unt. In diesen Landschaftsschutzgebieten entstanden im Laufe der Jahre einzigartige Refugien mit vielen seltenen Pflanzen und Tieren.<\/p>\n<p>Aus dem ehemaligen Steinbruch Schlupkothen bei W\u00fclfrath ist ein See geworden und wegen des kalkigen Untergrunds wirkt das klare Wasser t\u00fcrkisblau (jedenfalls bei sch\u00f6nem Wetter). Um den See f\u00fchrt ein ca 7,5 km langer Rundweg, er ist leicht zu bew\u00e4ltigen und hat kaum Steigungen. Im M\u00e4rz ist der Wald kahl, der Himmel h\u00e4ufig grau und die Wege teils matschig, aber daf\u00fcr l\u00e4uft man fast allein um den See.<\/p>\n<p>&nbsp;<\/p>\n<p><a href=\"http:\/\/blog.meineigenerweg.de\/wp-content\/uploads\/2021\/04\/Wuelfrath_03_21_102.jpg\"><img loading=\"lazy\" decoding=\"async\" class=\"alignnone size-medium wp-image-7482\" src=\"http:\/\/blog.meineigenerweg.de\/wp-content\/uploads\/2021\/04\/Wuelfrath_03_21_102-300x200.jpg\" alt=\"\" width=\"300\" height=\"200\" srcset=\"http:\/\/blog.meineigenerweg.de\/wp-content\/uploads\/2021\/04\/Wuelfrath_03_21_102-300x200.jpg 300w, http:\/\/blog.meineigenerweg.de\/wp-content\/uploads\/2021\/04\/Wuelfrath_03_21_102-768x512.jpg 768w, http:\/\/blog.meineigenerweg.de\/wp-content\/uploads\/2021\/04\/Wuelfrath_03_21_102.jpg 1000w\" sizes=\"auto, (max-width: 300px) 100vw, 300px\" \/><\/a> <a href=\"http:\/\/blog.meineigenerweg.de\/wp-content\/uploads\/2021\/04\/Wuelfrath_03_21_101.jpg\"><img loading=\"lazy\" decoding=\"async\" class=\"alignnone size-medium wp-image-7481\" src=\"http:\/\/blog.meineigenerweg.de\/wp-content\/uploads\/2021\/04\/Wuelfrath_03_21_101-300x200.jpg\" alt=\"\" width=\"300\" height=\"200\" srcset=\"http:\/\/blog.meineigenerweg.de\/wp-content\/uploads\/2021\/04\/Wuelfrath_03_21_101-300x200.jpg 300w, http:\/\/blog.meineigenerweg.de\/wp-content\/uploads\/2021\/04\/Wuelfrath_03_21_101-768x512.jpg 768w, http:\/\/blog.meineigenerweg.de\/wp-content\/uploads\/2021\/04\/Wuelfrath_03_21_101.jpg 1000w\" sizes=\"auto, (max-width: 300px) 100vw, 300px\" \/><\/a><\/p>\n<p>&nbsp;<\/p>\n<p><em>Meine Wertung: <span style=\"color: #ff0000;\">**<\/span>*** \u00a0im Sommer noch einmal probieren, bei Sonnenschein und w\u00e4rmeren Temperaturen<\/em><\/p>\n<p><em>Parkplatz am Timetunnel (den kann man bei der Gelegenheit gleich mit besuchen)<\/em><br \/>\n<em>von dort aus zum Entdecker-Rundweg<\/em><br \/>\n<em>Hammerstein 5<\/em><br \/>\n<em>W\u00fclfrath<\/em><\/p>\n","protected":false},"excerpt":{"rendered":"<p>M\u00e4rz 2021 Wo liegt W\u00fclfrath, wo Schlupkothen? Vor rund 400 Millionen Jahren lag W\u00fclfrath noch in der N\u00e4he des \u00c4quators, mit Lagunen und Korallenriffen und herrlich 25 Grad warmen Wasser. Seither haben sich jedoch die Kontinentalplatten verschoben und heute findet man W\u00fclfrath in der N\u00e4he von D\u00fcsseldorf. Was von damals<\/p>\n","protected":false},"author":1,"featured_media":7488,"parent":1809,"menu_order":0,"comment_status":"closed","ping_status":"closed","template":"","meta":{"footnotes":""},"class_list":["post-7473","page","type-page","status-publish","has-post-thumbnail","hentry"],"_links":{"self":[{"href":"http:\/\/blog.meineigenerweg.de\/index.php?rest_route=\/wp\/v2\/pages\/7473","targetHints":{"allow":["GET"]}}],"collection":[{"href":"http:\/\/blog.meineigenerweg.de\/index.php?rest_route=\/wp\/v2\/pages"}],"about":[{"href":"http:\/\/blog.meineigenerweg.de\/index.php?rest_route=\/wp\/v2\/types\/page"}],"author":[{"embeddable":true,"href":"http:\/\/blog.meineigenerweg.de\/index.php?rest_route=\/wp\/v2\/users\/1"}],"replies":[{"embeddable":true,"href":"http:\/\/blog.meineigenerweg.de\/index.php?rest_route=%2Fwp%2Fv2%2Fcomments&post=7473"}],"version-history":[{"count":14,"href":"http:\/\/blog.meineigenerweg.de\/index.php?rest_route=\/wp\/v2\/pages\/7473\/revisions"}],"predecessor-version":[{"id":7493,"href":"http:\/\/blog.meineigenerweg.de\/index.php?rest_route=\/wp\/v2\/pages\/7473\/revisions\/7493"}],"up":[{"embeddable":true,"href":"http:\/\/blog.meineigenerweg.de\/index.php?rest_route=\/wp\/v2\/pages\/1809"}],"wp:featuredmedia":[{"embeddable":true,"href":"http:\/\/blog.meineigenerweg.de\/index.php?rest_route=\/wp\/v2\/media\/7488"}],"wp:attachment":[{"href":"http:\/\/blog.meineigenerweg.de\/index.php?rest_route=%2Fwp%2Fv2%2Fmedia&parent=7473"}],"curies":[{"name":"wp","href":"https:\/\/api.w.org\/{rel}","templated":true}]}}