{"id":735,"date":"2014-02-26T19:29:51","date_gmt":"2014-02-26T18:29:51","guid":{"rendered":"http:\/\/blog.meineigenerweg.de\/?page_id=735"},"modified":"2019-03-28T21:21:41","modified_gmt":"2019-03-28T20:21:41","slug":"suedtirol-spinatnocken","status":"publish","type":"page","link":"http:\/\/blog.meineigenerweg.de\/?page_id=735","title":{"rendered":"S\u00fcdtirol &#8211; Spinatnocken"},"content":{"rendered":"<h5>mitgebracht aus S\u00fcdtirol<br \/>\nSpinatnoken<\/h5>\n<p><a href=\"http:\/\/blog.meineigenerweg.de\/wp-content\/uploads\/2014\/01\/Spinatnocken.jpg\"><img loading=\"lazy\" decoding=\"async\" src=\"http:\/\/blog.meineigenerweg.de\/wp-content\/uploads\/2014\/01\/Spinatnocken-300x200.jpg\" alt=\"Spinatnocken\" width=\"300\" height=\"200\" \/><\/a><\/p>\n<p>F\u00fcr vier Personen m\u00fcsst ihr folgendes haben:<br \/>\n800 g Tiefk\u00fchl-Blattspinat (besser nat\u00fcrlich 1 kg frischen)<br \/>\n1 Fr\u00fchlingszwiebel<br \/>\n1 Knoblauchzehe<br \/>\n1\/2 Bund Petersilie<br \/>\n4 Essl\u00f6fel Butter<br \/>\n4 Scheiben nicht mehr ganz so frisches Toastbrot<br \/>\netwas Mehl<br \/>\n2 Eier<br \/>\nMuskatnuss<br \/>\n100 g geriebenen Parmesan<\/p>\n<p>Frischer Spinat schmeckt besser, aber nat\u00fcrlich geht es auch mit Tiefk\u00fchl-Blattspinat. Vom frischen Spinat die dicken Stiele entfernen, 2 min. in Salzwasser blanchieren und in eiskaltem Wasser kurz ab-schrecken. Den gekochten Spinat, bzw. den aufgetauten TK-Spinat, in einem Tuch sehr fest ausdr\u00fccken.<\/p>\n<p>Den ausgepressten Spinat, die Fr\u00fchlingszwiebeln, Knoblauch und Petersilie sehr fein hacken und in 1 EL Butter d\u00fcnsten. Das Toastbrot zwischen den H\u00e4nden zerbr\u00f6seln und mit dem Spinat, den ged\u00fcnsteten Fr\u00fchlingszwiebeln, Knoblauch, Petersilie, Mehl und den Eiern vermischen. Alles gut durchgekneten und mit Salz und Muskatnuss kr\u00e4ftig gew\u00fcrzt und mindestens 10 Minuten quellen gelassen. Dann alles noch einmal kurz durchkneten, wenn der Teig zu weich ist, etwas Mehl unterkneten.<\/p>\n<p>W\u00e4hrend der Teig ruht, den Parmesan reiben und die restliche Butter in einem kleine Topf aufsch\u00e4umen.<\/p>\n<p>Aus dem Teig Nocken formen, in Mehl w\u00e4lzen und\u00a0in kochendes Wasser geben. Nach ca. 15 Minuten sind sie fertig und k\u00f6nnen mit einem Schauml\u00f6ffel herausgenommen werden. Sofort auf Teller verteilen, mit der aufgesch\u00e4umte Butter \u00fcbergie\u00dfen und mit dem geriebenen K\u00e4se bestreuen.<\/p>\n<p>Dazu passt eine bunter Salat und als Wein\u00a0ein gr\u00fcner Veltliner.<\/p>\n","protected":false},"excerpt":{"rendered":"<p>mitgebracht aus S\u00fcdtirol Spinatnoken F\u00fcr vier Personen m\u00fcsst ihr folgendes haben: 800 g Tiefk\u00fchl-Blattspinat (besser nat\u00fcrlich 1 kg frischen) 1 Fr\u00fchlingszwiebel 1 Knoblauchzehe 1\/2 Bund Petersilie 4 Essl\u00f6fel Butter 4 Scheiben nicht mehr ganz so frisches Toastbrot etwas Mehl 2 Eier Muskatnuss 100 g geriebenen Parmesan Frischer Spinat schmeckt besser,<\/p>\n","protected":false},"author":1,"featured_media":259,"parent":230,"menu_order":0,"comment_status":"closed","ping_status":"closed","template":"","meta":{"footnotes":""},"class_list":["post-735","page","type-page","status-publish","has-post-thumbnail","hentry"],"_links":{"self":[{"href":"http:\/\/blog.meineigenerweg.de\/index.php?rest_route=\/wp\/v2\/pages\/735","targetHints":{"allow":["GET"]}}],"collection":[{"href":"http:\/\/blog.meineigenerweg.de\/index.php?rest_route=\/wp\/v2\/pages"}],"about":[{"href":"http:\/\/blog.meineigenerweg.de\/index.php?rest_route=\/wp\/v2\/types\/page"}],"author":[{"embeddable":true,"href":"http:\/\/blog.meineigenerweg.de\/index.php?rest_route=\/wp\/v2\/users\/1"}],"replies":[{"embeddable":true,"href":"http:\/\/blog.meineigenerweg.de\/index.php?rest_route=%2Fwp%2Fv2%2Fcomments&post=735"}],"version-history":[{"count":5,"href":"http:\/\/blog.meineigenerweg.de\/index.php?rest_route=\/wp\/v2\/pages\/735\/revisions"}],"predecessor-version":[{"id":5901,"href":"http:\/\/blog.meineigenerweg.de\/index.php?rest_route=\/wp\/v2\/pages\/735\/revisions\/5901"}],"up":[{"embeddable":true,"href":"http:\/\/blog.meineigenerweg.de\/index.php?rest_route=\/wp\/v2\/pages\/230"}],"wp:featuredmedia":[{"embeddable":true,"href":"http:\/\/blog.meineigenerweg.de\/index.php?rest_route=\/wp\/v2\/media\/259"}],"wp:attachment":[{"href":"http:\/\/blog.meineigenerweg.de\/index.php?rest_route=%2Fwp%2Fv2%2Fmedia&parent=735"}],"curies":[{"name":"wp","href":"https:\/\/api.w.org\/{rel}","templated":true}]}}