{"id":7259,"date":"2020-10-26T19:40:46","date_gmt":"2020-10-26T18:40:46","guid":{"rendered":"http:\/\/blog.meineigenerweg.de\/?page_id=7259"},"modified":"2020-10-29T09:36:45","modified_gmt":"2020-10-29T08:36:45","slug":"moselschleife-burg-eltz","status":"publish","type":"page","link":"http:\/\/blog.meineigenerweg.de\/?page_id=7259","title":{"rendered":"Moselschleife \/ Burg Eltz ****"},"content":{"rendered":"<p>Oktober 2020<\/p>\n<h6>Moselschleife bei Bremm<\/h6>\n<p>Goldener Oktober an der Mosel &#8211; mein Stellplatz soll heute direkt auf einem Weingut sein. Was ich nicht bedacht habe, ist, dass in den Herbstferien und zu Coronazeiten viele, viele Urlauber genau hier Urlaub machen wollen. Auch der Stellplatz auf dem Weingut ist gerappelt voll, vorab reservieren konnte ich leider nicht. Deshalb schaue ich mir die wundersch\u00f6ne Gegend an, kraxele \u00fcber schmale steile Wege in die Weinberge, habe einen fantastischen Blick auf die Moselschleife und wage mich ein St\u00fcck auf den Klettersteig zum Gipfelkreuz hoch oben in den Weinbergen. Von hier oben habe ich einen tollen Ausblick!<\/p>\n<p><a href=\"http:\/\/blog.meineigenerweg.de\/wp-content\/uploads\/2020\/10\/WoMo_Eifel_20_10_182.jpg\"><img loading=\"lazy\" decoding=\"async\" class=\"alignnone size-medium wp-image-7271\" src=\"http:\/\/blog.meineigenerweg.de\/wp-content\/uploads\/2020\/10\/WoMo_Eifel_20_10_182-300x178.jpg\" alt=\"\" width=\"300\" height=\"178\" srcset=\"http:\/\/blog.meineigenerweg.de\/wp-content\/uploads\/2020\/10\/WoMo_Eifel_20_10_182-300x178.jpg 300w, http:\/\/blog.meineigenerweg.de\/wp-content\/uploads\/2020\/10\/WoMo_Eifel_20_10_182-1024x607.jpg 1024w, http:\/\/blog.meineigenerweg.de\/wp-content\/uploads\/2020\/10\/WoMo_Eifel_20_10_182-768x455.jpg 768w, http:\/\/blog.meineigenerweg.de\/wp-content\/uploads\/2020\/10\/WoMo_Eifel_20_10_182.jpg 1126w\" sizes=\"auto, (max-width: 300px) 100vw, 300px\" \/><\/a><br \/>\n<a href=\"http:\/\/blog.meineigenerweg.de\/wp-content\/uploads\/2020\/10\/WoMo_Eifel_20_10_023.jpg\"><img loading=\"lazy\" decoding=\"async\" class=\"alignnone size-medium wp-image-7263\" src=\"http:\/\/blog.meineigenerweg.de\/wp-content\/uploads\/2020\/10\/WoMo_Eifel_20_10_023-300x200.jpg\" alt=\"\" width=\"300\" height=\"200\" srcset=\"http:\/\/blog.meineigenerweg.de\/wp-content\/uploads\/2020\/10\/WoMo_Eifel_20_10_023-300x200.jpg 300w, http:\/\/blog.meineigenerweg.de\/wp-content\/uploads\/2020\/10\/WoMo_Eifel_20_10_023-768x512.jpg 768w, http:\/\/blog.meineigenerweg.de\/wp-content\/uploads\/2020\/10\/WoMo_Eifel_20_10_023.jpg 1000w\" sizes=\"auto, (max-width: 300px) 100vw, 300px\" \/><\/a> <a href=\"http:\/\/blog.meineigenerweg.de\/wp-content\/uploads\/2020\/10\/WoMo_Eifel_20_10_048.jpg\"><img loading=\"lazy\" decoding=\"async\" class=\"alignnone size-medium wp-image-7264\" src=\"http:\/\/blog.meineigenerweg.de\/wp-content\/uploads\/2020\/10\/WoMo_Eifel_20_10_048-300x200.jpg\" alt=\"\" width=\"300\" height=\"200\" srcset=\"http:\/\/blog.meineigenerweg.de\/wp-content\/uploads\/2020\/10\/WoMo_Eifel_20_10_048-300x200.jpg 300w, http:\/\/blog.meineigenerweg.de\/wp-content\/uploads\/2020\/10\/WoMo_Eifel_20_10_048-768x512.jpg 768w, http:\/\/blog.meineigenerweg.de\/wp-content\/uploads\/2020\/10\/WoMo_Eifel_20_10_048.jpg 1000w\" sizes=\"auto, (max-width: 300px) 100vw, 300px\" \/><\/a><span style=\"color: #0000ff;\"><a style=\"color: #0000ff;\" href=\"https:\/\/www.mosellandtouristik.de\/de\/region-fluss\/reisefuehrer\/romantischste-plaetze\/moselschleife-bei-bremm\/\" target=\"_blank\" rel=\"noopener noreferrer\"><span style=\"text-decoration: underline;\">Moselschleife bei Bremm<\/span><\/a><\/span><\/p>\n<p>\u00dcbernachtet habe ich dann in Neuwied, um am n\u00e4chsten Morgen weiter zu meinem n\u00e4chsten Ziel, der<\/p>\n<p>&nbsp;<\/p>\n<h6>Burg Eltz<\/h6>\n<p>zu fahren. Ein M\u00e4rchenschloss in einer m\u00e4rchenhaften Umgebung. Nebel wabert in den B\u00e4umen und dann zeigt sich die Sonne f\u00fcr kurze Zeit. Vom Parkplatz f\u00fchrt ein sch\u00f6ner Weg bis zur Burg. Wer nicht laufen mag, kann sich mit einem Shuttlebus zur Burg fahren lassen. Vor dem Eingang ist allerdings eine lange Menschenschlange, Wartezeit zur Besichtigung ca. 2 Stunden! Ich begn\u00fcge mich mit der wundersch\u00f6nen Aussenansicht und fahre weiter zur<br \/>\n<a href=\"http:\/\/blog.meineigenerweg.de\/wp-content\/uploads\/2020\/10\/WoMo_Eifel_20_10_202.jpg\"><img loading=\"lazy\" decoding=\"async\" class=\"alignnone size-medium wp-image-7272\" src=\"http:\/\/blog.meineigenerweg.de\/wp-content\/uploads\/2020\/10\/WoMo_Eifel_20_10_202-300x200.jpg\" alt=\"\" width=\"300\" height=\"200\" srcset=\"http:\/\/blog.meineigenerweg.de\/wp-content\/uploads\/2020\/10\/WoMo_Eifel_20_10_202-300x200.jpg 300w, http:\/\/blog.meineigenerweg.de\/wp-content\/uploads\/2020\/10\/WoMo_Eifel_20_10_202-768x512.jpg 768w, http:\/\/blog.meineigenerweg.de\/wp-content\/uploads\/2020\/10\/WoMo_Eifel_20_10_202.jpg 1000w\" sizes=\"auto, (max-width: 300px) 100vw, 300px\" \/><\/a><br \/>\n<span style=\"color: #0000ff;\"><a style=\"color: #0000ff;\" href=\"https:\/\/www.burg-eltz.de\/de\/\" target=\"_blank\" rel=\"noopener noreferrer\"><span style=\"text-decoration: underline;\">Burg Eltz<\/span><\/a><\/span><\/p>\n<p>&nbsp;<\/p>\n<h6>Burg Pyrmont<\/h6>\n<p>Um die Burg f\u00fchrt einer der &#8222;Traumpfade&#8220;, landschaftlich sch\u00f6n gelegene Wanderrouten. Eine davon f\u00fchrt hinunter ins Tal zu einer alten Wasserm\u00fchle. Ich Folge dem pittoresken Pfad vorbei an H\u00f6hlen im bemoosten, wild \u00fcberwucherten Schiefergestein. Eine Rast im M\u00fchlenrestaurant war mir leider nicht geg\u00f6nnt, das Lokal ist wie die Burg, nur von Donnerstag bis Sonntag ge\u00f6ffnet.<br \/>\n<a href=\"http:\/\/blog.meineigenerweg.de\/wp-content\/uploads\/2020\/10\/WoMo_Eifel_20_10_107.jpg\"><img loading=\"lazy\" decoding=\"async\" class=\"alignnone size-medium wp-image-7281\" src=\"http:\/\/blog.meineigenerweg.de\/wp-content\/uploads\/2020\/10\/WoMo_Eifel_20_10_107-300x200.jpg\" alt=\"\" width=\"300\" height=\"200\" srcset=\"http:\/\/blog.meineigenerweg.de\/wp-content\/uploads\/2020\/10\/WoMo_Eifel_20_10_107-300x200.jpg 300w, http:\/\/blog.meineigenerweg.de\/wp-content\/uploads\/2020\/10\/WoMo_Eifel_20_10_107-768x512.jpg 768w, http:\/\/blog.meineigenerweg.de\/wp-content\/uploads\/2020\/10\/WoMo_Eifel_20_10_107.jpg 1000w\" sizes=\"auto, (max-width: 300px) 100vw, 300px\" \/> <\/a><a href=\"http:\/\/blog.meineigenerweg.de\/wp-content\/uploads\/2020\/10\/WoMo_Eifel_20_10_098.jpg\"><img loading=\"lazy\" decoding=\"async\" class=\"alignnone size-medium wp-image-7284\" src=\"http:\/\/blog.meineigenerweg.de\/wp-content\/uploads\/2020\/10\/WoMo_Eifel_20_10_098-300x200.jpg\" alt=\"\" width=\"300\" height=\"200\" srcset=\"http:\/\/blog.meineigenerweg.de\/wp-content\/uploads\/2020\/10\/WoMo_Eifel_20_10_098-300x200.jpg 300w, http:\/\/blog.meineigenerweg.de\/wp-content\/uploads\/2020\/10\/WoMo_Eifel_20_10_098-768x512.jpg 768w, http:\/\/blog.meineigenerweg.de\/wp-content\/uploads\/2020\/10\/WoMo_Eifel_20_10_098.jpg 1000w\" sizes=\"auto, (max-width: 300px) 100vw, 300px\" \/><\/a><br \/>\n<span style=\"color: #0000ff;\"><a style=\"color: #0000ff;\" href=\"https:\/\/www.burg-pyrmont.de\/\" target=\"_blank\" rel=\"noopener noreferrer\"><span style=\"text-decoration: underline;\">Burg Pyrmont<\/span><\/a><\/span><\/p>\n<p>&nbsp;<\/p>\n<h6>Kloster Maria Laach.<\/h6>\n<p>Graues Herbstregenwetter l\u00e4dt mich nicht zu einer gr\u00f6\u00dferen Wanderung um das Kloster ein. Ein kurzer Blick in den Kirchenraum und ein Spaziergang mit Regenjacke und Schirm zum See &#8211; da lass ich mich lieber \u02cbWeiche\u00ed\u00b4 schimpfen und rette mich auf einen hei\u00dfen Kaffee in mein WoMo!<\/p>\n<p><a href=\"http:\/\/blog.meineigenerweg.de\/wp-content\/uploads\/2020\/10\/WoMo_Eifel_20_10_112.jpg\"><img loading=\"lazy\" decoding=\"async\" class=\"alignnone size-medium wp-image-7265\" src=\"http:\/\/blog.meineigenerweg.de\/wp-content\/uploads\/2020\/10\/WoMo_Eifel_20_10_112-300x200.jpg\" alt=\"\" width=\"300\" height=\"200\" srcset=\"http:\/\/blog.meineigenerweg.de\/wp-content\/uploads\/2020\/10\/WoMo_Eifel_20_10_112-300x200.jpg 300w, http:\/\/blog.meineigenerweg.de\/wp-content\/uploads\/2020\/10\/WoMo_Eifel_20_10_112-768x512.jpg 768w, http:\/\/blog.meineigenerweg.de\/wp-content\/uploads\/2020\/10\/WoMo_Eifel_20_10_112.jpg 1000w\" sizes=\"auto, (max-width: 300px) 100vw, 300px\" \/><\/a> <a href=\"http:\/\/blog.meineigenerweg.de\/wp-content\/uploads\/2020\/10\/WoMo_Eifel_20_10_168.jpg\"><img loading=\"lazy\" decoding=\"async\" class=\"alignnone size-medium wp-image-7299\" src=\"http:\/\/blog.meineigenerweg.de\/wp-content\/uploads\/2020\/10\/WoMo_Eifel_20_10_168-300x200.jpg\" alt=\"\" width=\"300\" height=\"200\" srcset=\"http:\/\/blog.meineigenerweg.de\/wp-content\/uploads\/2020\/10\/WoMo_Eifel_20_10_168-300x200.jpg 300w, http:\/\/blog.meineigenerweg.de\/wp-content\/uploads\/2020\/10\/WoMo_Eifel_20_10_168-768x512.jpg 768w, http:\/\/blog.meineigenerweg.de\/wp-content\/uploads\/2020\/10\/WoMo_Eifel_20_10_168.jpg 1000w\" sizes=\"auto, (max-width: 300px) 100vw, 300px\" \/><\/a><br \/>\n<a href=\"http:\/\/blog.meineigenerweg.de\/wp-content\/uploads\/2020\/10\/WoMo_Eifel_20_10_119.jpg\"><img loading=\"lazy\" decoding=\"async\" class=\"alignnone size-medium wp-image-7266\" src=\"http:\/\/blog.meineigenerweg.de\/wp-content\/uploads\/2020\/10\/WoMo_Eifel_20_10_119-300x200.jpg\" alt=\"\" width=\"300\" height=\"200\" srcset=\"http:\/\/blog.meineigenerweg.de\/wp-content\/uploads\/2020\/10\/WoMo_Eifel_20_10_119-300x200.jpg 300w, http:\/\/blog.meineigenerweg.de\/wp-content\/uploads\/2020\/10\/WoMo_Eifel_20_10_119-768x512.jpg 768w, http:\/\/blog.meineigenerweg.de\/wp-content\/uploads\/2020\/10\/WoMo_Eifel_20_10_119.jpg 1000w\" sizes=\"auto, (max-width: 300px) 100vw, 300px\" \/> <\/a><a href=\"http:\/\/blog.meineigenerweg.de\/wp-content\/uploads\/2020\/10\/WoMo_Eifel_20_10_120.jpg\"><img loading=\"lazy\" decoding=\"async\" class=\"alignnone size-medium wp-image-7267\" src=\"http:\/\/blog.meineigenerweg.de\/wp-content\/uploads\/2020\/10\/WoMo_Eifel_20_10_120-300x200.jpg\" alt=\"\" width=\"300\" height=\"200\" srcset=\"http:\/\/blog.meineigenerweg.de\/wp-content\/uploads\/2020\/10\/WoMo_Eifel_20_10_120-300x200.jpg 300w, http:\/\/blog.meineigenerweg.de\/wp-content\/uploads\/2020\/10\/WoMo_Eifel_20_10_120-768x512.jpg 768w, http:\/\/blog.meineigenerweg.de\/wp-content\/uploads\/2020\/10\/WoMo_Eifel_20_10_120.jpg 1000w\" sizes=\"auto, (max-width: 300px) 100vw, 300px\" \/><\/a><br \/>\n<span style=\"color: #0000ff;\"><a href=\"https:\/\/www.maria-laach.de\/\" target=\"_blank\" rel=\"noopener noreferrer\"><span style=\"color: #0000ff;\"><span style=\"text-decoration: underline;\">Kloster Maria Laach<\/span><\/span><\/a><\/span><\/p>\n<p>&nbsp;<\/p>\n<h6>Geysir in Andernach<\/h6>\n<p>In Andernach m\u00f6chte ich mir den Geysier ansehen. 4 mal am Tag schie\u00dft er \u00fcber 50 mtr in die H\u00f6he. Zu Corona-Zeiten h\u00e4tte ich allerdings im Voraus ein Ticket buchen m\u00fcssen. Leider lagen die verf\u00fcgbaren Zeitfenster nicht mehr in meiner Urlaubszeit. Also fr\u00fch genug informieren und Tickets vorbestellen.<br \/>\n<span style=\"color: #0000ff;\"><a href=\"https:\/\/www.geysir-andernach.de\/\" target=\"_blank\" rel=\"noopener noreferrer\"><span style=\"color: #0000ff;\"><span style=\"text-decoration: underline;\">Geysir Andernach<\/span><\/span><\/a><\/span><\/p>\n<p>&nbsp;<\/p>\n<h6>Radioteleskop Effelsberg<\/h6>\n<p>Schon lange war es mein Wunsch, mir dieses technische Pr\u00e4zisionswerkzeug einmal live anzuschauen. &#8211; 100 mtr im Durchmesser, so gro\u00df wie ein Fussballplatz &#8211; neigen und drehen auf 0,1 mm genau. Es wurde bereits 1972 in Betrieb genommen und war 30 Jahre lang das gr\u00f6\u00dfte bewegliche Radioteleskop der Welt. Das zur Zeit gr\u00f6\u00dfte, mit 500 mtr Durchmesser, steht in China.<br \/>\n<a href=\"http:\/\/blog.meineigenerweg.de\/wp-content\/uploads\/2020\/10\/WoMo_Eifel_20_10_174.jpg\"><img loading=\"lazy\" decoding=\"async\" class=\"alignnone size-medium wp-image-7270\" src=\"http:\/\/blog.meineigenerweg.de\/wp-content\/uploads\/2020\/10\/WoMo_Eifel_20_10_174-300x200.jpg\" alt=\"\" width=\"300\" height=\"200\" srcset=\"http:\/\/blog.meineigenerweg.de\/wp-content\/uploads\/2020\/10\/WoMo_Eifel_20_10_174-300x200.jpg 300w, http:\/\/blog.meineigenerweg.de\/wp-content\/uploads\/2020\/10\/WoMo_Eifel_20_10_174-768x512.jpg 768w, http:\/\/blog.meineigenerweg.de\/wp-content\/uploads\/2020\/10\/WoMo_Eifel_20_10_174.jpg 1000w\" sizes=\"auto, (max-width: 300px) 100vw, 300px\" \/><\/a> <a href=\"http:\/\/blog.meineigenerweg.de\/wp-content\/uploads\/2020\/10\/WoMo_Eifel_20_10_129.jpg\"><img loading=\"lazy\" decoding=\"async\" class=\"alignnone size-medium wp-image-7268\" src=\"http:\/\/blog.meineigenerweg.de\/wp-content\/uploads\/2020\/10\/WoMo_Eifel_20_10_129-300x200.jpg\" alt=\"\" width=\"300\" height=\"200\" srcset=\"http:\/\/blog.meineigenerweg.de\/wp-content\/uploads\/2020\/10\/WoMo_Eifel_20_10_129-300x200.jpg 300w, http:\/\/blog.meineigenerweg.de\/wp-content\/uploads\/2020\/10\/WoMo_Eifel_20_10_129-768x512.jpg 768w, http:\/\/blog.meineigenerweg.de\/wp-content\/uploads\/2020\/10\/WoMo_Eifel_20_10_129.jpg 1000w\" sizes=\"auto, (max-width: 300px) 100vw, 300px\" \/><\/a> <a href=\"http:\/\/blog.meineigenerweg.de\/wp-content\/uploads\/2020\/10\/WoMo_Eifel_20_10_139.jpg\"><img loading=\"lazy\" decoding=\"async\" class=\"alignnone size-medium wp-image-7269\" src=\"http:\/\/blog.meineigenerweg.de\/wp-content\/uploads\/2020\/10\/WoMo_Eifel_20_10_139-300x200.jpg\" alt=\"\" width=\"300\" height=\"200\" srcset=\"http:\/\/blog.meineigenerweg.de\/wp-content\/uploads\/2020\/10\/WoMo_Eifel_20_10_139-300x200.jpg 300w, http:\/\/blog.meineigenerweg.de\/wp-content\/uploads\/2020\/10\/WoMo_Eifel_20_10_139-768x512.jpg 768w, http:\/\/blog.meineigenerweg.de\/wp-content\/uploads\/2020\/10\/WoMo_Eifel_20_10_139.jpg 1000w\" sizes=\"auto, (max-width: 300px) 100vw, 300px\" \/><\/a><br \/>\n<span style=\"color: #0000ff;\"><a href=\"https:\/\/www.mpifr-bonn.mpg.de\/effelsberg\/\" target=\"_blank\" rel=\"noopener noreferrer\"><span style=\"color: #0000ff;\"><span style=\"text-decoration: underline;\">Radioteleskop Effelsberg<\/span><\/span><\/a><\/span><\/p>\n<p>&nbsp;<\/p>\n<p><em>Meine Wertung: <span style=\"color: #ff0000;\">****<\/span>* eine sch\u00f6ne Woche, besonders im Herbst zur Weinlese<\/em><\/p>\n","protected":false},"excerpt":{"rendered":"<p>Oktober 2020 Moselschleife bei Bremm Goldener Oktober an der Mosel &#8211; mein Stellplatz soll heute direkt auf einem Weingut sein. Was ich nicht bedacht habe, ist, dass in den Herbstferien und zu Coronazeiten viele, viele Urlauber genau hier Urlaub machen wollen. Auch der Stellplatz auf dem Weingut ist gerappelt voll,<\/p>\n","protected":false},"author":1,"featured_media":7274,"parent":5162,"menu_order":0,"comment_status":"closed","ping_status":"closed","template":"","meta":{"footnotes":""},"class_list":["post-7259","page","type-page","status-publish","has-post-thumbnail","hentry"],"_links":{"self":[{"href":"http:\/\/blog.meineigenerweg.de\/index.php?rest_route=\/wp\/v2\/pages\/7259","targetHints":{"allow":["GET"]}}],"collection":[{"href":"http:\/\/blog.meineigenerweg.de\/index.php?rest_route=\/wp\/v2\/pages"}],"about":[{"href":"http:\/\/blog.meineigenerweg.de\/index.php?rest_route=\/wp\/v2\/types\/page"}],"author":[{"embeddable":true,"href":"http:\/\/blog.meineigenerweg.de\/index.php?rest_route=\/wp\/v2\/users\/1"}],"replies":[{"embeddable":true,"href":"http:\/\/blog.meineigenerweg.de\/index.php?rest_route=%2Fwp%2Fv2%2Fcomments&post=7259"}],"version-history":[{"count":29,"href":"http:\/\/blog.meineigenerweg.de\/index.php?rest_route=\/wp\/v2\/pages\/7259\/revisions"}],"predecessor-version":[{"id":7304,"href":"http:\/\/blog.meineigenerweg.de\/index.php?rest_route=\/wp\/v2\/pages\/7259\/revisions\/7304"}],"up":[{"embeddable":true,"href":"http:\/\/blog.meineigenerweg.de\/index.php?rest_route=\/wp\/v2\/pages\/5162"}],"wp:featuredmedia":[{"embeddable":true,"href":"http:\/\/blog.meineigenerweg.de\/index.php?rest_route=\/wp\/v2\/media\/7274"}],"wp:attachment":[{"href":"http:\/\/blog.meineigenerweg.de\/index.php?rest_route=%2Fwp%2Fv2%2Fmedia&parent=7259"}],"curies":[{"name":"wp","href":"https:\/\/api.w.org\/{rel}","templated":true}]}}