{"id":6785,"date":"2020-02-05T20:03:25","date_gmt":"2020-02-05T19:03:25","guid":{"rendered":"http:\/\/blog.meineigenerweg.de\/?page_id=6785"},"modified":"2020-02-05T23:36:44","modified_gmt":"2020-02-05T22:36:44","slug":"freiburg-weihnachtsmarkt","status":"publish","type":"page","link":"http:\/\/blog.meineigenerweg.de\/?page_id=6785","title":{"rendered":"Freiburg &#8211; Weihnachtsmarkt ****"},"content":{"rendered":"<p>Dezember 2019<\/p>\n<p>Der Freiburger Weihnachtsmarkt ist mitten in der Innenstadt auf dem Rathausplatz und zieht sich in die Stra\u00dfen hinein. Nicht nur einige regionale St\u00e4nde mit heimischen Gerichten und Spirituosen, auch der Gl\u00fchwein wird aus Weinen der Region ausgeschenkt. Au\u00dfer dem \u00fcblichen Angebot auf solchen M\u00e4rkten finde ich auch einige St\u00e4nde mit sch\u00f6ne Kleinigkeiten, bei denen ich meine letzten Weihnachteink\u00e4ufe t\u00e4tige.<\/p>\n<p><a href=\"http:\/\/blog.meineigenerweg.de\/wp-content\/uploads\/2020\/01\/IMG_0126.jpg\"><img loading=\"lazy\" decoding=\"async\" class=\"alignnone size-medium wp-image-6796\" src=\"http:\/\/blog.meineigenerweg.de\/wp-content\/uploads\/2020\/01\/IMG_0126-300x200.jpg\" alt=\"\" width=\"300\" height=\"200\" srcset=\"http:\/\/blog.meineigenerweg.de\/wp-content\/uploads\/2020\/01\/IMG_0126-300x200.jpg 300w, http:\/\/blog.meineigenerweg.de\/wp-content\/uploads\/2020\/01\/IMG_0126-768x512.jpg 768w, http:\/\/blog.meineigenerweg.de\/wp-content\/uploads\/2020\/01\/IMG_0126.jpg 1000w\" sizes=\"auto, (max-width: 300px) 100vw, 300px\" \/><\/a> <a href=\"http:\/\/blog.meineigenerweg.de\/wp-content\/uploads\/2020\/01\/IMG_0127.jpg\"><img loading=\"lazy\" decoding=\"async\" class=\"alignnone size-medium wp-image-6797\" src=\"http:\/\/blog.meineigenerweg.de\/wp-content\/uploads\/2020\/01\/IMG_0127-300x200.jpg\" alt=\"\" width=\"300\" height=\"200\" srcset=\"http:\/\/blog.meineigenerweg.de\/wp-content\/uploads\/2020\/01\/IMG_0127-300x200.jpg 300w, http:\/\/blog.meineigenerweg.de\/wp-content\/uploads\/2020\/01\/IMG_0127-768x512.jpg 768w, http:\/\/blog.meineigenerweg.de\/wp-content\/uploads\/2020\/01\/IMG_0127.jpg 1000w\" sizes=\"auto, (max-width: 300px) 100vw, 300px\" \/><\/a><\/p>\n<p>leckeres Schmalzgeb\u00e4ck<\/p>\n<p><a href=\"http:\/\/blog.meineigenerweg.de\/wp-content\/uploads\/2020\/01\/IMG_0130.jpg\"><img loading=\"lazy\" decoding=\"async\" class=\"alignnone size-medium wp-image-6798\" src=\"http:\/\/blog.meineigenerweg.de\/wp-content\/uploads\/2020\/01\/IMG_0130-200x300.jpg\" alt=\"\" width=\"200\" height=\"300\" srcset=\"http:\/\/blog.meineigenerweg.de\/wp-content\/uploads\/2020\/01\/IMG_0130-200x300.jpg 200w, http:\/\/blog.meineigenerweg.de\/wp-content\/uploads\/2020\/01\/IMG_0130.jpg 667w\" sizes=\"auto, (max-width: 200px) 100vw, 200px\" \/><\/a><\/p>\n","protected":false},"excerpt":{"rendered":"<p>Dezember 2019 Der Freiburger Weihnachtsmarkt ist mitten in der Innenstadt auf dem Rathausplatz und zieht sich in die Stra\u00dfen hinein. Nicht nur einige regionale St\u00e4nde mit heimischen Gerichten und Spirituosen, auch der Gl\u00fchwein wird aus Weinen der Region ausgeschenkt. Au\u00dfer dem \u00fcblichen Angebot auf solchen M\u00e4rkten finde ich auch einige<\/p>\n","protected":false},"author":1,"featured_media":6885,"parent":3419,"menu_order":0,"comment_status":"closed","ping_status":"closed","template":"","meta":{"footnotes":""},"class_list":["post-6785","page","type-page","status-publish","has-post-thumbnail","hentry"],"_links":{"self":[{"href":"http:\/\/blog.meineigenerweg.de\/index.php?rest_route=\/wp\/v2\/pages\/6785","targetHints":{"allow":["GET"]}}],"collection":[{"href":"http:\/\/blog.meineigenerweg.de\/index.php?rest_route=\/wp\/v2\/pages"}],"about":[{"href":"http:\/\/blog.meineigenerweg.de\/index.php?rest_route=\/wp\/v2\/types\/page"}],"author":[{"embeddable":true,"href":"http:\/\/blog.meineigenerweg.de\/index.php?rest_route=\/wp\/v2\/users\/1"}],"replies":[{"embeddable":true,"href":"http:\/\/blog.meineigenerweg.de\/index.php?rest_route=%2Fwp%2Fv2%2Fcomments&post=6785"}],"version-history":[{"count":10,"href":"http:\/\/blog.meineigenerweg.de\/index.php?rest_route=\/wp\/v2\/pages\/6785\/revisions"}],"predecessor-version":[{"id":6883,"href":"http:\/\/blog.meineigenerweg.de\/index.php?rest_route=\/wp\/v2\/pages\/6785\/revisions\/6883"}],"up":[{"embeddable":true,"href":"http:\/\/blog.meineigenerweg.de\/index.php?rest_route=\/wp\/v2\/pages\/3419"}],"wp:featuredmedia":[{"embeddable":true,"href":"http:\/\/blog.meineigenerweg.de\/index.php?rest_route=\/wp\/v2\/media\/6885"}],"wp:attachment":[{"href":"http:\/\/blog.meineigenerweg.de\/index.php?rest_route=%2Fwp%2Fv2%2Fmedia&parent=6785"}],"curies":[{"name":"wp","href":"https:\/\/api.w.org\/{rel}","templated":true}]}}

<p>Dezember 2019</p>
<p>Der Freiburger Weihnachtsmarkt ist mitten in der Innenstadt auf dem Rathausplatz und zieht sich in die Straßen hinein. Nicht nur einige regionale Stände mit heimischen Gerichten und Spirituosen, auch der Glühwein wird aus Weinen der Region ausgeschenkt. Außer dem üblichen Angebot auf solchen Märkten finde ich auch einige Stände mit schöne Kleinigkeiten, bei denen ich meine letzten Weihnachteinkäufe tätige.</p>
<p><a href="http://blog.meineigenerweg.de/wp-content/uploads/2020/01/IMG_0126.jpg"><img loading="lazy" decoding="async" class="alignnone size-medium wp-image-6796" src="http://blog.meineigenerweg.de/wp-content/uploads/2020/01/IMG_0126-300x200.jpg" alt="" width="300" height="200" srcset="http://blog.meineigenerweg.de/wp-content/uploads/2020/01/IMG_0126-300x200.jpg 300w, http://blog.meineigenerweg.de/wp-content/uploads/2020/01/IMG_0126-768x512.jpg 768w, http://blog.meineigenerweg.de/wp-content/uploads/2020/01/IMG_0126.jpg 1000w" sizes="auto, (max-width: 300px) 100vw, 300px" /></a> <a href="http://blog.meineigenerweg.de/wp-content/uploads/2020/01/IMG_0127.jpg"><img loading="lazy" decoding="async" class="alignnone size-medium wp-image-6797" src="http://blog.meineigenerweg.de/wp-content/uploads/2020/01/IMG_0127-300x200.jpg" alt="" width="300" height="200" srcset="http://blog.meineigenerweg.de/wp-content/uploads/2020/01/IMG_0127-300x200.jpg 300w, http://blog.meineigenerweg.de/wp-content/uploads/2020/01/IMG_0127-768x512.jpg 768w, http://blog.meineigenerweg.de/wp-content/uploads/2020/01/IMG_0127.jpg 1000w" sizes="auto, (max-width: 300px) 100vw, 300px" /></a></p>
<p>leckeres Schmalzgebäck</p>
<p><a href="http://blog.meineigenerweg.de/wp-content/uploads/2020/01/IMG_0130.jpg"><img loading="lazy" decoding="async" class="alignnone size-medium wp-image-6798" src="http://blog.meineigenerweg.de/wp-content/uploads/2020/01/IMG_0130-200x300.jpg" alt="" width="200" height="300" srcset="http://blog.meineigenerweg.de/wp-content/uploads/2020/01/IMG_0130-200x300.jpg 200w, http://blog.meineigenerweg.de/wp-content/uploads/2020/01/IMG_0130.jpg 667w" sizes="auto, (max-width: 200px) 100vw, 200px" /></a></p>

<p>Dezember 2019 Der Freiburger Weihnachtsmarkt ist mitten in der Innenstadt auf dem Rathausplatz und zieht sich in die Straßen hinein. Nicht nur einige regionale Stände mit heimischen Gerichten und Spirituosen, auch der Glühwein wird aus Weinen der Region ausgeschenkt. Außer dem üblichen Angebot auf solchen Märkten finde ich auch einige</p>
