{"id":6673,"date":"2020-01-13T11:04:29","date_gmt":"2020-01-13T10:04:29","guid":{"rendered":"http:\/\/blog.meineigenerweg.de\/?page_id=6673"},"modified":"2023-02-14T23:11:48","modified_gmt":"2023-02-14T22:11:48","slug":"furtwangen","status":"publish","type":"page","link":"http:\/\/blog.meineigenerweg.de\/?page_id=6673","title":{"rendered":"Furtwangen *"},"content":{"rendered":"<p>September 2019<\/p>\n<p>Vor vierzig Jahren habe ich in Furtwangen studiert. Damals war der Ort gepr\u00e4gt von der Hochschule und den vielen Studenten und den feinmechanischen Betrieben im Ort. Es gab kleine Gesch\u00e4fte, in denen auch Handwerkskunst aus dem Schwarzwald verkauft wurde. In den Gastst\u00e4tten traf man sich auf ein &#8222;Viertele&#8220;, in den Cafes konnte man Meringe oder Linzer Torte kaufen. Diese kleinen alten L\u00e4den sind verschwunden und haben einer Drogeriemarktkette, Gro\u00dfb\u00e4ckereien, Spielhallen und D\u00f6ner-L\u00e4den Platz gemacht. Am Marktplatz steht eine futuristische Bushaltestelle, sonst ist dort nichts mehr los. Den kleinen Skilift Richtung Fatima-Kapelle konnte ich nicht mehr entdecken. Da hat die allgemeine Entwicklung zu ver\u00f6deten Innenst\u00e4dten leider auch vor diesem Ort im Hochschwarzwald nicht haltgemacht &#8211; ich denke mit etwas Wehmut an meine Zeit in einem damals anderen Ort zur\u00fcck.<\/p>\n<p><a href=\"http:\/\/blog.meineigenerweg.de\/wp-content\/uploads\/2019\/09\/Schwarzwald_19_09_212.jpg\"><img loading=\"lazy\" decoding=\"async\" class=\"alignnone size-medium wp-image-6675\" src=\"http:\/\/blog.meineigenerweg.de\/wp-content\/uploads\/2019\/09\/Schwarzwald_19_09_212-300x200.jpg\" alt=\"\" width=\"300\" height=\"200\" srcset=\"http:\/\/blog.meineigenerweg.de\/wp-content\/uploads\/2019\/09\/Schwarzwald_19_09_212-300x200.jpg 300w, http:\/\/blog.meineigenerweg.de\/wp-content\/uploads\/2019\/09\/Schwarzwald_19_09_212-768x512.jpg 768w, http:\/\/blog.meineigenerweg.de\/wp-content\/uploads\/2019\/09\/Schwarzwald_19_09_212-1024x683.jpg 1024w\" sizes=\"auto, (max-width: 300px) 100vw, 300px\" \/><\/a><\/p>\n","protected":false},"excerpt":{"rendered":"<p>September 2019 Vor vierzig Jahren habe ich in Furtwangen studiert. Damals war der Ort gepr\u00e4gt von der Hochschule und den vielen Studenten und den feinmechanischen Betrieben im Ort. Es gab kleine Gesch\u00e4fte, in denen auch Handwerkskunst aus dem Schwarzwald verkauft wurde. In den Gastst\u00e4tten traf man sich auf ein &#8222;Viertele&#8220;,<\/p>\n","protected":false},"author":1,"featured_media":6850,"parent":3419,"menu_order":0,"comment_status":"closed","ping_status":"closed","template":"","meta":{"footnotes":""},"class_list":["post-6673","page","type-page","status-publish","has-post-thumbnail","hentry"],"_links":{"self":[{"href":"http:\/\/blog.meineigenerweg.de\/index.php?rest_route=\/wp\/v2\/pages\/6673","targetHints":{"allow":["GET"]}}],"collection":[{"href":"http:\/\/blog.meineigenerweg.de\/index.php?rest_route=\/wp\/v2\/pages"}],"about":[{"href":"http:\/\/blog.meineigenerweg.de\/index.php?rest_route=\/wp\/v2\/types\/page"}],"author":[{"embeddable":true,"href":"http:\/\/blog.meineigenerweg.de\/index.php?rest_route=\/wp\/v2\/users\/1"}],"replies":[{"embeddable":true,"href":"http:\/\/blog.meineigenerweg.de\/index.php?rest_route=%2Fwp%2Fv2%2Fcomments&post=6673"}],"version-history":[{"count":6,"href":"http:\/\/blog.meineigenerweg.de\/index.php?rest_route=\/wp\/v2\/pages\/6673\/revisions"}],"predecessor-version":[{"id":8687,"href":"http:\/\/blog.meineigenerweg.de\/index.php?rest_route=\/wp\/v2\/pages\/6673\/revisions\/8687"}],"up":[{"embeddable":true,"href":"http:\/\/blog.meineigenerweg.de\/index.php?rest_route=\/wp\/v2\/pages\/3419"}],"wp:featuredmedia":[{"embeddable":true,"href":"http:\/\/blog.meineigenerweg.de\/index.php?rest_route=\/wp\/v2\/media\/6850"}],"wp:attachment":[{"href":"http:\/\/blog.meineigenerweg.de\/index.php?rest_route=%2Fwp%2Fv2%2Fmedia&parent=6673"}],"curies":[{"name":"wp","href":"https:\/\/api.w.org\/{rel}","templated":true}]}}

<p>September 2019</p>
<p>Vor vierzig Jahren habe ich in Furtwangen studiert. Damals war der Ort geprägt von der Hochschule und den vielen Studenten und den feinmechanischen Betrieben im Ort. Es gab kleine Geschäfte, in denen auch Handwerkskunst aus dem Schwarzwald verkauft wurde. In den Gaststätten traf man sich auf ein &#8222;Viertele&#8220;, in den Cafes konnte man Meringe oder Linzer Torte kaufen. Diese kleinen alten Läden sind verschwunden und haben einer Drogeriemarktkette, Großbäckereien, Spielhallen und Döner-Läden Platz gemacht. Am Marktplatz steht eine futuristische Bushaltestelle, sonst ist dort nichts mehr los. Den kleinen Skilift Richtung Fatima-Kapelle konnte ich nicht mehr entdecken. Da hat die allgemeine Entwicklung zu verödeten Innenstädten leider auch vor diesem Ort im Hochschwarzwald nicht haltgemacht &#8211; ich denke mit etwas Wehmut an meine Zeit in einem damals anderen Ort zurück.</p>
<p><a href="http://blog.meineigenerweg.de/wp-content/uploads/2019/09/Schwarzwald_19_09_212.jpg"><img loading="lazy" decoding="async" class="alignnone size-medium wp-image-6675" src="http://blog.meineigenerweg.de/wp-content/uploads/2019/09/Schwarzwald_19_09_212-300x200.jpg" alt="" width="300" height="200" srcset="http://blog.meineigenerweg.de/wp-content/uploads/2019/09/Schwarzwald_19_09_212-300x200.jpg 300w, http://blog.meineigenerweg.de/wp-content/uploads/2019/09/Schwarzwald_19_09_212-768x512.jpg 768w, http://blog.meineigenerweg.de/wp-content/uploads/2019/09/Schwarzwald_19_09_212-1024x683.jpg 1024w" sizes="auto, (max-width: 300px) 100vw, 300px" /></a></p>

<p>September 2019 Vor vierzig Jahren habe ich in Furtwangen studiert. Damals war der Ort geprägt von der Hochschule und den vielen Studenten und den feinmechanischen Betrieben im Ort. Es gab kleine Geschäfte, in denen auch Handwerkskunst aus dem Schwarzwald verkauft wurde. In den Gaststätten traf man sich auf ein &#8222;Viertele&#8220;,</p>
