{"id":564,"date":"2014-02-09T21:34:58","date_gmt":"2014-02-09T20:34:58","guid":{"rendered":"http:\/\/blog.meineigenerweg.de\/?page_id=564"},"modified":"2020-02-28T23:17:56","modified_gmt":"2020-02-28T22:17:56","slug":"valmorel","status":"publish","type":"page","link":"http:\/\/blog.meineigenerweg.de\/?page_id=564","title":{"rendered":"Valmorel ****"},"content":{"rendered":"<p>Silvester 2019 \/ Neujahr 2020<\/p>\n<p>Wie fast jedes Jahr hat es mich ich auch in diesem Jahr wieder in meinen Lieblingsskiort gezogen, nach Valmorel. Und wie immer war es ein toller Urlaub. Hier nochmal ein paar Eindr\u00fccke.<\/p>\n<p>Aus dem Skikeller kommt man direkt auf die Piste<\/p>\n<p><a href=\"http:\/\/blog.meineigenerweg.de\/wp-content\/uploads\/2020\/01\/Valmorel_19_12_005.jpg\"><img loading=\"lazy\" decoding=\"async\" class=\"alignnone size-medium wp-image-6801\" src=\"http:\/\/blog.meineigenerweg.de\/wp-content\/uploads\/2020\/01\/Valmorel_19_12_005-300x200.jpg\" alt=\"\" width=\"300\" height=\"200\" srcset=\"http:\/\/blog.meineigenerweg.de\/wp-content\/uploads\/2020\/01\/Valmorel_19_12_005-300x200.jpg 300w, http:\/\/blog.meineigenerweg.de\/wp-content\/uploads\/2020\/01\/Valmorel_19_12_005-768x512.jpg 768w, http:\/\/blog.meineigenerweg.de\/wp-content\/uploads\/2020\/01\/Valmorel_19_12_005.jpg 1000w\" sizes=\"auto, (max-width: 300px) 100vw, 300px\" \/><\/a><\/p>\n<p>Die Sonnenunterg\u00e4nge sind spektakul\u00e4r<\/p>\n<p><a href=\"http:\/\/blog.meineigenerweg.de\/wp-content\/uploads\/2020\/01\/Valmorel_19_12_011.jpg\"><img loading=\"lazy\" decoding=\"async\" class=\"alignnone size-medium wp-image-6802\" src=\"http:\/\/blog.meineigenerweg.de\/wp-content\/uploads\/2020\/01\/Valmorel_19_12_011-300x200.jpg\" alt=\"\" width=\"300\" height=\"200\" srcset=\"http:\/\/blog.meineigenerweg.de\/wp-content\/uploads\/2020\/01\/Valmorel_19_12_011-300x200.jpg 300w, http:\/\/blog.meineigenerweg.de\/wp-content\/uploads\/2020\/01\/Valmorel_19_12_011-768x512.jpg 768w, http:\/\/blog.meineigenerweg.de\/wp-content\/uploads\/2020\/01\/Valmorel_19_12_011.jpg 1000w\" sizes=\"auto, (max-width: 300px) 100vw, 300px\" \/><\/a><\/p>\n<p>Die Wanderwege gut pr\u00e4pariert<\/p>\n<p><a href=\"http:\/\/blog.meineigenerweg.de\/wp-content\/uploads\/2020\/01\/Valmorel_19_12_038.jpg\"><img loading=\"lazy\" decoding=\"async\" class=\"alignnone size-medium wp-image-6803\" src=\"http:\/\/blog.meineigenerweg.de\/wp-content\/uploads\/2020\/01\/Valmorel_19_12_038-300x200.jpg\" alt=\"\" width=\"300\" height=\"200\" srcset=\"http:\/\/blog.meineigenerweg.de\/wp-content\/uploads\/2020\/01\/Valmorel_19_12_038-300x200.jpg 300w, http:\/\/blog.meineigenerweg.de\/wp-content\/uploads\/2020\/01\/Valmorel_19_12_038-768x512.jpg 768w, http:\/\/blog.meineigenerweg.de\/wp-content\/uploads\/2020\/01\/Valmorel_19_12_038.jpg 1000w\" sizes=\"auto, (max-width: 300px) 100vw, 300px\" \/><\/a><\/p>\n<p>Die H\u00fctten teuer und voll aber urig und gem\u00fctlich und ein t\u00e4gliches Muss<\/p>\n<p><a href=\"http:\/\/blog.meineigenerweg.de\/wp-content\/uploads\/2020\/01\/Valmorel_19_12_093.jpg\"><img loading=\"lazy\" decoding=\"async\" class=\"alignnone size-medium wp-image-6804\" src=\"http:\/\/blog.meineigenerweg.de\/wp-content\/uploads\/2020\/01\/Valmorel_19_12_093-300x200.jpg\" alt=\"\" width=\"300\" height=\"200\" srcset=\"http:\/\/blog.meineigenerweg.de\/wp-content\/uploads\/2020\/01\/Valmorel_19_12_093-300x200.jpg 300w, http:\/\/blog.meineigenerweg.de\/wp-content\/uploads\/2020\/01\/Valmorel_19_12_093-768x512.jpg 768w, http:\/\/blog.meineigenerweg.de\/wp-content\/uploads\/2020\/01\/Valmorel_19_12_093.jpg 1000w\" sizes=\"auto, (max-width: 300px) 100vw, 300px\" \/><\/a><\/p>\n<p>Der Ort bietet neben Schnee und etliche Gesch\u00e4ften auch viele gem\u00fctliche Restaurants und stimmungsvolle Bars<\/p>\n<p><a href=\"http:\/\/blog.meineigenerweg.de\/wp-content\/uploads\/2020\/01\/Valmorel_19_12_101.jpg\"><img loading=\"lazy\" decoding=\"async\" class=\"alignnone size-medium wp-image-6807\" src=\"http:\/\/blog.meineigenerweg.de\/wp-content\/uploads\/2020\/01\/Valmorel_19_12_101-300x200.jpg\" alt=\"\" width=\"300\" height=\"200\" srcset=\"http:\/\/blog.meineigenerweg.de\/wp-content\/uploads\/2020\/01\/Valmorel_19_12_101-300x200.jpg 300w, http:\/\/blog.meineigenerweg.de\/wp-content\/uploads\/2020\/01\/Valmorel_19_12_101-768x512.jpg 768w, http:\/\/blog.meineigenerweg.de\/wp-content\/uploads\/2020\/01\/Valmorel_19_12_101.jpg 1000w\" sizes=\"auto, (max-width: 300px) 100vw, 300px\" \/><\/a><\/p>\n<p>&#8230; und der Schnee &#8230; einfach super!<\/p>\n<p><a href=\"http:\/\/blog.meineigenerweg.de\/wp-content\/uploads\/2020\/01\/530688_4349332567354_1199901915_n.jpg\"><img loading=\"lazy\" decoding=\"async\" class=\"alignnone size-medium wp-image-6808\" src=\"http:\/\/blog.meineigenerweg.de\/wp-content\/uploads\/2020\/01\/530688_4349332567354_1199901915_n-300x200.jpg\" alt=\"\" width=\"300\" height=\"200\" srcset=\"http:\/\/blog.meineigenerweg.de\/wp-content\/uploads\/2020\/01\/530688_4349332567354_1199901915_n-300x200.jpg 300w, http:\/\/blog.meineigenerweg.de\/wp-content\/uploads\/2020\/01\/530688_4349332567354_1199901915_n-768x511.jpg 768w, http:\/\/blog.meineigenerweg.de\/wp-content\/uploads\/2020\/01\/530688_4349332567354_1199901915_n.jpg 1000w\" sizes=\"auto, (max-width: 300px) 100vw, 300px\" \/><\/a><\/p>\n<p>&nbsp;<\/p>\n<hr \/>\n<p>&nbsp;<\/p>\n<p>&nbsp;<\/p>\n<p>Also, eigentlich gibt es \u00fcber Valmorel nicht viel zu sagen, es ist weit weg, es ist teuer, die Appartements sind viel zu klein, alle sprechen franz\u00f6sisch &#8230; aber &#8230; es ist\u00a0einfach toll !!!<\/p>\n<p>&nbsp;<\/p>\n<p>Das Skigebiet liegt auf 1400 bis 2550 mtr H\u00f6he.<br \/>\nEs gibt 55 km blaue Piste, 75 km rote und 35 km schwarze.<br \/>\nHinauf kommt man mit 2 Gondeln, 15 Sesselliften und 40 Schleppliften.<br \/>\nHier kann man die <span style=\"color: #0000ff;\"><span style=\"text-decoration: underline;\"><a href=\"http:\/\/www.skiinfo.de\/nordalpen\/valmorel\/schneehoehen-schneebericht.html\" target=\"_blank\" rel=\"noopener noreferrer\"><span style=\"color: #0000ff; text-decoration: underline;\">Schneeh\u00f6he<\/span><\/a><\/span>, <\/span> sehen und hier einen Blick mit der\u00a0<span style=\"color: #0000ff;\"><span style=\"text-decoration: underline;\"><a href=\"http:\/\/m.webcam-hd.com\/valmorel\/lanchettes\" target=\"_blank\" rel=\"noopener noreferrer\"><span style=\"color: #0000ff; text-decoration: underline;\">Webcam<\/span><\/a><\/span>, <\/span> auf den Ort und das Skigebiet werfen.<\/p>\n<p>&nbsp;<\/p>\n<p style=\"text-align: left;\">&gt;&gt;&gt;&gt;&gt; hier geht es weiter &lt;&lt;&lt;&lt;&lt;<!--nextpage--><\/p>\n<h6>Das Appartment<\/h6>\n<p>Nun ja, 6 Personen in einem 35 qm Appartment sind schon ein emotionale Herausforderung und fordert allen Familienmitgliedern\u00a0eine gewisse soziale Kompetenz ab. Aber, der Preis ist akzeptabel und wir haben es alle \u00fcberlebt.<\/p>\n<p>Auch das Wohnzimmer wird Nachts zum Schlafzimmer umgebaut.<\/p>\n<p><a href=\"http:\/\/blog.meineigenerweg.de\/wp-content\/uploads\/2014\/02\/01-Zimmer.jpg\"><img loading=\"lazy\" decoding=\"async\" class=\"alignnone size-medium wp-image-579\" src=\"http:\/\/blog.meineigenerweg.de\/wp-content\/uploads\/2014\/02\/01-Zimmer-300x225.jpg\" alt=\"01 Zimmer\" width=\"300\" height=\"225\" srcset=\"http:\/\/blog.meineigenerweg.de\/wp-content\/uploads\/2014\/02\/01-Zimmer-300x225.jpg 300w, http:\/\/blog.meineigenerweg.de\/wp-content\/uploads\/2014\/02\/01-Zimmer.jpg 1000w\" sizes=\"auto, (max-width: 300px) 100vw, 300px\" \/><\/a><\/p>\n<p>Schlafzimmer<\/p>\n<p><a href=\"http:\/\/blog.meineigenerweg.de\/wp-content\/uploads\/2014\/02\/03-Zimmer.jpg\"><img loading=\"lazy\" decoding=\"async\" class=\"alignnone size-medium wp-image-581\" src=\"http:\/\/blog.meineigenerweg.de\/wp-content\/uploads\/2014\/02\/03-Zimmer-300x225.jpg\" alt=\"03 Zimmer\" width=\"300\" height=\"225\" srcset=\"http:\/\/blog.meineigenerweg.de\/wp-content\/uploads\/2014\/02\/03-Zimmer-300x225.jpg 300w, http:\/\/blog.meineigenerweg.de\/wp-content\/uploads\/2014\/02\/03-Zimmer.jpg 1000w\" sizes=\"auto, (max-width: 300px) 100vw, 300px\" \/><\/a><br \/>\n<a href=\"http:\/\/blog.meineigenerweg.de\/wp-content\/uploads\/2014\/02\/04-Zimmer.jpg\"><img loading=\"lazy\" decoding=\"async\" class=\"alignnone size-medium wp-image-582\" src=\"http:\/\/blog.meineigenerweg.de\/wp-content\/uploads\/2014\/02\/04-Zimmer-300x225.jpg\" alt=\"04 Zimmer\" width=\"300\" height=\"225\" srcset=\"http:\/\/blog.meineigenerweg.de\/wp-content\/uploads\/2014\/02\/04-Zimmer-300x225.jpg 300w, http:\/\/blog.meineigenerweg.de\/wp-content\/uploads\/2014\/02\/04-Zimmer.jpg 1000w\" sizes=\"auto, (max-width: 300px) 100vw, 300px\" \/><\/a><\/p>\n<p>K\u00fcche<\/p>\n<p><a href=\"http:\/\/blog.meineigenerweg.de\/wp-content\/uploads\/2014\/02\/05-Zimmer.jpg\"><img loading=\"lazy\" decoding=\"async\" class=\"alignnone size-medium wp-image-583\" src=\"http:\/\/blog.meineigenerweg.de\/wp-content\/uploads\/2014\/02\/05-Zimmer-300x225.jpg\" alt=\"05 Zimmer\" width=\"300\" height=\"225\" srcset=\"http:\/\/blog.meineigenerweg.de\/wp-content\/uploads\/2014\/02\/05-Zimmer-300x225.jpg 300w, http:\/\/blog.meineigenerweg.de\/wp-content\/uploads\/2014\/02\/05-Zimmer.jpg 1000w\" sizes=\"auto, (max-width: 300px) 100vw, 300px\" \/><\/a><\/p>\n<p>Eine Skibrille ist beim Zwiebelschneiden \u00fcbrigens sehr hilfreich.<\/p>\n<p>&nbsp;<\/p>\n<p style=\"text-align: left;\">&gt;&gt;&gt;&gt;&gt; hier geht es weiter &lt;&lt;&lt;&lt;&lt;<!--nextpage--><\/p>\n<h6>Der Ort<\/h6>\n<p>Ein Kunstdorf, dass 1992, im Rahmen der Winterolympiade in Albertville,\u00a0auf der gr\u00fcnen Wiese neu gebaut wurde. Aber entgegen allen Vorurteilen gegen\u00fcber franz\u00f6sischen Skiorten, gibt es keine unansehnlichen Betonhochh\u00e4user. Sowohl der kleine Ortskern, als auch die Wohnh\u00e4user wirken sehr rustikal und sind alle mit\u00a0Natursteinen und Holz verkleidet.<\/p>\n<p><a href=\"http:\/\/blog.meineigenerweg.de\/wp-content\/uploads\/2014\/02\/Valmorel_12_279.jpg\"><img loading=\"lazy\" decoding=\"async\" class=\"alignnone size-medium wp-image-697\" src=\"http:\/\/blog.meineigenerweg.de\/wp-content\/uploads\/2014\/02\/Valmorel_12_279-300x200.jpg\" alt=\"Valmorel_12_279\" width=\"300\" height=\"200\" srcset=\"http:\/\/blog.meineigenerweg.de\/wp-content\/uploads\/2014\/02\/Valmorel_12_279-300x200.jpg 300w, http:\/\/blog.meineigenerweg.de\/wp-content\/uploads\/2014\/02\/Valmorel_12_279.jpg 1000w\" sizes=\"auto, (max-width: 300px) 100vw, 300px\" \/><\/a><br \/>\n<a href=\"http:\/\/blog.meineigenerweg.de\/wp-content\/uploads\/2014\/02\/Valmorel_12_043.jpg\"><img loading=\"lazy\" decoding=\"async\" class=\"alignnone size-medium wp-image-698\" src=\"http:\/\/blog.meineigenerweg.de\/wp-content\/uploads\/2014\/02\/Valmorel_12_043-300x200.jpg\" alt=\"Valmorel_12_043\" width=\"300\" height=\"200\" srcset=\"http:\/\/blog.meineigenerweg.de\/wp-content\/uploads\/2014\/02\/Valmorel_12_043-300x200.jpg 300w, http:\/\/blog.meineigenerweg.de\/wp-content\/uploads\/2014\/02\/Valmorel_12_043.jpg 1000w\" sizes=\"auto, (max-width: 300px) 100vw, 300px\" \/><\/a><br \/>\n<a href=\"http:\/\/blog.meineigenerweg.de\/wp-content\/uploads\/2014\/02\/Valmorel_O_12_123.jpg\"><img loading=\"lazy\" decoding=\"async\" class=\"alignnone size-medium wp-image-702\" src=\"http:\/\/blog.meineigenerweg.de\/wp-content\/uploads\/2014\/02\/Valmorel_O_12_123-300x225.jpg\" alt=\"Valmorel_O_12_123\" width=\"300\" height=\"225\" srcset=\"http:\/\/blog.meineigenerweg.de\/wp-content\/uploads\/2014\/02\/Valmorel_O_12_123-300x225.jpg 300w, http:\/\/blog.meineigenerweg.de\/wp-content\/uploads\/2014\/02\/Valmorel_O_12_123.jpg 1000w\" sizes=\"auto, (max-width: 300px) 100vw, 300px\" \/><\/a><br \/>\n<a href=\"http:\/\/blog.meineigenerweg.de\/wp-content\/uploads\/2014\/02\/IMGP2674.jpg\"><img loading=\"lazy\" decoding=\"async\" class=\"alignnone size-medium wp-image-724\" src=\"http:\/\/blog.meineigenerweg.de\/wp-content\/uploads\/2014\/02\/IMGP2674-300x225.jpg\" alt=\"IMGP2674\" width=\"300\" height=\"225\" srcset=\"http:\/\/blog.meineigenerweg.de\/wp-content\/uploads\/2014\/02\/IMGP2674-300x225.jpg 300w, http:\/\/blog.meineigenerweg.de\/wp-content\/uploads\/2014\/02\/IMGP2674.jpg 1000w\" sizes=\"auto, (max-width: 300px) 100vw, 300px\" \/><\/a><br \/>\n<a href=\"http:\/\/blog.meineigenerweg.de\/wp-content\/uploads\/2014\/02\/Valmorel_I_09_012x.jpg\"><img loading=\"lazy\" decoding=\"async\" class=\"alignnone size-medium wp-image-705\" src=\"http:\/\/blog.meineigenerweg.de\/wp-content\/uploads\/2014\/02\/Valmorel_I_09_012x-300x225.jpg\" alt=\"Valmorel_I_09_012x\" width=\"300\" height=\"225\" srcset=\"http:\/\/blog.meineigenerweg.de\/wp-content\/uploads\/2014\/02\/Valmorel_I_09_012x-300x225.jpg 300w, http:\/\/blog.meineigenerweg.de\/wp-content\/uploads\/2014\/02\/Valmorel_I_09_012x.jpg 1000w\" sizes=\"auto, (max-width: 300px) 100vw, 300px\" \/><\/a><br \/>\n<a href=\"http:\/\/blog.meineigenerweg.de\/wp-content\/uploads\/2014\/02\/Valmorel_O_09_042.jpg\"><img loading=\"lazy\" decoding=\"async\" class=\"alignnone size-medium wp-image-706\" src=\"http:\/\/blog.meineigenerweg.de\/wp-content\/uploads\/2014\/02\/Valmorel_O_09_042-300x225.jpg\" alt=\"Valmorel_O_09_042\" width=\"300\" height=\"225\" srcset=\"http:\/\/blog.meineigenerweg.de\/wp-content\/uploads\/2014\/02\/Valmorel_O_09_042-300x225.jpg 300w, http:\/\/blog.meineigenerweg.de\/wp-content\/uploads\/2014\/02\/Valmorel_O_09_042.jpg 1000w\" sizes=\"auto, (max-width: 300px) 100vw, 300px\" \/><\/a><\/p>\n<p>&nbsp;<\/p>\n<p style=\"text-align: left;\">&gt;&gt;&gt;&gt;&gt; hier geht es weiter &lt;&lt;&lt;&lt;&lt;<!--nextpage--><\/p>\n<h6>Auf der Piste<\/h6>\n<p>Die Pisten sind breit und ich habe sie noch nie voll erlebt. Am Lift gibt es keine Schlangen und endloses Warten. Meist schein die Sonne und Schnee ist in der Regel (zu Sylvester) ausreichend vorhanden.<\/p>\n<p><a href=\"http:\/\/blog.meineigenerweg.de\/wp-content\/uploads\/2014\/02\/IMGP2576.jpg\"><img loading=\"lazy\" decoding=\"async\" class=\"alignnone size-medium wp-image-709\" src=\"http:\/\/blog.meineigenerweg.de\/wp-content\/uploads\/2014\/02\/IMGP2576-300x225.jpg\" alt=\"IMGP2576\" width=\"300\" height=\"225\" srcset=\"http:\/\/blog.meineigenerweg.de\/wp-content\/uploads\/2014\/02\/IMGP2576-300x225.jpg 300w, http:\/\/blog.meineigenerweg.de\/wp-content\/uploads\/2014\/02\/IMGP2576.jpg 1000w\" sizes=\"auto, (max-width: 300px) 100vw, 300px\" \/><\/a><br \/>\n<a href=\"http:\/\/blog.meineigenerweg.de\/wp-content\/uploads\/2014\/02\/IMGP2582.jpg\"><img loading=\"lazy\" decoding=\"async\" class=\"alignnone size-medium wp-image-710\" src=\"http:\/\/blog.meineigenerweg.de\/wp-content\/uploads\/2014\/02\/IMGP2582-300x225.jpg\" alt=\"IMGP2582\" width=\"300\" height=\"225\" srcset=\"http:\/\/blog.meineigenerweg.de\/wp-content\/uploads\/2014\/02\/IMGP2582-300x225.jpg 300w, http:\/\/blog.meineigenerweg.de\/wp-content\/uploads\/2014\/02\/IMGP2582.jpg 1000w\" sizes=\"auto, (max-width: 300px) 100vw, 300px\" \/><\/a><br \/>\n<a href=\"http:\/\/blog.meineigenerweg.de\/wp-content\/uploads\/2014\/02\/Valmorel_S_12_036.jpg\"><img loading=\"lazy\" decoding=\"async\" class=\"alignnone size-medium wp-image-712\" src=\"http:\/\/blog.meineigenerweg.de\/wp-content\/uploads\/2014\/02\/Valmorel_S_12_036-300x225.jpg\" alt=\"OLYMPUS DIGITAL CAMERA\" width=\"300\" height=\"225\" srcset=\"http:\/\/blog.meineigenerweg.de\/wp-content\/uploads\/2014\/02\/Valmorel_S_12_036-300x225.jpg 300w, http:\/\/blog.meineigenerweg.de\/wp-content\/uploads\/2014\/02\/Valmorel_S_12_036.jpg 1000w\" sizes=\"auto, (max-width: 300px) 100vw, 300px\" \/><\/a><br \/>\n<a href=\"http:\/\/blog.meineigenerweg.de\/wp-content\/uploads\/2014\/02\/IMGP1355.jpg\"><img loading=\"lazy\" decoding=\"async\" class=\"alignnone size-medium wp-image-713\" src=\"http:\/\/blog.meineigenerweg.de\/wp-content\/uploads\/2014\/02\/IMGP1355-300x225.jpg\" alt=\"IMGP1355\" width=\"300\" height=\"225\" srcset=\"http:\/\/blog.meineigenerweg.de\/wp-content\/uploads\/2014\/02\/IMGP1355-300x225.jpg 300w, http:\/\/blog.meineigenerweg.de\/wp-content\/uploads\/2014\/02\/IMGP1355.jpg 1000w\" sizes=\"auto, (max-width: 300px) 100vw, 300px\" \/><\/a><br \/>\n<a href=\"http:\/\/blog.meineigenerweg.de\/wp-content\/uploads\/2014\/02\/Valmorel_S_12_002.jpg\"><img loading=\"lazy\" decoding=\"async\" class=\"alignnone size-medium wp-image-714\" src=\"http:\/\/blog.meineigenerweg.de\/wp-content\/uploads\/2014\/02\/Valmorel_S_12_002-300x225.jpg\" alt=\"OLYMPUS DIGITAL CAMERA\" width=\"300\" height=\"225\" srcset=\"http:\/\/blog.meineigenerweg.de\/wp-content\/uploads\/2014\/02\/Valmorel_S_12_002-300x225.jpg 300w, http:\/\/blog.meineigenerweg.de\/wp-content\/uploads\/2014\/02\/Valmorel_S_12_002.jpg 1000w\" sizes=\"auto, (max-width: 300px) 100vw, 300px\" \/><\/a><\/p>\n<p><a href=\"http:\/\/blog.meineigenerweg.de\/wp-content\/uploads\/2014\/02\/Valmorel_Fr_12_012.jpg\"><img loading=\"lazy\" decoding=\"async\" class=\"alignnone size-medium wp-image-718\" src=\"http:\/\/blog.meineigenerweg.de\/wp-content\/uploads\/2014\/02\/Valmorel_Fr_12_012-300x225.jpg\" alt=\"Valmorel_Fr_12_012\" width=\"300\" height=\"225\" srcset=\"http:\/\/blog.meineigenerweg.de\/wp-content\/uploads\/2014\/02\/Valmorel_Fr_12_012-300x225.jpg 300w, http:\/\/blog.meineigenerweg.de\/wp-content\/uploads\/2014\/02\/Valmorel_Fr_12_012.jpg 1000w\" sizes=\"auto, (max-width: 300px) 100vw, 300px\" \/><\/a><br \/>\n<a href=\"http:\/\/blog.meineigenerweg.de\/wp-content\/uploads\/2014\/02\/Valmorel_S_12_112.jpg\"><img loading=\"lazy\" decoding=\"async\" class=\"alignnone size-medium wp-image-719\" src=\"http:\/\/blog.meineigenerweg.de\/wp-content\/uploads\/2014\/02\/Valmorel_S_12_112-300x225.jpg\" alt=\"OLYMPUS DIGITAL CAMERA\" width=\"300\" height=\"225\" srcset=\"http:\/\/blog.meineigenerweg.de\/wp-content\/uploads\/2014\/02\/Valmorel_S_12_112-300x225.jpg 300w, http:\/\/blog.meineigenerweg.de\/wp-content\/uploads\/2014\/02\/Valmorel_S_12_112.jpg 1000w\" sizes=\"auto, (max-width: 300px) 100vw, 300px\" \/><\/a><\/p>\n<p>&nbsp;<\/p>\n<p style=\"text-align: left;\">&gt;&gt;&gt;&gt;&gt; hier geht es weiter &lt;&lt;&lt;&lt;&lt;<!--nextpage--><\/p>\n<h6>Die H\u00fctten<\/h6>\n<p>Alle die, die den Anton aus Tirol erwarten, werden entt\u00e4uscht sein, trotzdem wir auch auf dem Tisch getanzt.<\/p>\n<p><a href=\"http:\/\/blog.meineigenerweg.de\/wp-content\/uploads\/2014\/02\/Valmorel_O_12_104.jpg\"><img loading=\"lazy\" decoding=\"async\" class=\"alignnone size-medium wp-image-717\" src=\"http:\/\/blog.meineigenerweg.de\/wp-content\/uploads\/2014\/02\/Valmorel_O_12_104-300x225.jpg\" alt=\"Valmorel_O_12_104\" width=\"300\" height=\"225\" srcset=\"http:\/\/blog.meineigenerweg.de\/wp-content\/uploads\/2014\/02\/Valmorel_O_12_104-300x225.jpg 300w, http:\/\/blog.meineigenerweg.de\/wp-content\/uploads\/2014\/02\/Valmorel_O_12_104.jpg 1000w\" sizes=\"auto, (max-width: 300px) 100vw, 300px\" \/><\/a><br \/>\n<a href=\"http:\/\/blog.meineigenerweg.de\/wp-content\/uploads\/2014\/02\/Valmorel_12_260.jpg\"><img loading=\"lazy\" decoding=\"async\" class=\"alignnone size-medium wp-image-720\" src=\"http:\/\/blog.meineigenerweg.de\/wp-content\/uploads\/2014\/02\/Valmorel_12_260-300x200.jpg\" alt=\"Valmorel_12_260\" width=\"300\" height=\"200\" srcset=\"http:\/\/blog.meineigenerweg.de\/wp-content\/uploads\/2014\/02\/Valmorel_12_260-300x200.jpg 300w, http:\/\/blog.meineigenerweg.de\/wp-content\/uploads\/2014\/02\/Valmorel_12_260.jpg 1000w\" sizes=\"auto, (max-width: 300px) 100vw, 300px\" \/><\/a><br \/>\n<a href=\"http:\/\/blog.meineigenerweg.de\/wp-content\/uploads\/2014\/02\/Valmorel_Fr_12_108.jpg\"><img loading=\"lazy\" decoding=\"async\" class=\"alignnone size-medium wp-image-721\" src=\"http:\/\/blog.meineigenerweg.de\/wp-content\/uploads\/2014\/02\/Valmorel_Fr_12_108-300x225.jpg\" alt=\"Valmorel_Fr_12_108\" width=\"300\" height=\"225\" srcset=\"http:\/\/blog.meineigenerweg.de\/wp-content\/uploads\/2014\/02\/Valmorel_Fr_12_108-300x225.jpg 300w, http:\/\/blog.meineigenerweg.de\/wp-content\/uploads\/2014\/02\/Valmorel_Fr_12_108.jpg 1000w\" sizes=\"auto, (max-width: 300px) 100vw, 300px\" \/><\/a><br \/>\n<a href=\"http:\/\/blog.meineigenerweg.de\/wp-content\/uploads\/2014\/02\/Valmorel_08_295.jpg\"><img loading=\"lazy\" decoding=\"async\" class=\"alignnone size-medium wp-image-725\" src=\"http:\/\/blog.meineigenerweg.de\/wp-content\/uploads\/2014\/02\/Valmorel_08_295-300x225.jpg\" alt=\"Valmorel_08_295\" width=\"300\" height=\"225\" srcset=\"http:\/\/blog.meineigenerweg.de\/wp-content\/uploads\/2014\/02\/Valmorel_08_295-300x225.jpg 300w, http:\/\/blog.meineigenerweg.de\/wp-content\/uploads\/2014\/02\/Valmorel_08_295.jpg 1000w\" sizes=\"auto, (max-width: 300px) 100vw, 300px\" \/><\/a><\/p>\n<p>&nbsp;<\/p>\n<p style=\"text-align: left;\">&gt;&gt;&gt;&gt;&gt; hier geht es weiter &lt;&lt;&lt;&lt;&lt;<!--nextpage--><\/p>\n<h6>&#8230; und sonst<\/h6>\n<p><a href=\"http:\/\/blog.meineigenerweg.de\/wp-content\/uploads\/2014\/02\/Valmorel_08_240.jpg\"><img loading=\"lazy\" decoding=\"async\" class=\"alignnone size-medium wp-image-728\" src=\"http:\/\/blog.meineigenerweg.de\/wp-content\/uploads\/2014\/02\/Valmorel_08_240-300x225.jpg\" alt=\"Valmorel_08_240\" width=\"300\" height=\"225\" srcset=\"http:\/\/blog.meineigenerweg.de\/wp-content\/uploads\/2014\/02\/Valmorel_08_240-300x225.jpg 300w, http:\/\/blog.meineigenerweg.de\/wp-content\/uploads\/2014\/02\/Valmorel_08_240.jpg 1000w\" sizes=\"auto, (max-width: 300px) 100vw, 300px\" \/><\/a><br \/>\n<a href=\"http:\/\/blog.meineigenerweg.de\/wp-content\/uploads\/2014\/02\/4.jpg\"><img loading=\"lazy\" decoding=\"async\" class=\"alignnone size-medium wp-image-729\" src=\"http:\/\/blog.meineigenerweg.de\/wp-content\/uploads\/2014\/02\/4-300x218.jpg\" alt=\"4\" width=\"300\" height=\"218\" srcset=\"http:\/\/blog.meineigenerweg.de\/wp-content\/uploads\/2014\/02\/4-300x218.jpg 300w, http:\/\/blog.meineigenerweg.de\/wp-content\/uploads\/2014\/02\/4.jpg 1000w\" sizes=\"auto, (max-width: 300px) 100vw, 300px\" \/><\/a><br \/>\n<a href=\"http:\/\/blog.meineigenerweg.de\/wp-content\/uploads\/2014\/02\/Valmorel_O_09_075.jpg\"><img loading=\"lazy\" decoding=\"async\" class=\"alignnone size-medium wp-image-730\" src=\"http:\/\/blog.meineigenerweg.de\/wp-content\/uploads\/2014\/02\/Valmorel_O_09_075-300x225.jpg\" alt=\"Valmorel_O_09_075\" width=\"300\" height=\"225\" srcset=\"http:\/\/blog.meineigenerweg.de\/wp-content\/uploads\/2014\/02\/Valmorel_O_09_075-300x225.jpg 300w, http:\/\/blog.meineigenerweg.de\/wp-content\/uploads\/2014\/02\/Valmorel_O_09_075.jpg 1000w\" sizes=\"auto, (max-width: 300px) 100vw, 300px\" \/><\/a><br \/>\n<a href=\"http:\/\/blog.meineigenerweg.de\/wp-content\/uploads\/2014\/02\/Valmorel_O_09_112.jpg\"><img loading=\"lazy\" decoding=\"async\" class=\"alignnone size-medium wp-image-731\" src=\"http:\/\/blog.meineigenerweg.de\/wp-content\/uploads\/2014\/02\/Valmorel_O_09_112-300x225.jpg\" alt=\"Valmorel_O_09_112\" width=\"300\" height=\"225\" srcset=\"http:\/\/blog.meineigenerweg.de\/wp-content\/uploads\/2014\/02\/Valmorel_O_09_112-300x225.jpg 300w, http:\/\/blog.meineigenerweg.de\/wp-content\/uploads\/2014\/02\/Valmorel_O_09_112.jpg 1000w\" sizes=\"auto, (max-width: 300px) 100vw, 300px\" \/><\/a><\/p>\n","protected":false},"excerpt":{"rendered":"<p>Silvester 2019 \/ Neujahr 2020 Wie fast jedes Jahr hat es mich ich auch in diesem Jahr wieder in meinen Lieblingsskiort gezogen, nach Valmorel. Und wie immer war es ein toller Urlaub. Hier nochmal ein paar Eindr\u00fccke. Aus dem Skikeller kommt man direkt auf die Piste Die Sonnenunterg\u00e4nge sind spektakul\u00e4r<\/p>\n","protected":false},"author":1,"featured_media":0,"parent":152,"menu_order":0,"comment_status":"closed","ping_status":"closed","template":"","meta":{"footnotes":""},"class_list":["post-564","page","type-page","status-publish","hentry"],"_links":{"self":[{"href":"http:\/\/blog.meineigenerweg.de\/index.php?rest_route=\/wp\/v2\/pages\/564","targetHints":{"allow":["GET"]}}],"collection":[{"href":"http:\/\/blog.meineigenerweg.de\/index.php?rest_route=\/wp\/v2\/pages"}],"about":[{"href":"http:\/\/blog.meineigenerweg.de\/index.php?rest_route=\/wp\/v2\/types\/page"}],"author":[{"embeddable":true,"href":"http:\/\/blog.meineigenerweg.de\/index.php?rest_route=\/wp\/v2\/users\/1"}],"replies":[{"embeddable":true,"href":"http:\/\/blog.meineigenerweg.de\/index.php?rest_route=%2Fwp%2Fv2%2Fcomments&post=564"}],"version-history":[{"count":34,"href":"http:\/\/blog.meineigenerweg.de\/index.php?rest_route=\/wp\/v2\/pages\/564\/revisions"}],"predecessor-version":[{"id":6887,"href":"http:\/\/blog.meineigenerweg.de\/index.php?rest_route=\/wp\/v2\/pages\/564\/revisions\/6887"}],"up":[{"embeddable":true,"href":"http:\/\/blog.meineigenerweg.de\/index.php?rest_route=\/wp\/v2\/pages\/152"}],"wp:attachment":[{"href":"http:\/\/blog.meineigenerweg.de\/index.php?rest_route=%2Fwp%2Fv2%2Fmedia&parent=564"}],"curies":[{"name":"wp","href":"https:\/\/api.w.org\/{rel}","templated":true}]}}