{"id":557,"date":"2014-02-09T20:30:26","date_gmt":"2014-02-09T19:30:26","guid":{"rendered":"http:\/\/blog.meineigenerweg.de\/?page_id=557"},"modified":"2019-03-28T20:40:02","modified_gmt":"2019-03-28T19:40:02","slug":"djoser-reisemesse-in-koeln","status":"publish","type":"page","link":"http:\/\/blog.meineigenerweg.de\/?page_id=557","title":{"rendered":"K\u00f6ln &#8211; Djoser Reisemesse ***"},"content":{"rendered":"<p>09.02.2014<\/p>\n<p>Der Reiseveranstalter <span style=\"text-decoration: underline;\"><span style=\"color: #0000ff; text-decoration: underline;\"><a href=\"http:\/\/www.djoser.de\" target=\"_blank\" rel=\"noopener noreferrer\"><span style=\"color: #0000ff; text-decoration: underline;\">Djoser<\/span><\/a><\/span><\/span> hat im <span style=\"text-decoration: underline;\"><span style=\"color: #0000ff; text-decoration: underline;\"><a href=\"http:\/\/www.museenkoeln.de\/rautenstrauch-joest-museum\/default.aspx?s=1\" target=\"_blank\" rel=\"noopener noreferrer\"><span style=\"color: #0000ff; text-decoration: underline;\">Rautenstrauch-Joest-Museum<\/span><\/a><\/span><\/span> in K\u00f6ln einen Informationstag veranstaltet.<\/p>\n<p>Nach K\u00f6ln sind es von Bochum hin und zur\u00fcck fast 200 km, laut ADAC Kosten\u00fcbersicht\u00a0(ha ha ha) verursacht mein Auto je km 0,59 Euro Vollkosten. Da ist ein NRW Wochenendticket der Deutschen Bahn\u00a0mit 28,50 Euro schon entschieden g\u00fcnstiger. Und allen schlechten Erfahrungen zum Trotz kam der Zug p\u00fcnktlich und hatte keine Versp\u00e4tung.<\/p>\n<p><a href=\"http:\/\/blog.meineigenerweg.de\/wp-content\/uploads\/2014\/02\/IMGP1503x.jpg\"><img loading=\"lazy\" decoding=\"async\" src=\"http:\/\/blog.meineigenerweg.de\/wp-content\/uploads\/2014\/02\/IMGP1503x-225x300.jpg\" alt=\"IMGP1503x\" width=\"225\" height=\"300\" \/><\/a>Man kommt nicht an ihm vorbei: der K\u00f6lner Dom.<\/p>\n<p><a href=\"http:\/\/blog.meineigenerweg.de\/wp-content\/uploads\/2014\/02\/IMG_6809.jpg\"><img loading=\"lazy\" decoding=\"async\" src=\"http:\/\/blog.meineigenerweg.de\/wp-content\/uploads\/2014\/02\/IMG_6809-300x225.jpg\" alt=\"IMG_6809\" width=\"300\" height=\"225\" \/><\/a>Im Foyer des Museums gab es etwas von den anderen Enden der Welt zu essen &#8230;<\/p>\n<p><a href=\"http:\/\/blog.meineigenerweg.de\/wp-content\/uploads\/2014\/02\/IMG_6808.jpg\"><img loading=\"lazy\" decoding=\"async\" src=\"http:\/\/blog.meineigenerweg.de\/wp-content\/uploads\/2014\/02\/IMG_6808-300x225.jpg\" alt=\"IMG_6808\" width=\"300\" height=\"225\" \/><\/a>&#8230; und Musik und Tanz.<\/p>\n<p><a href=\"http:\/\/blog.meineigenerweg.de\/wp-content\/uploads\/2014\/02\/IMGP1499.jpg\"><img loading=\"lazy\" decoding=\"async\" src=\"http:\/\/blog.meineigenerweg.de\/wp-content\/uploads\/2014\/02\/IMGP1499-300x225.jpg\" alt=\"IMGP1499\" width=\"300\" height=\"225\" \/><\/a>Ich habe mich unter anderem \u00fcber Trekking in Nepal informieren lassen.<\/p>\n<p>Zitat eines Beraters: &#8222;Ja, ja, die Strecke f\u00e4hrt man mit dem \u00a0Bus. Da ist man den ganzen Tag unterwegs&#8230;. Also wenn der Bus denn fahren kann und die Strecke passierbar ist. Aber wenn die Strecke passierbar ist, kann man auch \u00fcberfallen werden&#8230;&#8220;<\/p>\n<p>Das macht Mut und motiviert &#8230;<\/p>\n<p><em>Meine Wertung: <span style=\"color: #ff0000;\">***<\/span>** gut<br \/>\nC\u00e4cilienstra\u00dfe 29-33<br \/>\n50667 K\u00f6ln<br \/>\n<\/em><\/p>\n","protected":false},"excerpt":{"rendered":"<p>09.02.2014 Der Reiseveranstalter Djoser hat im Rautenstrauch-Joest-Museum in K\u00f6ln einen Informationstag veranstaltet. Nach K\u00f6ln sind es von Bochum hin und zur\u00fcck fast 200 km, laut ADAC Kosten\u00fcbersicht\u00a0(ha ha ha) verursacht mein Auto je km 0,59 Euro Vollkosten. Da ist ein NRW Wochenendticket der Deutschen Bahn\u00a0mit 28,50 Euro schon entschieden g\u00fcnstiger.<\/p>\n","protected":false},"author":1,"featured_media":632,"parent":1809,"menu_order":0,"comment_status":"closed","ping_status":"closed","template":"","meta":{"footnotes":""},"class_list":["post-557","page","type-page","status-publish","has-post-thumbnail","hentry"],"_links":{"self":[{"href":"http:\/\/blog.meineigenerweg.de\/index.php?rest_route=\/wp\/v2\/pages\/557","targetHints":{"allow":["GET"]}}],"collection":[{"href":"http:\/\/blog.meineigenerweg.de\/index.php?rest_route=\/wp\/v2\/pages"}],"about":[{"href":"http:\/\/blog.meineigenerweg.de\/index.php?rest_route=\/wp\/v2\/types\/page"}],"author":[{"embeddable":true,"href":"http:\/\/blog.meineigenerweg.de\/index.php?rest_route=\/wp\/v2\/users\/1"}],"replies":[{"embeddable":true,"href":"http:\/\/blog.meineigenerweg.de\/index.php?rest_route=%2Fwp%2Fv2%2Fcomments&post=557"}],"version-history":[{"count":9,"href":"http:\/\/blog.meineigenerweg.de\/index.php?rest_route=\/wp\/v2\/pages\/557\/revisions"}],"predecessor-version":[{"id":5878,"href":"http:\/\/blog.meineigenerweg.de\/index.php?rest_route=\/wp\/v2\/pages\/557\/revisions\/5878"}],"up":[{"embeddable":true,"href":"http:\/\/blog.meineigenerweg.de\/index.php?rest_route=\/wp\/v2\/pages\/1809"}],"wp:featuredmedia":[{"embeddable":true,"href":"http:\/\/blog.meineigenerweg.de\/index.php?rest_route=\/wp\/v2\/media\/632"}],"wp:attachment":[{"href":"http:\/\/blog.meineigenerweg.de\/index.php?rest_route=%2Fwp%2Fv2%2Fmedia&parent=557"}],"curies":[{"name":"wp","href":"https:\/\/api.w.org\/{rel}","templated":true}]}}

Köln &#8211; Djoser Reisemesse ***

<p>09.02.2014</p>
<p>Der Reiseveranstalter <span style="text-decoration: underline;"><span style="color: #0000ff; text-decoration: underline;"><a href="http://www.djoser.de" target="_blank" rel="noopener noreferrer"><span style="color: #0000ff; text-decoration: underline;">Djoser</span></a></span></span> hat im <span style="text-decoration: underline;"><span style="color: #0000ff; text-decoration: underline;"><a href="http://www.museenkoeln.de/rautenstrauch-joest-museum/default.aspx?s=1" target="_blank" rel="noopener noreferrer"><span style="color: #0000ff; text-decoration: underline;">Rautenstrauch-Joest-Museum</span></a></span></span> in Köln einen Informationstag veranstaltet.</p>
<p>Nach Köln sind es von Bochum hin und zurück fast 200 km, laut ADAC Kostenübersicht (ha ha ha) verursacht mein Auto je km 0,59 Euro Vollkosten. Da ist ein NRW Wochenendticket der Deutschen Bahn mit 28,50 Euro schon entschieden günstiger. Und allen schlechten Erfahrungen zum Trotz kam der Zug pünktlich und hatte keine Verspätung.</p>
<p><a href="http://blog.meineigenerweg.de/wp-content/uploads/2014/02/IMGP1503x.jpg"><img loading="lazy" decoding="async" src="http://blog.meineigenerweg.de/wp-content/uploads/2014/02/IMGP1503x-225x300.jpg" alt="IMGP1503x" width="225" height="300" /></a>Man kommt nicht an ihm vorbei: der Kölner Dom.</p>
<p><a href="http://blog.meineigenerweg.de/wp-content/uploads/2014/02/IMG_6809.jpg"><img loading="lazy" decoding="async" src="http://blog.meineigenerweg.de/wp-content/uploads/2014/02/IMG_6809-300x225.jpg" alt="IMG_6809" width="300" height="225" /></a>Im Foyer des Museums gab es etwas von den anderen Enden der Welt zu essen &#8230;</p>
<p><a href="http://blog.meineigenerweg.de/wp-content/uploads/2014/02/IMG_6808.jpg"><img loading="lazy" decoding="async" src="http://blog.meineigenerweg.de/wp-content/uploads/2014/02/IMG_6808-300x225.jpg" alt="IMG_6808" width="300" height="225" /></a>&#8230; und Musik und Tanz.</p>
<p><a href="http://blog.meineigenerweg.de/wp-content/uploads/2014/02/IMGP1499.jpg"><img loading="lazy" decoding="async" src="http://blog.meineigenerweg.de/wp-content/uploads/2014/02/IMGP1499-300x225.jpg" alt="IMGP1499" width="300" height="225" /></a>Ich habe mich unter anderem über Trekking in Nepal informieren lassen.</p>
<p>Zitat eines Beraters: &#8222;Ja, ja, die Strecke fährt man mit dem  Bus. Da ist man den ganzen Tag unterwegs&#8230;. Also wenn der Bus denn fahren kann und die Strecke passierbar ist. Aber wenn die Strecke passierbar ist, kann man auch überfallen werden&#8230;&#8220;</p>
<p>Das macht Mut und motiviert &#8230;</p>
<p><em>Meine Wertung: <span style="color: #ff0000;">***</span>** gut<br />
Cäcilienstraße 29-33<br />
50667 Köln<br />
</em></p>

<p>09.02.2014 Der Reiseveranstalter Djoser hat im Rautenstrauch-Joest-Museum in Köln einen Informationstag veranstaltet. Nach Köln sind es von Bochum hin und zurück fast 200 km, laut ADAC Kostenübersicht (ha ha ha) verursacht mein Auto je km 0,59 Euro Vollkosten. Da ist ein NRW Wochenendticket der Deutschen Bahn mit 28,50 Euro schon entschieden günstiger.</p>
