{"id":5130,"date":"2018-08-25T15:26:47","date_gmt":"2018-08-25T14:26:47","guid":{"rendered":"http:\/\/blog.meineigenerweg.de\/?page_id=5130"},"modified":"2018-09-07T18:20:52","modified_gmt":"2018-09-07T17:20:52","slug":"xanten","status":"publish","type":"page","link":"http:\/\/blog.meineigenerweg.de\/?page_id=5130","title":{"rendered":"Xanten ****"},"content":{"rendered":"<p><strong>August 2018<\/strong><\/p>\n<p>Hier, mitten in Xanten starte ich mit meiner kleinen Radtour.<br \/>\n<a href=\"http:\/\/blog.meineigenerweg.de\/wp-content\/uploads\/2018\/08\/DSC_7313_k.jpg\"><img loading=\"lazy\" decoding=\"async\" class=\"alignnone size-medium wp-image-5146\" src=\"http:\/\/blog.meineigenerweg.de\/wp-content\/uploads\/2018\/08\/DSC_7313_k-300x200.jpg\" alt=\"\" width=\"300\" height=\"200\" srcset=\"http:\/\/blog.meineigenerweg.de\/wp-content\/uploads\/2018\/08\/DSC_7313_k-300x200.jpg 300w, http:\/\/blog.meineigenerweg.de\/wp-content\/uploads\/2018\/08\/DSC_7313_k-768x512.jpg 768w, http:\/\/blog.meineigenerweg.de\/wp-content\/uploads\/2018\/08\/DSC_7313_k.jpg 1000w\" sizes=\"auto, (max-width: 300px) 100vw, 300px\" \/><\/a> <a href=\"http:\/\/blog.meineigenerweg.de\/wp-content\/uploads\/2018\/08\/DSC_7316_k.jpg\"><img loading=\"lazy\" decoding=\"async\" class=\"alignnone size-medium wp-image-5147\" src=\"http:\/\/blog.meineigenerweg.de\/wp-content\/uploads\/2018\/08\/DSC_7316_k-300x200.jpg\" alt=\"\" width=\"300\" height=\"200\" srcset=\"http:\/\/blog.meineigenerweg.de\/wp-content\/uploads\/2018\/08\/DSC_7316_k-300x200.jpg 300w, http:\/\/blog.meineigenerweg.de\/wp-content\/uploads\/2018\/08\/DSC_7316_k-768x512.jpg 768w, http:\/\/blog.meineigenerweg.de\/wp-content\/uploads\/2018\/08\/DSC_7316_k.jpg 1000w\" sizes=\"auto, (max-width: 300px) 100vw, 300px\" \/><\/a><br \/>\nZuerst geht es \u00fcber den kleinen Marktplatz, vorbei an St\u00e4nden mit den ersten Sonnenblumen des Jahres und bl\u00fchenden Astern, an einem Stand mit herrlich duftenden frischem Bauernbrot, dort ein Stand aus dem nahen Holland mit vielen verschiedenen K\u00e4sesorten, die um die Wette ihren aromatischen Duft ausstr\u00f6men. Ich kann nicht widerstehen und kaufe ein etwas Proviant f\u00fcr unterwegs ein.<br \/>\n<a href=\"http:\/\/blog.meineigenerweg.de\/wp-content\/uploads\/2018\/08\/DSC_7318_k.jpg\"><img loading=\"lazy\" decoding=\"async\" class=\"alignnone size-medium wp-image-5148\" src=\"http:\/\/blog.meineigenerweg.de\/wp-content\/uploads\/2018\/08\/DSC_7318_k-300x200.jpg\" alt=\"\" width=\"300\" height=\"200\" srcset=\"http:\/\/blog.meineigenerweg.de\/wp-content\/uploads\/2018\/08\/DSC_7318_k-300x200.jpg 300w, http:\/\/blog.meineigenerweg.de\/wp-content\/uploads\/2018\/08\/DSC_7318_k-768x512.jpg 768w, http:\/\/blog.meineigenerweg.de\/wp-content\/uploads\/2018\/08\/DSC_7318_k.jpg 1000w\" sizes=\"auto, (max-width: 300px) 100vw, 300px\" \/><\/a><br \/>\nDirekt neben dem Markt steht der Xantener Dom, der Grundstein wurde 1263 gelegt.<br \/>\n<a href=\"http:\/\/blog.meineigenerweg.de\/wp-content\/uploads\/2018\/08\/DSC_7321_k.jpg\"><img loading=\"lazy\" decoding=\"async\" class=\"alignnone size-medium wp-image-5149\" src=\"http:\/\/blog.meineigenerweg.de\/wp-content\/uploads\/2018\/08\/DSC_7321_k-300x200.jpg\" alt=\"\" width=\"300\" height=\"200\" srcset=\"http:\/\/blog.meineigenerweg.de\/wp-content\/uploads\/2018\/08\/DSC_7321_k-300x200.jpg 300w, http:\/\/blog.meineigenerweg.de\/wp-content\/uploads\/2018\/08\/DSC_7321_k-768x512.jpg 768w, http:\/\/blog.meineigenerweg.de\/wp-content\/uploads\/2018\/08\/DSC_7321_k.jpg 1000w\" sizes=\"auto, (max-width: 300px) 100vw, 300px\" \/><\/a><\/p>\n<p>Mit einem malerischen Kreuzgang<br \/>\n<a href=\"http:\/\/blog.meineigenerweg.de\/wp-content\/uploads\/2018\/08\/DSC_7335_k.jpg\"><img loading=\"lazy\" decoding=\"async\" class=\"alignnone size-medium wp-image-5151\" src=\"http:\/\/blog.meineigenerweg.de\/wp-content\/uploads\/2018\/08\/DSC_7335_k-300x200.jpg\" alt=\"\" width=\"300\" height=\"200\" srcset=\"http:\/\/blog.meineigenerweg.de\/wp-content\/uploads\/2018\/08\/DSC_7335_k-300x200.jpg 300w, http:\/\/blog.meineigenerweg.de\/wp-content\/uploads\/2018\/08\/DSC_7335_k-768x512.jpg 768w, http:\/\/blog.meineigenerweg.de\/wp-content\/uploads\/2018\/08\/DSC_7335_k.jpg 1000w\" sizes=\"auto, (max-width: 300px) 100vw, 300px\" \/><\/a><br \/>\nDann steige ich aufs Rad und fahre \u00fcber die alte Bahntrasse in n\u00f6rdlicher Richtung nach Marienbaum.<br \/>\n<a href=\"http:\/\/blog.meineigenerweg.de\/wp-content\/uploads\/2018\/08\/DSC_7337_k.jpg\"><img loading=\"lazy\" decoding=\"async\" class=\"alignnone size-medium wp-image-5152\" src=\"http:\/\/blog.meineigenerweg.de\/wp-content\/uploads\/2018\/08\/DSC_7337_k-300x200.jpg\" alt=\"\" width=\"300\" height=\"200\" srcset=\"http:\/\/blog.meineigenerweg.de\/wp-content\/uploads\/2018\/08\/DSC_7337_k-300x200.jpg 300w, http:\/\/blog.meineigenerweg.de\/wp-content\/uploads\/2018\/08\/DSC_7337_k-768x512.jpg 768w, http:\/\/blog.meineigenerweg.de\/wp-content\/uploads\/2018\/08\/DSC_7337_k.jpg 1000w\" sizes=\"auto, (max-width: 300px) 100vw, 300px\" \/><\/a> <a href=\"http:\/\/blog.meineigenerweg.de\/wp-content\/uploads\/2018\/08\/DSC_7340_k.jpg\"><img loading=\"lazy\" decoding=\"async\" class=\"alignnone size-medium wp-image-5153\" src=\"http:\/\/blog.meineigenerweg.de\/wp-content\/uploads\/2018\/08\/DSC_7340_k-300x200.jpg\" alt=\"\" width=\"300\" height=\"200\" srcset=\"http:\/\/blog.meineigenerweg.de\/wp-content\/uploads\/2018\/08\/DSC_7340_k-300x200.jpg 300w, http:\/\/blog.meineigenerweg.de\/wp-content\/uploads\/2018\/08\/DSC_7340_k-768x512.jpg 768w, http:\/\/blog.meineigenerweg.de\/wp-content\/uploads\/2018\/08\/DSC_7340_k.jpg 1000w\" sizes=\"auto, (max-width: 300px) 100vw, 300px\" \/><\/a><br \/>\nVon dort aus geht es in \u00f6stliche Richtung nach Oberm\u00f6rmter, durch schattige Alleen bis zum Rhein<br \/>\n<a href=\"http:\/\/blog.meineigenerweg.de\/wp-content\/uploads\/2018\/08\/DSC_7347_k.jpg\"><img loading=\"lazy\" decoding=\"async\" class=\"alignnone size-medium wp-image-5155\" src=\"http:\/\/blog.meineigenerweg.de\/wp-content\/uploads\/2018\/08\/DSC_7347_k-300x200.jpg\" alt=\"\" width=\"300\" height=\"200\" srcset=\"http:\/\/blog.meineigenerweg.de\/wp-content\/uploads\/2018\/08\/DSC_7347_k-300x200.jpg 300w, http:\/\/blog.meineigenerweg.de\/wp-content\/uploads\/2018\/08\/DSC_7347_k-768x512.jpg 768w, http:\/\/blog.meineigenerweg.de\/wp-content\/uploads\/2018\/08\/DSC_7347_k.jpg 1000w\" sizes=\"auto, (max-width: 300px) 100vw, 300px\" \/><\/a><a href=\"http:\/\/blog.meineigenerweg.de\/wp-content\/uploads\/2018\/08\/DSC_7345_k.jpg\">\u00a0<img loading=\"lazy\" decoding=\"async\" class=\"alignnone size-medium wp-image-5154\" src=\"http:\/\/blog.meineigenerweg.de\/wp-content\/uploads\/2018\/08\/DSC_7345_k-300x200.jpg\" alt=\"\" width=\"300\" height=\"200\" srcset=\"http:\/\/blog.meineigenerweg.de\/wp-content\/uploads\/2018\/08\/DSC_7345_k-300x200.jpg 300w, http:\/\/blog.meineigenerweg.de\/wp-content\/uploads\/2018\/08\/DSC_7345_k-768x512.jpg 768w, http:\/\/blog.meineigenerweg.de\/wp-content\/uploads\/2018\/08\/DSC_7345_k.jpg 1000w\" sizes=\"auto, (max-width: 300px) 100vw, 300px\" \/><\/a><br \/>\nAuf dem R\u00fcckweg Richtung Xanten fahre ich vorbei an der Xantener Nordsee und an der S\u00fcdsee. Nat\u00fcrlich g\u00f6nne ich mir hier eine kleine Pause und genie\u00dfe das quirlige Treiben am Strand und auf dem Wasser.<br \/>\n<a href=\"http:\/\/blog.meineigenerweg.de\/wp-content\/uploads\/2018\/08\/DSC_7351_k.jpg\"><img loading=\"lazy\" decoding=\"async\" class=\"alignnone size-medium wp-image-5156\" src=\"http:\/\/blog.meineigenerweg.de\/wp-content\/uploads\/2018\/08\/DSC_7351_k-300x200.jpg\" alt=\"\" width=\"300\" height=\"200\" srcset=\"http:\/\/blog.meineigenerweg.de\/wp-content\/uploads\/2018\/08\/DSC_7351_k-300x200.jpg 300w, http:\/\/blog.meineigenerweg.de\/wp-content\/uploads\/2018\/08\/DSC_7351_k-768x512.jpg 768w, http:\/\/blog.meineigenerweg.de\/wp-content\/uploads\/2018\/08\/DSC_7351_k.jpg 1000w\" sizes=\"auto, (max-width: 300px) 100vw, 300px\" \/><\/a><br \/>\nF\u00fcr einen Besuch des Arch\u00e4ologischen Parks auf dem Gel\u00e4nde der ehemaligen r\u00f6mischen Stadt Colonia Ulpia Traiana fehlt mir heute leider die Zeit, da werde ich noch einmal wiederkommen.<br \/>\n<a href=\"http:\/\/blog.meineigenerweg.de\/wp-content\/uploads\/2018\/08\/DSC_7355_k.jpg\"><img loading=\"lazy\" decoding=\"async\" class=\"alignnone size-medium wp-image-5157\" src=\"http:\/\/blog.meineigenerweg.de\/wp-content\/uploads\/2018\/08\/DSC_7355_k-300x200.jpg\" alt=\"\" width=\"300\" height=\"200\" srcset=\"http:\/\/blog.meineigenerweg.de\/wp-content\/uploads\/2018\/08\/DSC_7355_k-300x200.jpg 300w, http:\/\/blog.meineigenerweg.de\/wp-content\/uploads\/2018\/08\/DSC_7355_k-768x512.jpg 768w, http:\/\/blog.meineigenerweg.de\/wp-content\/uploads\/2018\/08\/DSC_7355_k.jpg 1000w\" sizes=\"auto, (max-width: 300px) 100vw, 300px\" \/><\/a><br \/>\nZum Abschied passiere ich eines der alten Stadttore,\u00a0das Klever Tor<br \/>\n<a href=\"http:\/\/blog.meineigenerweg.de\/wp-content\/uploads\/2018\/08\/DSC_7370_k.jpg\"><img loading=\"lazy\" decoding=\"async\" class=\"alignnone size-medium wp-image-5160\" src=\"http:\/\/blog.meineigenerweg.de\/wp-content\/uploads\/2018\/08\/DSC_7370_k-300x200.jpg\" alt=\"\" width=\"300\" height=\"200\" srcset=\"http:\/\/blog.meineigenerweg.de\/wp-content\/uploads\/2018\/08\/DSC_7370_k-300x200.jpg 300w, http:\/\/blog.meineigenerweg.de\/wp-content\/uploads\/2018\/08\/DSC_7370_k-768x512.jpg 768w, http:\/\/blog.meineigenerweg.de\/wp-content\/uploads\/2018\/08\/DSC_7370_k.jpg 1000w\" sizes=\"auto, (max-width: 300px) 100vw, 300px\" \/><\/a><br \/>\nmit der Kriemhild M\u00fchle. Sie ist noch in Betrieb und kann besichtigt werden.<br \/>\n<a href=\"http:\/\/blog.meineigenerweg.de\/wp-content\/uploads\/2018\/08\/DSC_7364_k.jpg\"><img loading=\"lazy\" decoding=\"async\" class=\"alignnone size-medium wp-image-5159\" src=\"http:\/\/blog.meineigenerweg.de\/wp-content\/uploads\/2018\/08\/DSC_7364_k-300x200.jpg\" alt=\"\" width=\"300\" height=\"200\" srcset=\"http:\/\/blog.meineigenerweg.de\/wp-content\/uploads\/2018\/08\/DSC_7364_k-300x200.jpg 300w, http:\/\/blog.meineigenerweg.de\/wp-content\/uploads\/2018\/08\/DSC_7364_k-768x512.jpg 768w, http:\/\/blog.meineigenerweg.de\/wp-content\/uploads\/2018\/08\/DSC_7364_k.jpg 1000w\" sizes=\"auto, (max-width: 300px) 100vw, 300px\" \/><\/a><\/p>\n<p>Eine sch\u00f6ner Tag mit vielen Erlebnissen. Ich komme sicher wieder, allein schon, um den Arch\u00e4ologischen Park zu besichtigen!<\/p>\n<p><em>Mein Wertung: <span style=\"color: #ff0000;\">****<\/span>* erlebenswert<\/em><br \/>\n<em>Tourist Information Xanten GmbH<\/em><br \/>\n<em>Kurf\u00fcrstenstra\u00dfe 9<\/em><br \/>\n<em>46509 Xanten<\/em><br \/>\n<em><abbr title=\"Telefon\">Tel.<\/abbr>: 02801 772-200<\/em><\/p>\n","protected":false},"excerpt":{"rendered":"<p>August 2018 Hier, mitten in Xanten starte ich mit meiner kleinen Radtour. Zuerst geht es \u00fcber den kleinen Marktplatz, vorbei an St\u00e4nden mit den ersten Sonnenblumen des Jahres und bl\u00fchenden Astern, an einem Stand mit herrlich duftenden frischem Bauernbrot, dort ein Stand aus dem nahen Holland mit vielen verschiedenen K\u00e4sesorten,<\/p>\n","protected":false},"author":1,"featured_media":5172,"parent":5167,"menu_order":0,"comment_status":"closed","ping_status":"closed","template":"","meta":{"footnotes":""},"class_list":["post-5130","page","type-page","status-publish","has-post-thumbnail","hentry"],"_links":{"self":[{"href":"http:\/\/blog.meineigenerweg.de\/index.php?rest_route=\/wp\/v2\/pages\/5130","targetHints":{"allow":["GET"]}}],"collection":[{"href":"http:\/\/blog.meineigenerweg.de\/index.php?rest_route=\/wp\/v2\/pages"}],"about":[{"href":"http:\/\/blog.meineigenerweg.de\/index.php?rest_route=\/wp\/v2\/types\/page"}],"author":[{"embeddable":true,"href":"http:\/\/blog.meineigenerweg.de\/index.php?rest_route=\/wp\/v2\/users\/1"}],"replies":[{"embeddable":true,"href":"http:\/\/blog.meineigenerweg.de\/index.php?rest_route=%2Fwp%2Fv2%2Fcomments&post=5130"}],"version-history":[{"count":10,"href":"http:\/\/blog.meineigenerweg.de\/index.php?rest_route=\/wp\/v2\/pages\/5130\/revisions"}],"predecessor-version":[{"id":5258,"href":"http:\/\/blog.meineigenerweg.de\/index.php?rest_route=\/wp\/v2\/pages\/5130\/revisions\/5258"}],"up":[{"embeddable":true,"href":"http:\/\/blog.meineigenerweg.de\/index.php?rest_route=\/wp\/v2\/pages\/5167"}],"wp:featuredmedia":[{"embeddable":true,"href":"http:\/\/blog.meineigenerweg.de\/index.php?rest_route=\/wp\/v2\/media\/5172"}],"wp:attachment":[{"href":"http:\/\/blog.meineigenerweg.de\/index.php?rest_route=%2Fwp%2Fv2%2Fmedia&parent=5130"}],"curies":[{"name":"wp","href":"https:\/\/api.w.org\/{rel}","templated":true}]}}

<p><strong>August 2018</strong></p>
<p>Hier, mitten in Xanten starte ich mit meiner kleinen Radtour.<br />
<a href="http://blog.meineigenerweg.de/wp-content/uploads/2018/08/DSC_7313_k.jpg"><img loading="lazy" decoding="async" class="alignnone size-medium wp-image-5146" src="http://blog.meineigenerweg.de/wp-content/uploads/2018/08/DSC_7313_k-300x200.jpg" alt="" width="300" height="200" srcset="http://blog.meineigenerweg.de/wp-content/uploads/2018/08/DSC_7313_k-300x200.jpg 300w, http://blog.meineigenerweg.de/wp-content/uploads/2018/08/DSC_7313_k-768x512.jpg 768w, http://blog.meineigenerweg.de/wp-content/uploads/2018/08/DSC_7313_k.jpg 1000w" sizes="auto, (max-width: 300px) 100vw, 300px" /></a> <a href="http://blog.meineigenerweg.de/wp-content/uploads/2018/08/DSC_7316_k.jpg"><img loading="lazy" decoding="async" class="alignnone size-medium wp-image-5147" src="http://blog.meineigenerweg.de/wp-content/uploads/2018/08/DSC_7316_k-300x200.jpg" alt="" width="300" height="200" srcset="http://blog.meineigenerweg.de/wp-content/uploads/2018/08/DSC_7316_k-300x200.jpg 300w, http://blog.meineigenerweg.de/wp-content/uploads/2018/08/DSC_7316_k-768x512.jpg 768w, http://blog.meineigenerweg.de/wp-content/uploads/2018/08/DSC_7316_k.jpg 1000w" sizes="auto, (max-width: 300px) 100vw, 300px" /></a><br />
Zuerst geht es über den kleinen Marktplatz, vorbei an Ständen mit den ersten Sonnenblumen des Jahres und blühenden Astern, an einem Stand mit herrlich duftenden frischem Bauernbrot, dort ein Stand aus dem nahen Holland mit vielen verschiedenen Käsesorten, die um die Wette ihren aromatischen Duft ausströmen. Ich kann nicht widerstehen und kaufe ein etwas Proviant für unterwegs ein.<br />
<a href="http://blog.meineigenerweg.de/wp-content/uploads/2018/08/DSC_7318_k.jpg"><img loading="lazy" decoding="async" class="alignnone size-medium wp-image-5148" src="http://blog.meineigenerweg.de/wp-content/uploads/2018/08/DSC_7318_k-300x200.jpg" alt="" width="300" height="200" srcset="http://blog.meineigenerweg.de/wp-content/uploads/2018/08/DSC_7318_k-300x200.jpg 300w, http://blog.meineigenerweg.de/wp-content/uploads/2018/08/DSC_7318_k-768x512.jpg 768w, http://blog.meineigenerweg.de/wp-content/uploads/2018/08/DSC_7318_k.jpg 1000w" sizes="auto, (max-width: 300px) 100vw, 300px" /></a><br />
Direkt neben dem Markt steht der Xantener Dom, der Grundstein wurde 1263 gelegt.<br />
<a href="http://blog.meineigenerweg.de/wp-content/uploads/2018/08/DSC_7321_k.jpg"><img loading="lazy" decoding="async" class="alignnone size-medium wp-image-5149" src="http://blog.meineigenerweg.de/wp-content/uploads/2018/08/DSC_7321_k-300x200.jpg" alt="" width="300" height="200" srcset="http://blog.meineigenerweg.de/wp-content/uploads/2018/08/DSC_7321_k-300x200.jpg 300w, http://blog.meineigenerweg.de/wp-content/uploads/2018/08/DSC_7321_k-768x512.jpg 768w, http://blog.meineigenerweg.de/wp-content/uploads/2018/08/DSC_7321_k.jpg 1000w" sizes="auto, (max-width: 300px) 100vw, 300px" /></a></p>
<p>Mit einem malerischen Kreuzgang<br />
<a href="http://blog.meineigenerweg.de/wp-content/uploads/2018/08/DSC_7335_k.jpg"><img loading="lazy" decoding="async" class="alignnone size-medium wp-image-5151" src="http://blog.meineigenerweg.de/wp-content/uploads/2018/08/DSC_7335_k-300x200.jpg" alt="" width="300" height="200" srcset="http://blog.meineigenerweg.de/wp-content/uploads/2018/08/DSC_7335_k-300x200.jpg 300w, http://blog.meineigenerweg.de/wp-content/uploads/2018/08/DSC_7335_k-768x512.jpg 768w, http://blog.meineigenerweg.de/wp-content/uploads/2018/08/DSC_7335_k.jpg 1000w" sizes="auto, (max-width: 300px) 100vw, 300px" /></a><br />
Dann steige ich aufs Rad und fahre über die alte Bahntrasse in nördlicher Richtung nach Marienbaum.<br />
<a href="http://blog.meineigenerweg.de/wp-content/uploads/2018/08/DSC_7337_k.jpg"><img loading="lazy" decoding="async" class="alignnone size-medium wp-image-5152" src="http://blog.meineigenerweg.de/wp-content/uploads/2018/08/DSC_7337_k-300x200.jpg" alt="" width="300" height="200" srcset="http://blog.meineigenerweg.de/wp-content/uploads/2018/08/DSC_7337_k-300x200.jpg 300w, http://blog.meineigenerweg.de/wp-content/uploads/2018/08/DSC_7337_k-768x512.jpg 768w, http://blog.meineigenerweg.de/wp-content/uploads/2018/08/DSC_7337_k.jpg 1000w" sizes="auto, (max-width: 300px) 100vw, 300px" /></a> <a href="http://blog.meineigenerweg.de/wp-content/uploads/2018/08/DSC_7340_k.jpg"><img loading="lazy" decoding="async" class="alignnone size-medium wp-image-5153" src="http://blog.meineigenerweg.de/wp-content/uploads/2018/08/DSC_7340_k-300x200.jpg" alt="" width="300" height="200" srcset="http://blog.meineigenerweg.de/wp-content/uploads/2018/08/DSC_7340_k-300x200.jpg 300w, http://blog.meineigenerweg.de/wp-content/uploads/2018/08/DSC_7340_k-768x512.jpg 768w, http://blog.meineigenerweg.de/wp-content/uploads/2018/08/DSC_7340_k.jpg 1000w" sizes="auto, (max-width: 300px) 100vw, 300px" /></a><br />
Von dort aus geht es in östliche Richtung nach Obermörmter, durch schattige Alleen bis zum Rhein<br />
<a href="http://blog.meineigenerweg.de/wp-content/uploads/2018/08/DSC_7347_k.jpg"><img loading="lazy" decoding="async" class="alignnone size-medium wp-image-5155" src="http://blog.meineigenerweg.de/wp-content/uploads/2018/08/DSC_7347_k-300x200.jpg" alt="" width="300" height="200" srcset="http://blog.meineigenerweg.de/wp-content/uploads/2018/08/DSC_7347_k-300x200.jpg 300w, http://blog.meineigenerweg.de/wp-content/uploads/2018/08/DSC_7347_k-768x512.jpg 768w, http://blog.meineigenerweg.de/wp-content/uploads/2018/08/DSC_7347_k.jpg 1000w" sizes="auto, (max-width: 300px) 100vw, 300px" /></a><a href="http://blog.meineigenerweg.de/wp-content/uploads/2018/08/DSC_7345_k.jpg"> <img loading="lazy" decoding="async" class="alignnone size-medium wp-image-5154" src="http://blog.meineigenerweg.de/wp-content/uploads/2018/08/DSC_7345_k-300x200.jpg" alt="" width="300" height="200" srcset="http://blog.meineigenerweg.de/wp-content/uploads/2018/08/DSC_7345_k-300x200.jpg 300w, http://blog.meineigenerweg.de/wp-content/uploads/2018/08/DSC_7345_k-768x512.jpg 768w, http://blog.meineigenerweg.de/wp-content/uploads/2018/08/DSC_7345_k.jpg 1000w" sizes="auto, (max-width: 300px) 100vw, 300px" /></a><br />
Auf dem Rückweg Richtung Xanten fahre ich vorbei an der Xantener Nordsee und an der Südsee. Natürlich gönne ich mir hier eine kleine Pause und genieße das quirlige Treiben am Strand und auf dem Wasser.<br />
<a href="http://blog.meineigenerweg.de/wp-content/uploads/2018/08/DSC_7351_k.jpg"><img loading="lazy" decoding="async" class="alignnone size-medium wp-image-5156" src="http://blog.meineigenerweg.de/wp-content/uploads/2018/08/DSC_7351_k-300x200.jpg" alt="" width="300" height="200" srcset="http://blog.meineigenerweg.de/wp-content/uploads/2018/08/DSC_7351_k-300x200.jpg 300w, http://blog.meineigenerweg.de/wp-content/uploads/2018/08/DSC_7351_k-768x512.jpg 768w, http://blog.meineigenerweg.de/wp-content/uploads/2018/08/DSC_7351_k.jpg 1000w" sizes="auto, (max-width: 300px) 100vw, 300px" /></a><br />
Für einen Besuch des Archäologischen Parks auf dem Gelände der ehemaligen römischen Stadt Colonia Ulpia Traiana fehlt mir heute leider die Zeit, da werde ich noch einmal wiederkommen.<br />
<a href="http://blog.meineigenerweg.de/wp-content/uploads/2018/08/DSC_7355_k.jpg"><img loading="lazy" decoding="async" class="alignnone size-medium wp-image-5157" src="http://blog.meineigenerweg.de/wp-content/uploads/2018/08/DSC_7355_k-300x200.jpg" alt="" width="300" height="200" srcset="http://blog.meineigenerweg.de/wp-content/uploads/2018/08/DSC_7355_k-300x200.jpg 300w, http://blog.meineigenerweg.de/wp-content/uploads/2018/08/DSC_7355_k-768x512.jpg 768w, http://blog.meineigenerweg.de/wp-content/uploads/2018/08/DSC_7355_k.jpg 1000w" sizes="auto, (max-width: 300px) 100vw, 300px" /></a><br />
Zum Abschied passiere ich eines der alten Stadttore, das Klever Tor<br />
<a href="http://blog.meineigenerweg.de/wp-content/uploads/2018/08/DSC_7370_k.jpg"><img loading="lazy" decoding="async" class="alignnone size-medium wp-image-5160" src="http://blog.meineigenerweg.de/wp-content/uploads/2018/08/DSC_7370_k-300x200.jpg" alt="" width="300" height="200" srcset="http://blog.meineigenerweg.de/wp-content/uploads/2018/08/DSC_7370_k-300x200.jpg 300w, http://blog.meineigenerweg.de/wp-content/uploads/2018/08/DSC_7370_k-768x512.jpg 768w, http://blog.meineigenerweg.de/wp-content/uploads/2018/08/DSC_7370_k.jpg 1000w" sizes="auto, (max-width: 300px) 100vw, 300px" /></a><br />
mit der Kriemhild Mühle. Sie ist noch in Betrieb und kann besichtigt werden.<br />
<a href="http://blog.meineigenerweg.de/wp-content/uploads/2018/08/DSC_7364_k.jpg"><img loading="lazy" decoding="async" class="alignnone size-medium wp-image-5159" src="http://blog.meineigenerweg.de/wp-content/uploads/2018/08/DSC_7364_k-300x200.jpg" alt="" width="300" height="200" srcset="http://blog.meineigenerweg.de/wp-content/uploads/2018/08/DSC_7364_k-300x200.jpg 300w, http://blog.meineigenerweg.de/wp-content/uploads/2018/08/DSC_7364_k-768x512.jpg 768w, http://blog.meineigenerweg.de/wp-content/uploads/2018/08/DSC_7364_k.jpg 1000w" sizes="auto, (max-width: 300px) 100vw, 300px" /></a></p>
<p>Eine schöner Tag mit vielen Erlebnissen. Ich komme sicher wieder, allein schon, um den Archäologischen Park zu besichtigen!</p>
<p><em>Mein Wertung: <span style="color: #ff0000;">****</span>* erlebenswert</em><br />
<em>Tourist Information Xanten GmbH</em><br />
<em>Kurfürstenstraße 9</em><br />
<em>46509 Xanten</em><br />
<em><abbr title="Telefon">Tel.</abbr>: 02801 772-200</em></p>

<p>August 2018 Hier, mitten in Xanten starte ich mit meiner kleinen Radtour. Zuerst geht es über den kleinen Marktplatz, vorbei an Ständen mit den ersten Sonnenblumen des Jahres und blühenden Astern, an einem Stand mit herrlich duftenden frischem Bauernbrot, dort ein Stand aus dem nahen Holland mit vielen verschiedenen Käsesorten,</p>
