{"id":5075,"date":"2018-08-19T21:13:45","date_gmt":"2018-08-19T20:13:45","guid":{"rendered":"http:\/\/blog.meineigenerweg.de\/?page_id=5075"},"modified":"2018-08-19T22:46:42","modified_gmt":"2018-08-19T21:46:42","slug":"rursee-monschau","status":"publish","type":"page","link":"http:\/\/blog.meineigenerweg.de\/?page_id=5075","title":{"rendered":"Rursee \/ Monschau ***"},"content":{"rendered":"<p><strong>Juli 2018<\/strong><\/p>\n<p>Auf geht\u00b4s zur 2. Tour. Da die erste ans Meer\u00a0f\u00fchrte, soll es nun ein Ziel im Mittelgebirge sein. Da bietet sich ein Campingplatz am <span style=\"color: #0000ff;\"><a style=\"color: #0000ff;\" href=\"https:\/\/www.rursee.de\" target=\"_blank\" rel=\"noopener\"><span style=\"text-decoration: underline;\">Rursee<\/span><\/a><\/span> in der Eifel an, an dem ich die Selbstversorgung ausprobieren m\u00f6chte. Eigener Strom, Gas,\u00a0Wasser aus dem Tank, Toilettennutzung &#8211; alles zum ersten mal.<\/p>\n<p>Mein Stellplatz ist sch\u00f6n beschattet und in idyllischer Lage an einem kleinen Bach, der nur ein paar Meter weiter in den Rursee m\u00fcndet. Hier treffen sich viele Holl\u00e4nder, Belgier und Deutsche, besonders Familien mit Kindern, da der See zum Planschen, Standup-Paddeling und Kanufahren einl\u00e4dt.<\/p>\n<p>Ankommen, St\u00fchle und Tisch auspacken, Markise ausfahren &#8211; fertig. Schon beginnt die Entspannung mit\u00a0Lesen, Spielen, Essen und einer kalten Flasche Wei\u00dfwein aus dem K\u00fchlschrank. Ziemlich optimal alles.<\/p>\n<p><a href=\"http:\/\/blog.meineigenerweg.de\/wp-content\/uploads\/2018\/08\/DSC_6862_k.jpg\"><img loading=\"lazy\" decoding=\"async\" class=\"alignnone size-medium wp-image-5106\" src=\"http:\/\/blog.meineigenerweg.de\/wp-content\/uploads\/2018\/08\/DSC_6862_k-300x200.jpg\" alt=\"\" width=\"300\" height=\"200\" srcset=\"http:\/\/blog.meineigenerweg.de\/wp-content\/uploads\/2018\/08\/DSC_6862_k-300x200.jpg 300w, http:\/\/blog.meineigenerweg.de\/wp-content\/uploads\/2018\/08\/DSC_6862_k-768x512.jpg 768w, http:\/\/blog.meineigenerweg.de\/wp-content\/uploads\/2018\/08\/DSC_6862_k.jpg 1000w\" sizes=\"auto, (max-width: 300px) 100vw, 300px\" \/><\/a> <a href=\"http:\/\/blog.meineigenerweg.de\/wp-content\/uploads\/2018\/08\/DSC_6864_k.jpg\"><img loading=\"lazy\" decoding=\"async\" class=\"alignnone size-medium wp-image-5107\" src=\"http:\/\/blog.meineigenerweg.de\/wp-content\/uploads\/2018\/08\/DSC_6864_k-300x200.jpg\" alt=\"\" width=\"300\" height=\"200\" srcset=\"http:\/\/blog.meineigenerweg.de\/wp-content\/uploads\/2018\/08\/DSC_6864_k-300x200.jpg 300w, http:\/\/blog.meineigenerweg.de\/wp-content\/uploads\/2018\/08\/DSC_6864_k-768x512.jpg 768w, http:\/\/blog.meineigenerweg.de\/wp-content\/uploads\/2018\/08\/DSC_6864_k.jpg 1000w\" sizes=\"auto, (max-width: 300px) 100vw, 300px\" \/><\/a><\/p>\n<p>Die wald- und wasserreiche Umgebung l\u00e4dt ein zu ausgedehnten Wanderungen und Radtouren.<br \/>\n<a href=\"http:\/\/blog.meineigenerweg.de\/wp-content\/uploads\/2018\/08\/DSC_6912_k.jpg\"><img loading=\"lazy\" decoding=\"async\" class=\"alignnone size-medium wp-image-5113\" src=\"http:\/\/blog.meineigenerweg.de\/wp-content\/uploads\/2018\/08\/DSC_6912_k-300x200.jpg\" alt=\"\" width=\"300\" height=\"200\" srcset=\"http:\/\/blog.meineigenerweg.de\/wp-content\/uploads\/2018\/08\/DSC_6912_k-300x200.jpg 300w, http:\/\/blog.meineigenerweg.de\/wp-content\/uploads\/2018\/08\/DSC_6912_k-768x512.jpg 768w, http:\/\/blog.meineigenerweg.de\/wp-content\/uploads\/2018\/08\/DSC_6912_k.jpg 1000w\" sizes=\"auto, (max-width: 300px) 100vw, 300px\" \/><\/a>\u00a0<a href=\"http:\/\/blog.meineigenerweg.de\/wp-content\/uploads\/2018\/08\/DSC_6914_k.jpg\"><img loading=\"lazy\" decoding=\"async\" class=\"alignnone size-medium wp-image-5114\" src=\"http:\/\/blog.meineigenerweg.de\/wp-content\/uploads\/2018\/08\/DSC_6914_k-300x200.jpg\" alt=\"\" width=\"300\" height=\"200\" srcset=\"http:\/\/blog.meineigenerweg.de\/wp-content\/uploads\/2018\/08\/DSC_6914_k-300x200.jpg 300w, http:\/\/blog.meineigenerweg.de\/wp-content\/uploads\/2018\/08\/DSC_6914_k-768x512.jpg 768w, http:\/\/blog.meineigenerweg.de\/wp-content\/uploads\/2018\/08\/DSC_6914_k.jpg 1000w\" sizes=\"auto, (max-width: 300px) 100vw, 300px\" \/><\/a><\/p>\n<p>Zwanzig Kilometer entfernt liegt die\u00a0mittelalterliche Stadt <span style=\"color: #0000ff;\"><a style=\"color: #0000ff;\" href=\"http:\/\/www.monschau.de\/de\/\" target=\"_blank\" rel=\"noopener\"><span style=\"text-decoration: underline;\">Monschau<\/span><\/a>,<\/span> die sich mit ihren vielen Fachwerkh\u00e4usern an der Rur entlang schl\u00e4ngelt. Enge Kopfsteinpflastergassen, kleine L\u00e4den und einige h\u00fcbsche Restaurants laden zum bummeln und verweilen ein.<br \/>\n<a href=\"http:\/\/blog.meineigenerweg.de\/wp-content\/uploads\/2018\/08\/DSC_6891_k.jpg\"><img loading=\"lazy\" decoding=\"async\" class=\"alignnone size-medium wp-image-5109\" src=\"http:\/\/blog.meineigenerweg.de\/wp-content\/uploads\/2018\/08\/DSC_6891_k-300x200.jpg\" alt=\"\" width=\"300\" height=\"200\" srcset=\"http:\/\/blog.meineigenerweg.de\/wp-content\/uploads\/2018\/08\/DSC_6891_k-300x200.jpg 300w, http:\/\/blog.meineigenerweg.de\/wp-content\/uploads\/2018\/08\/DSC_6891_k-768x512.jpg 768w, http:\/\/blog.meineigenerweg.de\/wp-content\/uploads\/2018\/08\/DSC_6891_k.jpg 1000w\" sizes=\"auto, (max-width: 300px) 100vw, 300px\" \/><\/a> <a href=\"http:\/\/blog.meineigenerweg.de\/wp-content\/uploads\/2018\/08\/DSC_6892_k.jpg\"><img loading=\"lazy\" decoding=\"async\" class=\"alignnone size-medium wp-image-5110\" src=\"http:\/\/blog.meineigenerweg.de\/wp-content\/uploads\/2018\/08\/DSC_6892_k-300x200.jpg\" alt=\"\" width=\"300\" height=\"200\" srcset=\"http:\/\/blog.meineigenerweg.de\/wp-content\/uploads\/2018\/08\/DSC_6892_k-300x200.jpg 300w, http:\/\/blog.meineigenerweg.de\/wp-content\/uploads\/2018\/08\/DSC_6892_k-768x512.jpg 768w, http:\/\/blog.meineigenerweg.de\/wp-content\/uploads\/2018\/08\/DSC_6892_k.jpg 1000w\" sizes=\"auto, (max-width: 300px) 100vw, 300px\" \/><\/a><br \/>\n<a href=\"http:\/\/blog.meineigenerweg.de\/wp-content\/uploads\/2018\/08\/DSC_6900_k.jpg\"><img loading=\"lazy\" decoding=\"async\" class=\"alignnone size-medium wp-image-5112\" src=\"http:\/\/blog.meineigenerweg.de\/wp-content\/uploads\/2018\/08\/DSC_6900_k-300x200.jpg\" alt=\"\" width=\"300\" height=\"200\" srcset=\"http:\/\/blog.meineigenerweg.de\/wp-content\/uploads\/2018\/08\/DSC_6900_k-300x200.jpg 300w, http:\/\/blog.meineigenerweg.de\/wp-content\/uploads\/2018\/08\/DSC_6900_k-768x512.jpg 768w, http:\/\/blog.meineigenerweg.de\/wp-content\/uploads\/2018\/08\/DSC_6900_k.jpg 1000w\" sizes=\"auto, (max-width: 300px) 100vw, 300px\" \/><\/a><\/p>\n<p>Auch als Nichtkircheng\u00e4nger kann ich es nicht lassen ab und zu einmal in eine Kirche hineinzuschauen. Ich habe in zwei Kirchen hineingeschaut und ich wurde beide Male positiv \u00fcberrascht.<br \/>\nHier durch die ungew\u00f6hnliche Anordnung der Sitzb\u00e4nke, die im Halbkreis um den Altar angeordnet sind<br \/>\n<a style=\"font-size: 0.95em;\" href=\"http:\/\/blog.meineigenerweg.de\/wp-content\/uploads\/2018\/08\/DSC_6896_k.jpg\"><img loading=\"lazy\" decoding=\"async\" class=\"alignnone size-medium wp-image-5111\" src=\"http:\/\/blog.meineigenerweg.de\/wp-content\/uploads\/2018\/08\/DSC_6896_k-300x200.jpg\" alt=\"\" width=\"300\" height=\"200\" srcset=\"http:\/\/blog.meineigenerweg.de\/wp-content\/uploads\/2018\/08\/DSC_6896_k-300x200.jpg 300w, http:\/\/blog.meineigenerweg.de\/wp-content\/uploads\/2018\/08\/DSC_6896_k-768x512.jpg 768w, http:\/\/blog.meineigenerweg.de\/wp-content\/uploads\/2018\/08\/DSC_6896_k.jpg 1000w\" sizes=\"auto, (max-width: 300px) 100vw, 300px\" \/><\/a><br \/>\nund hier durch eine lesenswerte Texttafel im Eingangsbereich (ich hoffe die Stadtkirche Monschau ist mit der Publikation dieses Textes einverstanden).<br \/>\n<a href=\"http:\/\/blog.meineigenerweg.de\/wp-content\/uploads\/2018\/08\/IMG_6333_k.jpg\"><img loading=\"lazy\" decoding=\"async\" class=\"alignnone size-medium wp-image-5121\" src=\"http:\/\/blog.meineigenerweg.de\/wp-content\/uploads\/2018\/08\/IMG_6333_k-152x300.jpg\" alt=\"\" width=\"152\" height=\"300\" srcset=\"http:\/\/blog.meineigenerweg.de\/wp-content\/uploads\/2018\/08\/IMG_6333_k-152x300.jpg 152w, http:\/\/blog.meineigenerweg.de\/wp-content\/uploads\/2018\/08\/IMG_6333_k.jpg 505w\" sizes=\"auto, (max-width: 152px) 100vw, 152px\" \/><\/a><\/p>\n<p><em><br \/>\n<\/em><em><span style=\"color: #111111; font-size: 0.95em;\">Rufsee-Touristik GmbH<br \/>\n<\/span><span style=\"font-size: 0.95em;\">Seeufer 3<br \/>\n<\/span><span style=\"font-size: 0.95em;\">52152 Simmerath-Rurberg<br \/>\n<\/span><span style=\"font-size: 0.95em;\">Telefon: 02473\u00a0&#8211; 93770<\/span><\/em><\/p>\n","protected":false},"excerpt":{"rendered":"<p>Juli 2018 Auf geht\u00b4s zur 2. Tour. Da die erste ans Meer\u00a0f\u00fchrte, soll es nun ein Ziel im Mittelgebirge sein. Da bietet sich ein Campingplatz am Rursee in der Eifel an, an dem ich die Selbstversorgung ausprobieren m\u00f6chte. Eigener Strom, Gas,\u00a0Wasser aus dem Tank, Toilettennutzung &#8211; alles zum ersten mal.<\/p>\n","protected":false},"author":1,"featured_media":5104,"parent":5162,"menu_order":2,"comment_status":"closed","ping_status":"closed","template":"","meta":{"footnotes":""},"class_list":["post-5075","page","type-page","status-publish","has-post-thumbnail","hentry"],"_links":{"self":[{"href":"http:\/\/blog.meineigenerweg.de\/index.php?rest_route=\/wp\/v2\/pages\/5075","targetHints":{"allow":["GET"]}}],"collection":[{"href":"http:\/\/blog.meineigenerweg.de\/index.php?rest_route=\/wp\/v2\/pages"}],"about":[{"href":"http:\/\/blog.meineigenerweg.de\/index.php?rest_route=\/wp\/v2\/types\/page"}],"author":[{"embeddable":true,"href":"http:\/\/blog.meineigenerweg.de\/index.php?rest_route=\/wp\/v2\/users\/1"}],"replies":[{"embeddable":true,"href":"http:\/\/blog.meineigenerweg.de\/index.php?rest_route=%2Fwp%2Fv2%2Fcomments&post=5075"}],"version-history":[{"count":22,"href":"http:\/\/blog.meineigenerweg.de\/index.php?rest_route=\/wp\/v2\/pages\/5075\/revisions"}],"predecessor-version":[{"id":5140,"href":"http:\/\/blog.meineigenerweg.de\/index.php?rest_route=\/wp\/v2\/pages\/5075\/revisions\/5140"}],"up":[{"embeddable":true,"href":"http:\/\/blog.meineigenerweg.de\/index.php?rest_route=\/wp\/v2\/pages\/5162"}],"wp:featuredmedia":[{"embeddable":true,"href":"http:\/\/blog.meineigenerweg.de\/index.php?rest_route=\/wp\/v2\/media\/5104"}],"wp:attachment":[{"href":"http:\/\/blog.meineigenerweg.de\/index.php?rest_route=%2Fwp%2Fv2%2Fmedia&parent=5075"}],"curies":[{"name":"wp","href":"https:\/\/api.w.org\/{rel}","templated":true}]}}