{"id":5060,"date":"2018-08-09T21:02:40","date_gmt":"2018-08-09T20:02:40","guid":{"rendered":"http:\/\/blog.meineigenerweg.de\/?page_id=5060"},"modified":"2019-01-30T19:27:14","modified_gmt":"2019-01-30T18:27:14","slug":"1800706-nl-elkersee","status":"publish","type":"page","link":"http:\/\/blog.meineigenerweg.de\/?page_id=5060","title":{"rendered":"Elkersee ***"},"content":{"rendered":"<p><strong>Juli 2018<\/strong><\/p>\n<p>Jetzt geht es endlich los, die erste kleine Tour mit dem neuen Wohnmobil.<\/p>\n<p>Die Grundeinrichtung, T\u00f6pfe, Teller, Gl\u00e4ser, Bettw\u00e4sche und noch Vieles mehr ist bereits verstaut, die letzten Vorbereitungen sind schnell erledigt. Ein bisschen W\u00e4sche, ein paar T-Shirts und vielleicht etwas Warmes f\u00fcr abends sind flott aus dem einen Schrank (in der Wohnung) in den anderen Schrank (im Wohnmobil) ger\u00e4umt. Ein paar Lebensmittel noch und innerhalb einer Stunde bin ich abfahrbereit. Genau so habe ich es mir vorgestellt.<\/p>\n<p>An das Fahren mit dem gro\u00dfen Auto habe ich mich schnell\u00a0gew\u00f6hnt, ich sitze sehr komfortabel in meinem Cockpit-Sitz und schaue von oben auf den Verkehr herab.\u00a0Kurze Zeit sp\u00e4ter bin ich auf der Autobahn Richtung Holland. S\u00fcdholland, die Scheldem\u00fcndung, Scharendijke, Elkersee ist mein Ziel. Freunde haben mir einen kleinen und sehr sch\u00f6nen Campingplatz bei einem &#8222;Kartoffelbauern hinterm Haus&#8220; empfohlen.<\/p>\n<p>In der N\u00e4he des alten H\u00fchnerstall gibt es einen ruhigen Stellplatz.<br \/>\nAb ins s\u00fc\u00dfe Nichtstun &#8230;<br \/>\n<a href=\"http:\/\/blog.meineigenerweg.de\/wp-content\/uploads\/2018\/08\/DSC_6698_k.jpg\"><img loading=\"lazy\" decoding=\"async\" class=\"alignnone size-medium wp-image-5095\" src=\"http:\/\/blog.meineigenerweg.de\/wp-content\/uploads\/2018\/08\/DSC_6698_k-300x200.jpg\" alt=\"\" width=\"300\" height=\"200\" srcset=\"http:\/\/blog.meineigenerweg.de\/wp-content\/uploads\/2018\/08\/DSC_6698_k-300x200.jpg 300w, http:\/\/blog.meineigenerweg.de\/wp-content\/uploads\/2018\/08\/DSC_6698_k-768x511.jpg 768w, http:\/\/blog.meineigenerweg.de\/wp-content\/uploads\/2018\/08\/DSC_6698_k.jpg 1000w\" sizes=\"auto, (max-width: 300px) 100vw, 300px\" \/><\/a>\u00a0<a href=\"http:\/\/blog.meineigenerweg.de\/wp-content\/uploads\/2018\/08\/DSC_6702_k.jpg\"><img loading=\"lazy\" decoding=\"async\" class=\"alignnone size-medium wp-image-5096\" src=\"http:\/\/blog.meineigenerweg.de\/wp-content\/uploads\/2018\/08\/DSC_6702_k-300x200.jpg\" alt=\"\" width=\"300\" height=\"200\" srcset=\"http:\/\/blog.meineigenerweg.de\/wp-content\/uploads\/2018\/08\/DSC_6702_k-300x200.jpg 300w, http:\/\/blog.meineigenerweg.de\/wp-content\/uploads\/2018\/08\/DSC_6702_k-768x511.jpg 768w, http:\/\/blog.meineigenerweg.de\/wp-content\/uploads\/2018\/08\/DSC_6702_k.jpg 1000w\" sizes=\"auto, (max-width: 300px) 100vw, 300px\" \/><\/a><br \/>\nZeit f\u00fcr lange Strandspazierg\u00e4nge, f\u00fcr faul im Sand liegen, f\u00fcr Matjes und Kippeling und Frikandel Spezial; und Abends vorm Wohnmobil sitzen und w\u00e4hrend die Sonne untergeht und der Abend k\u00fchler wird, den Tag ausklingen lassen.<\/p>\n","protected":false},"excerpt":{"rendered":"<p>Juli 2018 Jetzt geht es endlich los, die erste kleine Tour mit dem neuen Wohnmobil. Die Grundeinrichtung, T\u00f6pfe, Teller, Gl\u00e4ser, Bettw\u00e4sche und noch Vieles mehr ist bereits verstaut, die letzten Vorbereitungen sind schnell erledigt. Ein bisschen W\u00e4sche, ein paar T-Shirts und vielleicht etwas Warmes f\u00fcr abends sind flott aus dem<\/p>\n","protected":false},"author":1,"featured_media":5081,"parent":818,"menu_order":1,"comment_status":"closed","ping_status":"closed","template":"","meta":{"footnotes":""},"class_list":["post-5060","page","type-page","status-publish","has-post-thumbnail","hentry"],"_links":{"self":[{"href":"http:\/\/blog.meineigenerweg.de\/index.php?rest_route=\/wp\/v2\/pages\/5060","targetHints":{"allow":["GET"]}}],"collection":[{"href":"http:\/\/blog.meineigenerweg.de\/index.php?rest_route=\/wp\/v2\/pages"}],"about":[{"href":"http:\/\/blog.meineigenerweg.de\/index.php?rest_route=\/wp\/v2\/types\/page"}],"author":[{"embeddable":true,"href":"http:\/\/blog.meineigenerweg.de\/index.php?rest_route=\/wp\/v2\/users\/1"}],"replies":[{"embeddable":true,"href":"http:\/\/blog.meineigenerweg.de\/index.php?rest_route=%2Fwp%2Fv2%2Fcomments&post=5060"}],"version-history":[{"count":19,"href":"http:\/\/blog.meineigenerweg.de\/index.php?rest_route=\/wp\/v2\/pages\/5060\/revisions"}],"predecessor-version":[{"id":5586,"href":"http:\/\/blog.meineigenerweg.de\/index.php?rest_route=\/wp\/v2\/pages\/5060\/revisions\/5586"}],"up":[{"embeddable":true,"href":"http:\/\/blog.meineigenerweg.de\/index.php?rest_route=\/wp\/v2\/pages\/818"}],"wp:featuredmedia":[{"embeddable":true,"href":"http:\/\/blog.meineigenerweg.de\/index.php?rest_route=\/wp\/v2\/media\/5081"}],"wp:attachment":[{"href":"http:\/\/blog.meineigenerweg.de\/index.php?rest_route=%2Fwp%2Fv2%2Fmedia&parent=5060"}],"curies":[{"name":"wp","href":"https:\/\/api.w.org\/{rel}","templated":true}]}}

<p><strong>Juli 2018</strong></p>
<p>Jetzt geht es endlich los, die erste kleine Tour mit dem neuen Wohnmobil.</p>
<p>Die Grundeinrichtung, Töpfe, Teller, Gläser, Bettwäsche und noch Vieles mehr ist bereits verstaut, die letzten Vorbereitungen sind schnell erledigt. Ein bisschen Wäsche, ein paar T-Shirts und vielleicht etwas Warmes für abends sind flott aus dem einen Schrank (in der Wohnung) in den anderen Schrank (im Wohnmobil) geräumt. Ein paar Lebensmittel noch und innerhalb einer Stunde bin ich abfahrbereit. Genau so habe ich es mir vorgestellt.</p>
<p>An das Fahren mit dem großen Auto habe ich mich schnell gewöhnt, ich sitze sehr komfortabel in meinem Cockpit-Sitz und schaue von oben auf den Verkehr herab. Kurze Zeit später bin ich auf der Autobahn Richtung Holland. Südholland, die Scheldemündung, Scharendijke, Elkersee ist mein Ziel. Freunde haben mir einen kleinen und sehr schönen Campingplatz bei einem &#8222;Kartoffelbauern hinterm Haus&#8220; empfohlen.</p>
<p>In der Nähe des alten Hühnerstall gibt es einen ruhigen Stellplatz.<br />
Ab ins süße Nichtstun &#8230;<br />
<a href="http://blog.meineigenerweg.de/wp-content/uploads/2018/08/DSC_6698_k.jpg"><img loading="lazy" decoding="async" class="alignnone size-medium wp-image-5095" src="http://blog.meineigenerweg.de/wp-content/uploads/2018/08/DSC_6698_k-300x200.jpg" alt="" width="300" height="200" srcset="http://blog.meineigenerweg.de/wp-content/uploads/2018/08/DSC_6698_k-300x200.jpg 300w, http://blog.meineigenerweg.de/wp-content/uploads/2018/08/DSC_6698_k-768x511.jpg 768w, http://blog.meineigenerweg.de/wp-content/uploads/2018/08/DSC_6698_k.jpg 1000w" sizes="auto, (max-width: 300px) 100vw, 300px" /></a> <a href="http://blog.meineigenerweg.de/wp-content/uploads/2018/08/DSC_6702_k.jpg"><img loading="lazy" decoding="async" class="alignnone size-medium wp-image-5096" src="http://blog.meineigenerweg.de/wp-content/uploads/2018/08/DSC_6702_k-300x200.jpg" alt="" width="300" height="200" srcset="http://blog.meineigenerweg.de/wp-content/uploads/2018/08/DSC_6702_k-300x200.jpg 300w, http://blog.meineigenerweg.de/wp-content/uploads/2018/08/DSC_6702_k-768x511.jpg 768w, http://blog.meineigenerweg.de/wp-content/uploads/2018/08/DSC_6702_k.jpg 1000w" sizes="auto, (max-width: 300px) 100vw, 300px" /></a><br />
Zeit für lange Strandspaziergänge, für faul im Sand liegen, für Matjes und Kippeling und Frikandel Spezial; und Abends vorm Wohnmobil sitzen und während die Sonne untergeht und der Abend kühler wird, den Tag ausklingen lassen.</p>

<p>Juli 2018 Jetzt geht es endlich los, die erste kleine Tour mit dem neuen Wohnmobil. Die Grundeinrichtung, Töpfe, Teller, Gläser, Bettwäsche und noch Vieles mehr ist bereits verstaut, die letzten Vorbereitungen sind schnell erledigt. Ein bisschen Wäsche, ein paar T-Shirts und vielleicht etwas Warmes für abends sind flott aus dem</p>
