{"id":4643,"date":"2017-11-13T23:19:01","date_gmt":"2017-11-13T22:19:01","guid":{"rendered":"http:\/\/blog.meineigenerweg.de\/?page_id=4643"},"modified":"2017-11-20T19:14:07","modified_gmt":"2017-11-20T18:14:07","slug":"colmar","status":"publish","type":"page","link":"http:\/\/blog.meineigenerweg.de\/?page_id=4643","title":{"rendered":"Colmar ***"},"content":{"rendered":"<p>25.10.2017<\/p>\n<p>Bisher bin ich auf dem Weg in den S\u00fcden \u00fcber die A5 Richtung Freiburg immer achtlos an der Ausfahrt nach <span style=\"color: #0000ff;\"><a href=\"https:\/\/www.tourisme-alsace.com\/de\/colmar-die-sehenswurdigkeiten\/\" target=\"_blank\" rel=\"noopener\"><span style=\"color: #0000ff;\"><span style=\"text-decoration: underline;\">Colmar<\/span><\/span><\/a><\/span> vorbei gefahren, aber dieses Mal bin ich Richtung Elsass abgebogen. Und ein Stadtbummel durch das historische Viertel, ein Blick in die alte Markthalle, ein Kaffee in einem der h\u00fcbschen Caf\u00e9s des &#8222;Klein-Venedig&#8220; lohnen auf jeden Fall. Ich habe ein bisschen mehr Zeit mitgebracht und deshalb auch das <span style=\"color: #0000ff;\"><a href=\"http:\/\/www.musee-unterlinden.com\/de\/\" target=\"_blank\" rel=\"noopener\"><span style=\"color: #0000ff;\"><span style=\"text-decoration: underline;\">Museum Unterlinden<\/span><\/span><\/a><\/span> besucht. Eine Beschreibung findest du weiter unten. Museumsbesucher k\u00f6nnen auch in einigen weiteren Museen Zeit verbringen, z.B. im\u00a0<span style=\"color: #0000ff;\"><a href=\"http:\/\/www.musee-bartholdi.fr\" target=\"_blank\" rel=\"noopener\"><span style=\"color: #0000ff;\"><span style=\"text-decoration: underline;\">Fr\u00e9d\u00e9ric-Auguste Bartholdi-Museum<\/span><\/span><\/a><\/span>, es handelt sich um den K\u00fcnstler, der die Freiheitsstatur geschaffen hat (1886 der Stadt New York von Frankreich geschenkt).<\/p>\n<p>Der Weg durch das historische Viertel f\u00fchrt vorbei an wundersch\u00f6nen Fachwerkh\u00e4usern aus dem 17. und 18. Jahrhundert, alle sehr liebevoll restauriert.<br \/>\n<a href=\"http:\/\/blog.meineigenerweg.de\/wp-content\/uploads\/2017\/11\/Colmar_17_10_061-Copy.jpg\"><img loading=\"lazy\" decoding=\"async\" class=\"alignnone size-medium wp-image-4650\" src=\"http:\/\/blog.meineigenerweg.de\/wp-content\/uploads\/2017\/11\/Colmar_17_10_061-Copy-300x225.jpg\" alt=\"\" width=\"300\" height=\"225\" srcset=\"http:\/\/blog.meineigenerweg.de\/wp-content\/uploads\/2017\/11\/Colmar_17_10_061-Copy-300x225.jpg 300w, http:\/\/blog.meineigenerweg.de\/wp-content\/uploads\/2017\/11\/Colmar_17_10_061-Copy-768x576.jpg 768w, http:\/\/blog.meineigenerweg.de\/wp-content\/uploads\/2017\/11\/Colmar_17_10_061-Copy.jpg 878w\" sizes=\"auto, (max-width: 300px) 100vw, 300px\" \/>\u00a0<\/a><a href=\"http:\/\/blog.meineigenerweg.de\/wp-content\/uploads\/2017\/11\/Colmar_17_10_072-Copy.jpg\"><img loading=\"lazy\" decoding=\"async\" class=\"alignnone size-medium wp-image-4654\" src=\"http:\/\/blog.meineigenerweg.de\/wp-content\/uploads\/2017\/11\/Colmar_17_10_072-Copy-300x225.jpg\" alt=\"\" width=\"300\" height=\"225\" srcset=\"http:\/\/blog.meineigenerweg.de\/wp-content\/uploads\/2017\/11\/Colmar_17_10_072-Copy-300x225.jpg 300w, http:\/\/blog.meineigenerweg.de\/wp-content\/uploads\/2017\/11\/Colmar_17_10_072-Copy-768x576.jpg 768w, http:\/\/blog.meineigenerweg.de\/wp-content\/uploads\/2017\/11\/Colmar_17_10_072-Copy.jpg 890w\" sizes=\"auto, (max-width: 300px) 100vw, 300px\" \/><br \/>\n<\/a><a href=\"http:\/\/blog.meineigenerweg.de\/wp-content\/uploads\/2017\/11\/Colmar_17_10_052-Copy.jpg\"><img loading=\"lazy\" decoding=\"async\" class=\"alignnone size-medium wp-image-4648\" src=\"http:\/\/blog.meineigenerweg.de\/wp-content\/uploads\/2017\/11\/Colmar_17_10_052-Copy-300x225.jpg\" alt=\"\" width=\"300\" height=\"225\" srcset=\"http:\/\/blog.meineigenerweg.de\/wp-content\/uploads\/2017\/11\/Colmar_17_10_052-Copy-300x225.jpg 300w, http:\/\/blog.meineigenerweg.de\/wp-content\/uploads\/2017\/11\/Colmar_17_10_052-Copy-768x576.jpg 768w, http:\/\/blog.meineigenerweg.de\/wp-content\/uploads\/2017\/11\/Colmar_17_10_052-Copy.jpg 839w\" sizes=\"auto, (max-width: 300px) 100vw, 300px\" \/><\/a>\u00a0<a href=\"http:\/\/blog.meineigenerweg.de\/wp-content\/uploads\/2017\/11\/Colmar_17_10_065-Copy.jpg\"><img loading=\"lazy\" decoding=\"async\" class=\"alignnone size-medium wp-image-4652\" src=\"http:\/\/blog.meineigenerweg.de\/wp-content\/uploads\/2017\/11\/Colmar_17_10_065-Copy-300x225.jpg\" alt=\"\" width=\"300\" height=\"225\" srcset=\"http:\/\/blog.meineigenerweg.de\/wp-content\/uploads\/2017\/11\/Colmar_17_10_065-Copy-300x225.jpg 300w, http:\/\/blog.meineigenerweg.de\/wp-content\/uploads\/2017\/11\/Colmar_17_10_065-Copy-768x576.jpg 768w, http:\/\/blog.meineigenerweg.de\/wp-content\/uploads\/2017\/11\/Colmar_17_10_065-Copy.jpg 876w\" sizes=\"auto, (max-width: 300px) 100vw, 300px\" \/><\/a><\/p>\n<p>Auf fast jedem freien Platz findet man kleine Caf\u00e9s, &#8222;Winstuben&#8220; oder Restaurants.<br \/>\n<a href=\"http:\/\/blog.meineigenerweg.de\/wp-content\/uploads\/2017\/11\/Colmar_17_10_097-Copy.jpg\"><img loading=\"lazy\" decoding=\"async\" class=\"alignnone size-medium wp-image-4665\" src=\"http:\/\/blog.meineigenerweg.de\/wp-content\/uploads\/2017\/11\/Colmar_17_10_097-Copy-300x225.jpg\" alt=\"\" width=\"300\" height=\"225\" srcset=\"http:\/\/blog.meineigenerweg.de\/wp-content\/uploads\/2017\/11\/Colmar_17_10_097-Copy-300x225.jpg 300w, http:\/\/blog.meineigenerweg.de\/wp-content\/uploads\/2017\/11\/Colmar_17_10_097-Copy-768x576.jpg 768w, http:\/\/blog.meineigenerweg.de\/wp-content\/uploads\/2017\/11\/Colmar_17_10_097-Copy.jpg 863w\" sizes=\"auto, (max-width: 300px) 100vw, 300px\" \/><\/a>\u00a0<a href=\"http:\/\/blog.meineigenerweg.de\/wp-content\/uploads\/2017\/11\/Colmar_17_10_002-Copy.jpg\"><img loading=\"lazy\" decoding=\"async\" class=\"alignnone size-medium wp-image-4647\" src=\"http:\/\/blog.meineigenerweg.de\/wp-content\/uploads\/2017\/11\/Colmar_17_10_002-Copy-300x225.jpg\" alt=\"\" width=\"300\" height=\"225\" srcset=\"http:\/\/blog.meineigenerweg.de\/wp-content\/uploads\/2017\/11\/Colmar_17_10_002-Copy-300x225.jpg 300w, http:\/\/blog.meineigenerweg.de\/wp-content\/uploads\/2017\/11\/Colmar_17_10_002-Copy-768x576.jpg 768w, http:\/\/blog.meineigenerweg.de\/wp-content\/uploads\/2017\/11\/Colmar_17_10_002-Copy.jpg 788w\" sizes=\"auto, (max-width: 300px) 100vw, 300px\" \/><\/a><\/p>\n<p>Kleiner und beschaulicher ist es in &#8222;Klein-Venedig&#8220;, wo sich zwischen den Fachwerkh\u00e4usern Kan\u00e4le winden.<br \/>\n<a href=\"http:\/\/blog.meineigenerweg.de\/wp-content\/uploads\/2017\/11\/Colmar_17_10_083-Copy.jpg\"><img loading=\"lazy\" decoding=\"async\" class=\"alignnone size-medium wp-image-4658\" src=\"http:\/\/blog.meineigenerweg.de\/wp-content\/uploads\/2017\/11\/Colmar_17_10_083-Copy-300x225.jpg\" alt=\"\" width=\"300\" height=\"225\" srcset=\"http:\/\/blog.meineigenerweg.de\/wp-content\/uploads\/2017\/11\/Colmar_17_10_083-Copy-300x225.jpg 300w, http:\/\/blog.meineigenerweg.de\/wp-content\/uploads\/2017\/11\/Colmar_17_10_083-Copy-768x576.jpg 768w, http:\/\/blog.meineigenerweg.de\/wp-content\/uploads\/2017\/11\/Colmar_17_10_083-Copy.jpg 890w\" sizes=\"auto, (max-width: 300px) 100vw, 300px\" \/>\u00a0<\/a><a href=\"http:\/\/blog.meineigenerweg.de\/wp-content\/uploads\/2017\/11\/Colmar_17_10_087-Copy.jpg\"><img loading=\"lazy\" decoding=\"async\" class=\"alignnone size-medium wp-image-4661\" src=\"http:\/\/blog.meineigenerweg.de\/wp-content\/uploads\/2017\/11\/Colmar_17_10_087-Copy-300x225.jpg\" alt=\"\" width=\"300\" height=\"225\" srcset=\"http:\/\/blog.meineigenerweg.de\/wp-content\/uploads\/2017\/11\/Colmar_17_10_087-Copy-300x225.jpg 300w, http:\/\/blog.meineigenerweg.de\/wp-content\/uploads\/2017\/11\/Colmar_17_10_087-Copy-768x576.jpg 768w, http:\/\/blog.meineigenerweg.de\/wp-content\/uploads\/2017\/11\/Colmar_17_10_087-Copy.jpg 890w\" sizes=\"auto, (max-width: 300px) 100vw, 300px\" \/><\/a><\/p>\n<p>Auch die Markthalle von 1865 ist einen Besuch wert, zum Schauen und Riechen, zum Einkaufen und Probieren der vielen K\u00f6stlichkeiten, die es hier gibt.<br \/>\n<a href=\"http:\/\/blog.meineigenerweg.de\/wp-content\/uploads\/2017\/11\/Colmar_17_10_084-Copy.jpg\"><img loading=\"lazy\" decoding=\"async\" class=\"alignnone size-medium wp-image-4659\" src=\"http:\/\/blog.meineigenerweg.de\/wp-content\/uploads\/2017\/11\/Colmar_17_10_084-Copy-300x225.jpg\" alt=\"\" width=\"300\" height=\"225\" srcset=\"http:\/\/blog.meineigenerweg.de\/wp-content\/uploads\/2017\/11\/Colmar_17_10_084-Copy-300x225.jpg 300w, http:\/\/blog.meineigenerweg.de\/wp-content\/uploads\/2017\/11\/Colmar_17_10_084-Copy-768x576.jpg 768w, http:\/\/blog.meineigenerweg.de\/wp-content\/uploads\/2017\/11\/Colmar_17_10_084-Copy.jpg 844w\" sizes=\"auto, (max-width: 300px) 100vw, 300px\" \/><\/a>\u00a0<a href=\"http:\/\/blog.meineigenerweg.de\/wp-content\/uploads\/2017\/11\/Colmar_17_10_077-Copy.jpg\"><img loading=\"lazy\" decoding=\"async\" class=\"alignnone size-medium wp-image-4655\" src=\"http:\/\/blog.meineigenerweg.de\/wp-content\/uploads\/2017\/11\/Colmar_17_10_077-Copy-300x225.jpg\" alt=\"\" width=\"300\" height=\"225\" srcset=\"http:\/\/blog.meineigenerweg.de\/wp-content\/uploads\/2017\/11\/Colmar_17_10_077-Copy-300x225.jpg 300w, http:\/\/blog.meineigenerweg.de\/wp-content\/uploads\/2017\/11\/Colmar_17_10_077-Copy-768x576.jpg 768w, http:\/\/blog.meineigenerweg.de\/wp-content\/uploads\/2017\/11\/Colmar_17_10_077-Copy.jpg 890w\" sizes=\"auto, (max-width: 300px) 100vw, 300px\" \/><\/a><br \/>\n<a href=\"http:\/\/blog.meineigenerweg.de\/wp-content\/uploads\/2017\/11\/Colmar_17_10_079-Copy.jpg\"><img loading=\"lazy\" decoding=\"async\" class=\"alignnone size-medium wp-image-4656\" src=\"http:\/\/blog.meineigenerweg.de\/wp-content\/uploads\/2017\/11\/Colmar_17_10_079-Copy-300x225.jpg\" alt=\"\" width=\"300\" height=\"225\" srcset=\"http:\/\/blog.meineigenerweg.de\/wp-content\/uploads\/2017\/11\/Colmar_17_10_079-Copy-300x225.jpg 300w, http:\/\/blog.meineigenerweg.de\/wp-content\/uploads\/2017\/11\/Colmar_17_10_079-Copy-768x577.jpg 768w, http:\/\/blog.meineigenerweg.de\/wp-content\/uploads\/2017\/11\/Colmar_17_10_079-Copy.jpg 823w\" sizes=\"auto, (max-width: 300px) 100vw, 300px\" \/><\/a>\u00a0<a href=\"http:\/\/blog.meineigenerweg.de\/wp-content\/uploads\/2017\/11\/Colmar_17_10_080-Copy.jpg\"><img loading=\"lazy\" decoding=\"async\" class=\"alignnone size-medium wp-image-4657\" src=\"http:\/\/blog.meineigenerweg.de\/wp-content\/uploads\/2017\/11\/Colmar_17_10_080-Copy-300x225.jpg\" alt=\"\" width=\"300\" height=\"225\" srcset=\"http:\/\/blog.meineigenerweg.de\/wp-content\/uploads\/2017\/11\/Colmar_17_10_080-Copy-300x225.jpg 300w, http:\/\/blog.meineigenerweg.de\/wp-content\/uploads\/2017\/11\/Colmar_17_10_080-Copy-768x576.jpg 768w, http:\/\/blog.meineigenerweg.de\/wp-content\/uploads\/2017\/11\/Colmar_17_10_080-Copy.jpg 866w\" sizes=\"auto, (max-width: 300px) 100vw, 300px\" \/><\/a><\/p>\n<p>F\u00fcr meinen Besuch in Colmar habe ich den ganzen Tag vorgesehen, so f\u00fchrt mich mein Weg in das ber\u00fchmte <span style=\"color: #0000ff;\"><a href=\"http:\/\/www.musee-unterlinden.com\/de\/\" target=\"_blank\" rel=\"noopener\"><span style=\"color: #0000ff;\"><span style=\"text-decoration: underline;\">Museum Unterlinden<\/span><\/span><\/a><\/span>, eine architektonisch sehr gelungene Symbiose aus einem Kloster mit Kapelle, dem Klosterbauernhof und dem ehemaligen Stadtbad. Das Museum zeigt ein sehr breites Spektrum, von arch\u00e4ologischen Sammlungen \u00fcber Kunstwerke aus dem 11. bis ins 20. Jahrhundert bis hin zum ber\u00fchmten Isenheimer Altar aus dem Jahre 1512 (ein Polyptichon, bei dem hier die einzelnen Seiten hintereinander aufgestellt sind). Allein die Architektur des Museums ist sehenswert.<br \/>\n<a href=\"http:\/\/blog.meineigenerweg.de\/wp-content\/uploads\/2017\/11\/Colmar_17_10_013-Copy.jpg\"><img loading=\"lazy\" decoding=\"async\" class=\"alignnone size-medium wp-image-4693\" src=\"http:\/\/blog.meineigenerweg.de\/wp-content\/uploads\/2017\/11\/Colmar_17_10_013-Copy-300x225.jpg\" alt=\"\" width=\"300\" height=\"225\" srcset=\"http:\/\/blog.meineigenerweg.de\/wp-content\/uploads\/2017\/11\/Colmar_17_10_013-Copy-300x225.jpg 300w, http:\/\/blog.meineigenerweg.de\/wp-content\/uploads\/2017\/11\/Colmar_17_10_013-Copy-768x576.jpg 768w, http:\/\/blog.meineigenerweg.de\/wp-content\/uploads\/2017\/11\/Colmar_17_10_013-Copy.jpg 847w\" sizes=\"auto, (max-width: 300px) 100vw, 300px\" \/>\u00a0<\/a><img loading=\"lazy\" decoding=\"async\" class=\"alignnone size-medium wp-image-4685\" style=\"font-size: 0.95em;\" src=\"http:\/\/blog.meineigenerweg.de\/wp-content\/uploads\/2017\/11\/Colmar_17_10_011-Copy-300x225.jpg\" alt=\"\" width=\"300\" height=\"225\" srcset=\"http:\/\/blog.meineigenerweg.de\/wp-content\/uploads\/2017\/11\/Colmar_17_10_011-Copy-300x225.jpg 300w, http:\/\/blog.meineigenerweg.de\/wp-content\/uploads\/2017\/11\/Colmar_17_10_011-Copy-768x576.jpg 768w, http:\/\/blog.meineigenerweg.de\/wp-content\/uploads\/2017\/11\/Colmar_17_10_011-Copy.jpg 889w\" sizes=\"auto, (max-width: 300px) 100vw, 300px\" \/><br \/>\n<a href=\"http:\/\/blog.meineigenerweg.de\/wp-content\/uploads\/2017\/11\/Colmar_17_10_043-Copy.jpg\"><img loading=\"lazy\" decoding=\"async\" class=\"alignnone size-medium wp-image-4690\" src=\"http:\/\/blog.meineigenerweg.de\/wp-content\/uploads\/2017\/11\/Colmar_17_10_043-Copy-300x225.jpg\" alt=\"\" width=\"300\" height=\"225\" srcset=\"http:\/\/blog.meineigenerweg.de\/wp-content\/uploads\/2017\/11\/Colmar_17_10_043-Copy-300x225.jpg 300w, http:\/\/blog.meineigenerweg.de\/wp-content\/uploads\/2017\/11\/Colmar_17_10_043-Copy-768x576.jpg 768w, http:\/\/blog.meineigenerweg.de\/wp-content\/uploads\/2017\/11\/Colmar_17_10_043-Copy.jpg 890w\" sizes=\"auto, (max-width: 300px) 100vw, 300px\" \/><\/a>\u00a0<a href=\"http:\/\/blog.meineigenerweg.de\/wp-content\/uploads\/2017\/11\/Colmar_17_10_045-Copy.jpg\"><img loading=\"lazy\" decoding=\"async\" class=\"alignnone size-medium wp-image-4691\" src=\"http:\/\/blog.meineigenerweg.de\/wp-content\/uploads\/2017\/11\/Colmar_17_10_045-Copy-300x225.jpg\" alt=\"\" width=\"300\" height=\"225\" srcset=\"http:\/\/blog.meineigenerweg.de\/wp-content\/uploads\/2017\/11\/Colmar_17_10_045-Copy-300x225.jpg 300w, http:\/\/blog.meineigenerweg.de\/wp-content\/uploads\/2017\/11\/Colmar_17_10_045-Copy-768x576.jpg 768w, http:\/\/blog.meineigenerweg.de\/wp-content\/uploads\/2017\/11\/Colmar_17_10_045-Copy.jpg 890w\" sizes=\"auto, (max-width: 300px) 100vw, 300px\" \/><\/a><br \/>\n<a href=\"http:\/\/blog.meineigenerweg.de\/wp-content\/uploads\/2017\/11\/Colmar_17_10_026-Copy.jpg\"><img loading=\"lazy\" decoding=\"async\" class=\"alignnone size-medium wp-image-4688\" src=\"http:\/\/blog.meineigenerweg.de\/wp-content\/uploads\/2017\/11\/Colmar_17_10_026-Copy-205x300.jpg\" alt=\"\" width=\"205\" height=\"300\" srcset=\"http:\/\/blog.meineigenerweg.de\/wp-content\/uploads\/2017\/11\/Colmar_17_10_026-Copy-205x300.jpg 205w, http:\/\/blog.meineigenerweg.de\/wp-content\/uploads\/2017\/11\/Colmar_17_10_026-Copy-768x1124.jpg 768w, http:\/\/blog.meineigenerweg.de\/wp-content\/uploads\/2017\/11\/Colmar_17_10_026-Copy-699x1024.jpg 699w, http:\/\/blog.meineigenerweg.de\/wp-content\/uploads\/2017\/11\/Colmar_17_10_026-Copy.jpg 1000w\" sizes=\"auto, (max-width: 205px) 100vw, 205px\" \/><\/a>\u00a0<a href=\"http:\/\/blog.meineigenerweg.de\/wp-content\/uploads\/2017\/11\/Colmar_17_10_016-Copy.jpg\"><img loading=\"lazy\" decoding=\"async\" class=\"alignnone size-medium wp-image-4687\" src=\"http:\/\/blog.meineigenerweg.de\/wp-content\/uploads\/2017\/11\/Colmar_17_10_016-Copy-300x225.jpg\" alt=\"\" width=\"300\" height=\"225\" srcset=\"http:\/\/blog.meineigenerweg.de\/wp-content\/uploads\/2017\/11\/Colmar_17_10_016-Copy-300x225.jpg 300w, http:\/\/blog.meineigenerweg.de\/wp-content\/uploads\/2017\/11\/Colmar_17_10_016-Copy-768x576.jpg 768w, http:\/\/blog.meineigenerweg.de\/wp-content\/uploads\/2017\/11\/Colmar_17_10_016-Copy.jpg 901w\" sizes=\"auto, (max-width: 300px) 100vw, 300px\" \/><\/a><\/p>\n<p>Meine Wertung: <span style=\"color: #ff0000;\">***<\/span>** ein sch\u00f6ner Ausflug<br \/>\nFrankreich<br \/>\nColmar<\/p>\n<p>&nbsp;<\/p>\n<p>&nbsp;<\/p>\n","protected":false},"excerpt":{"rendered":"<p>25.10.2017 Bisher bin ich auf dem Weg in den S\u00fcden \u00fcber die A5 Richtung Freiburg immer achtlos an der Ausfahrt nach Colmar vorbei gefahren, aber dieses Mal bin ich Richtung Elsass abgebogen. Und ein Stadtbummel durch das historische Viertel, ein Blick in die alte Markthalle, ein Kaffee in einem der<\/p>\n","protected":false},"author":1,"featured_media":4724,"parent":152,"menu_order":0,"comment_status":"closed","ping_status":"closed","template":"","meta":{"footnotes":""},"class_list":["post-4643","page","type-page","status-publish","has-post-thumbnail","hentry"],"_links":{"self":[{"href":"http:\/\/blog.meineigenerweg.de\/index.php?rest_route=\/wp\/v2\/pages\/4643","targetHints":{"allow":["GET"]}}],"collection":[{"href":"http:\/\/blog.meineigenerweg.de\/index.php?rest_route=\/wp\/v2\/pages"}],"about":[{"href":"http:\/\/blog.meineigenerweg.de\/index.php?rest_route=\/wp\/v2\/types\/page"}],"author":[{"embeddable":true,"href":"http:\/\/blog.meineigenerweg.de\/index.php?rest_route=\/wp\/v2\/users\/1"}],"replies":[{"embeddable":true,"href":"http:\/\/blog.meineigenerweg.de\/index.php?rest_route=%2Fwp%2Fv2%2Fcomments&post=4643"}],"version-history":[{"count":34,"href":"http:\/\/blog.meineigenerweg.de\/index.php?rest_route=\/wp\/v2\/pages\/4643\/revisions"}],"predecessor-version":[{"id":4822,"href":"http:\/\/blog.meineigenerweg.de\/index.php?rest_route=\/wp\/v2\/pages\/4643\/revisions\/4822"}],"up":[{"embeddable":true,"href":"http:\/\/blog.meineigenerweg.de\/index.php?rest_route=\/wp\/v2\/pages\/152"}],"wp:featuredmedia":[{"embeddable":true,"href":"http:\/\/blog.meineigenerweg.de\/index.php?rest_route=\/wp\/v2\/media\/4724"}],"wp:attachment":[{"href":"http:\/\/blog.meineigenerweg.de\/index.php?rest_route=%2Fwp%2Fv2%2Fmedia&parent=4643"}],"curies":[{"name":"wp","href":"https:\/\/api.w.org\/{rel}","templated":true}]}}