{"id":2934,"date":"2014-11-06T19:35:41","date_gmt":"2014-11-06T18:35:41","guid":{"rendered":"http:\/\/blog.meineigenerweg.de\/?page_id=2934"},"modified":"2023-09-25T21:35:11","modified_gmt":"2023-09-25T20:35:11","slug":"bochum-kunstmuseum","status":"publish","type":"page","link":"http:\/\/blog.meineigenerweg.de\/?page_id=2934","title":{"rendered":"Bochum &#8211; Kunstmuseum ****"},"content":{"rendered":"<p>August 2023<\/p>\n<p>&nbsp;<\/p>\n<p>Wir sind auf dem Weg zu einer ungew\u00f6hnlichen Kunstausstellung im Bochumer <span style=\"color: #0000ff;\"><a href=\"https:\/\/www.kunstmuseumbochum.de\/\" target=\"_blank\" rel=\"noopener noreferrer\"><span style=\"text-decoration: underline;\">Kunstmuseum<\/span><\/a><\/span>. Die Fluxus-K\u00fcnstlerin Takako Saito wird mit ihren Werken und Performances ausgestellt.<br \/>\n<a href=\"http:\/\/blog.meineigenerweg.de\/wp-content\/uploads\/2023\/08\/IMG_3128_x.jpg\"><img loading=\"lazy\" decoding=\"async\" class=\"alignnone size-medium wp-image-9317\" src=\"http:\/\/blog.meineigenerweg.de\/wp-content\/uploads\/2023\/08\/IMG_3128_x-300x159.jpg\" alt=\"\" width=\"300\" height=\"159\" srcset=\"http:\/\/blog.meineigenerweg.de\/wp-content\/uploads\/2023\/08\/IMG_3128_x-300x159.jpg 300w, http:\/\/blog.meineigenerweg.de\/wp-content\/uploads\/2023\/08\/IMG_3128_x-768x407.jpg 768w, http:\/\/blog.meineigenerweg.de\/wp-content\/uploads\/2023\/08\/IMG_3128_x.jpg 1000w\" sizes=\"auto, (max-width: 300px) 100vw, 300px\" \/><\/a><br \/>\nImmer wieder hat die K\u00fcnstlerin Schachspiele zum Thema, in kr\u00e4ftigen Farben, unterschiedlichen Materialien und aberwitzigen Konstellationen: Rotwein spielt gegen Wei\u00dfwein, ein Buchschach, oder Pyramidenschach.<br \/>\n<a href=\"http:\/\/blog.meineigenerweg.de\/wp-content\/uploads\/2023\/08\/d78303de-3192-4afc-97cb-0f0006951725_x.jpg\"><img loading=\"lazy\" decoding=\"async\" class=\"alignnone size-medium wp-image-9331\" src=\"http:\/\/blog.meineigenerweg.de\/wp-content\/uploads\/2023\/08\/d78303de-3192-4afc-97cb-0f0006951725_x-300x186.jpg\" alt=\"\" width=\"300\" height=\"186\" srcset=\"http:\/\/blog.meineigenerweg.de\/wp-content\/uploads\/2023\/08\/d78303de-3192-4afc-97cb-0f0006951725_x-300x186.jpg 300w, http:\/\/blog.meineigenerweg.de\/wp-content\/uploads\/2023\/08\/d78303de-3192-4afc-97cb-0f0006951725_x-768x476.jpg 768w, http:\/\/blog.meineigenerweg.de\/wp-content\/uploads\/2023\/08\/d78303de-3192-4afc-97cb-0f0006951725_x.jpg 1000w\" sizes=\"auto, (max-width: 300px) 100vw, 300px\" \/><\/a><\/p>\n<p>Auch in den lebensgro\u00dfen Statuen finden sich Schachbretter<br \/>\n<a href=\"http:\/\/blog.meineigenerweg.de\/wp-content\/uploads\/2023\/08\/IMG_3115_x.jpg\"><img loading=\"lazy\" decoding=\"async\" class=\"alignnone size-medium wp-image-9326\" src=\"http:\/\/blog.meineigenerweg.de\/wp-content\/uploads\/2023\/08\/IMG_3115_x-300x225.jpg\" alt=\"\" width=\"300\" height=\"225\" srcset=\"http:\/\/blog.meineigenerweg.de\/wp-content\/uploads\/2023\/08\/IMG_3115_x-300x225.jpg 300w, http:\/\/blog.meineigenerweg.de\/wp-content\/uploads\/2023\/08\/IMG_3115_x-768x576.jpg 768w, http:\/\/blog.meineigenerweg.de\/wp-content\/uploads\/2023\/08\/IMG_3115_x.jpg 1000w\" sizes=\"auto, (max-width: 300px) 100vw, 300px\" \/><\/a><\/p>\n<p>Einige Kunstwerke laden zum Bespielen ein, Vieles ist heiter und l\u00e4dt zum Schmunzeln ein.<br \/>\n<a href=\"http:\/\/blog.meineigenerweg.de\/wp-content\/uploads\/2023\/08\/IMG_3111_x.jpg\"><img loading=\"lazy\" decoding=\"async\" class=\"alignnone size-medium wp-image-9329\" src=\"http:\/\/blog.meineigenerweg.de\/wp-content\/uploads\/2023\/08\/IMG_3111_x-300x225.jpg\" alt=\"\" width=\"300\" height=\"225\" srcset=\"http:\/\/blog.meineigenerweg.de\/wp-content\/uploads\/2023\/08\/IMG_3111_x-300x225.jpg 300w, http:\/\/blog.meineigenerweg.de\/wp-content\/uploads\/2023\/08\/IMG_3111_x-768x576.jpg 768w, http:\/\/blog.meineigenerweg.de\/wp-content\/uploads\/2023\/08\/IMG_3111_x.jpg 1000w\" sizes=\"auto, (max-width: 300px) 100vw, 300px\" \/><\/a><\/p>\n<p>Diese Masken erinnern an Kunstwerke indigener V\u00f6lker. Sie sind mit Murmeln bespielbar. Witzig, man kann n\u00e4mlich nicht sagen, ob die Kugeln aus Augen, Ohren oder Mund herauskommen!<br \/>\n<a href=\"http:\/\/blog.meineigenerweg.de\/wp-content\/uploads\/2023\/08\/IMG_3104_x.jpg\"><img loading=\"lazy\" decoding=\"async\" class=\"alignnone size-medium wp-image-9324\" src=\"http:\/\/blog.meineigenerweg.de\/wp-content\/uploads\/2023\/08\/IMG_3104_x-300x225.jpg\" alt=\"\" width=\"300\" height=\"225\" srcset=\"http:\/\/blog.meineigenerweg.de\/wp-content\/uploads\/2023\/08\/IMG_3104_x-300x225.jpg 300w, http:\/\/blog.meineigenerweg.de\/wp-content\/uploads\/2023\/08\/IMG_3104_x-768x576.jpg 768w, http:\/\/blog.meineigenerweg.de\/wp-content\/uploads\/2023\/08\/IMG_3104_x.jpg 1000w\" sizes=\"auto, (max-width: 300px) 100vw, 300px\" \/><\/a><\/p>\n<p>&nbsp;<\/p>\n<p><em>Meine Wertung: <span style=\"color: #ff0000;\">****<\/span><\/em><em>* bisschen skurril aber sehenswert<br \/>\nKortumstr. 147<\/em><br \/>\n<em>44787 Bochum<\/em><\/p>\n<p>&nbsp;<\/p>\n<p>\u2014\u2014\u2014\u2014\u2014\u2014\u2014\u2014\u2014\u2014\u2014\u2014\u2014\u2014\u2014\u2014\u2014\u2014\u2014\u2014\u2014\u2014\u2014\u2014\u2014\u2014\u2014\u2014\u2014\u2014\u2014\u2014\u2014\u2014\u2014\u2014<\/p>\n<p>14.10.2014<\/p>\n<p>Es wird Herbst. Was tut man da an einem verregneten Sonntagvormittag? Nach dem ausgiebigen Fr\u00fchst\u00fcck nat\u00fcrlich. Wie w\u00e4re es mal mit etwas Kultur? Da bietet sich das <span style=\"color: #0000ff;\"><a href=\"http:\/\/www.kunstmuseumbochum.de\/\" target=\"_blank\" rel=\"noopener noreferrer\"><span style=\"color: #0000ff;\"><span style=\"text-decoration: underline;\">Bochumer Kunstmuseum<\/span><\/span><\/a><\/span> an. Man kann direkt davor parken, muss nicht weit durch den Regen laufen, es ist klein genug, das man sich nach zwei Stunden, inkl. Kaffee in der kleinen Cafeteria, dem Mittagessen zuwenden kann.<br \/>\n<a href=\"http:\/\/blog.meineigenerweg.de\/wp-content\/uploads\/2014\/11\/IMG_8841.jpg\"><img loading=\"lazy\" decoding=\"async\" class=\"alignnone size-medium wp-image-2975\" src=\"http:\/\/blog.meineigenerweg.de\/wp-content\/uploads\/2014\/11\/IMG_8841-300x225.jpg\" alt=\"IMG_8841\" width=\"300\" height=\"225\" srcset=\"http:\/\/blog.meineigenerweg.de\/wp-content\/uploads\/2014\/11\/IMG_8841-300x225.jpg 300w, http:\/\/blog.meineigenerweg.de\/wp-content\/uploads\/2014\/11\/IMG_8841.jpg 1000w\" sizes=\"auto, (max-width: 300px) 100vw, 300px\" \/><\/a><br \/>\nDas Empfangskomitee sitzt im Regen und wartet schon auf Besucher. Sonntags vormittags ist es angenehm leer.<br \/>\n<a href=\"http:\/\/blog.meineigenerweg.de\/wp-content\/uploads\/2014\/11\/IMG_8840.jpg\"><img loading=\"lazy\" decoding=\"async\" class=\"alignnone size-medium wp-image-2974\" src=\"http:\/\/blog.meineigenerweg.de\/wp-content\/uploads\/2014\/11\/IMG_8840-300x225.jpg\" alt=\"IMG_8840\" width=\"300\" height=\"225\" srcset=\"http:\/\/blog.meineigenerweg.de\/wp-content\/uploads\/2014\/11\/IMG_8840-300x225.jpg 300w, http:\/\/blog.meineigenerweg.de\/wp-content\/uploads\/2014\/11\/IMG_8840.jpg 1000w\" sizes=\"auto, (max-width: 300px) 100vw, 300px\" \/><\/a><br \/>\nSchaut mal genau hin, sieht der eine nicht so aus, als ob er sich ein Grinsen unterdr\u00fcckt? Als ich vor dem Eingang stehe, ahne ich schon warum. Der ist n\u00e4mlich verschlossen. Ein Hinweisschild zeigt nach rechts, dort lang &#8230;<br \/>\nSieht ein bisschen nach Baustelle aus, das ist aber der Eingang &#8211; nein, das ist schon Kunst. \u00dcberraschend, aber ich verrate nichts. Probiert es aus.<br \/>\n<a href=\"http:\/\/blog.meineigenerweg.de\/wp-content\/uploads\/2014\/11\/IMG_8843.jpg\"><img loading=\"lazy\" decoding=\"async\" class=\"alignnone size-medium wp-image-2976\" src=\"http:\/\/blog.meineigenerweg.de\/wp-content\/uploads\/2014\/11\/IMG_8843-300x225.jpg\" alt=\"IMG_8843\" width=\"300\" height=\"225\" srcset=\"http:\/\/blog.meineigenerweg.de\/wp-content\/uploads\/2014\/11\/IMG_8843-300x225.jpg 300w, http:\/\/blog.meineigenerweg.de\/wp-content\/uploads\/2014\/11\/IMG_8843.jpg 1000w\" sizes=\"auto, (max-width: 300px) 100vw, 300px\" \/><\/a><br \/>\nMan kommt tats\u00e4chlich irgendwie und irgendwann ins Museum. Ich mag es, es ist licht und hell und nicht \u00fcberladen.<br \/>\n<a href=\"http:\/\/blog.meineigenerweg.de\/wp-content\/uploads\/2014\/11\/IMG_8851.jpg\"><img loading=\"lazy\" decoding=\"async\" class=\"alignnone size-medium wp-image-2977\" src=\"http:\/\/blog.meineigenerweg.de\/wp-content\/uploads\/2014\/11\/IMG_8851-300x225.jpg\" alt=\"IMG_8851\" width=\"300\" height=\"225\" srcset=\"http:\/\/blog.meineigenerweg.de\/wp-content\/uploads\/2014\/11\/IMG_8851-300x225.jpg 300w, http:\/\/blog.meineigenerweg.de\/wp-content\/uploads\/2014\/11\/IMG_8851.jpg 1000w\" sizes=\"auto, (max-width: 300px) 100vw, 300px\" \/><\/a> <a href=\"http:\/\/blog.meineigenerweg.de\/wp-content\/uploads\/2014\/11\/IMG_8859.jpg\"><img loading=\"lazy\" decoding=\"async\" class=\"alignnone size-medium wp-image-2978\" src=\"http:\/\/blog.meineigenerweg.de\/wp-content\/uploads\/2014\/11\/IMG_8859-300x225.jpg\" alt=\"IMG_8859\" width=\"300\" height=\"225\" srcset=\"http:\/\/blog.meineigenerweg.de\/wp-content\/uploads\/2014\/11\/IMG_8859-300x225.jpg 300w, http:\/\/blog.meineigenerweg.de\/wp-content\/uploads\/2014\/11\/IMG_8859.jpg 1000w\" sizes=\"auto, (max-width: 300px) 100vw, 300px\" \/><\/a><br \/>\n\u00dcber einen Wendelaufgang kommt man in die zweite Etage.<br \/>\n<a href=\"http:\/\/blog.meineigenerweg.de\/wp-content\/uploads\/2014\/11\/IMG_8863.jpg\"><img loading=\"lazy\" decoding=\"async\" class=\"alignnone size-medium wp-image-2979\" src=\"http:\/\/blog.meineigenerweg.de\/wp-content\/uploads\/2014\/11\/IMG_8863-300x225.jpg\" alt=\"IMG_8863\" width=\"300\" height=\"225\" srcset=\"http:\/\/blog.meineigenerweg.de\/wp-content\/uploads\/2014\/11\/IMG_8863-300x225.jpg 300w, http:\/\/blog.meineigenerweg.de\/wp-content\/uploads\/2014\/11\/IMG_8863.jpg 1000w\" sizes=\"auto, (max-width: 300px) 100vw, 300px\" \/><\/a><\/p>\n<p><em>Meine Wertung: <span style=\"color: #ff0000;\">****<\/span>* sehenswert, klein aber fein<\/em><br \/>\n<em> Kortumstra\u00dfe 147<\/em><br \/>\n<em> 44787 Bochum<\/em><\/p>\n<p>&nbsp;<\/p>\n<p>&nbsp;<\/p>\n<p>&nbsp;<\/p>\n","protected":false},"excerpt":{"rendered":"<p>August 2023 &nbsp; Wir sind auf dem Weg zu einer ungew\u00f6hnlichen Kunstausstellung im Bochumer Kunstmuseum. Die Fluxus-K\u00fcnstlerin Takako Saito wird mit ihren Werken und Performances ausgestellt. Immer wieder hat die K\u00fcnstlerin Schachspiele zum Thema, in kr\u00e4ftigen Farben, unterschiedlichen Materialien und aberwitzigen Konstellationen: Rotwein spielt gegen Wei\u00dfwein, ein Buchschach, oder Pyramidenschach.<\/p>\n","protected":false},"author":1,"featured_media":2984,"parent":1809,"menu_order":0,"comment_status":"closed","ping_status":"closed","template":"","meta":{"footnotes":""},"class_list":["post-2934","page","type-page","status-publish","has-post-thumbnail","hentry"],"_links":{"self":[{"href":"http:\/\/blog.meineigenerweg.de\/index.php?rest_route=\/wp\/v2\/pages\/2934","targetHints":{"allow":["GET"]}}],"collection":[{"href":"http:\/\/blog.meineigenerweg.de\/index.php?rest_route=\/wp\/v2\/pages"}],"about":[{"href":"http:\/\/blog.meineigenerweg.de\/index.php?rest_route=\/wp\/v2\/types\/page"}],"author":[{"embeddable":true,"href":"http:\/\/blog.meineigenerweg.de\/index.php?rest_route=\/wp\/v2\/users\/1"}],"replies":[{"embeddable":true,"href":"http:\/\/blog.meineigenerweg.de\/index.php?rest_route=%2Fwp%2Fv2%2Fcomments&post=2934"}],"version-history":[{"count":10,"href":"http:\/\/blog.meineigenerweg.de\/index.php?rest_route=\/wp\/v2\/pages\/2934\/revisions"}],"predecessor-version":[{"id":9380,"href":"http:\/\/blog.meineigenerweg.de\/index.php?rest_route=\/wp\/v2\/pages\/2934\/revisions\/9380"}],"up":[{"embeddable":true,"href":"http:\/\/blog.meineigenerweg.de\/index.php?rest_route=\/wp\/v2\/pages\/1809"}],"wp:featuredmedia":[{"embeddable":true,"href":"http:\/\/blog.meineigenerweg.de\/index.php?rest_route=\/wp\/v2\/media\/2984"}],"wp:attachment":[{"href":"http:\/\/blog.meineigenerweg.de\/index.php?rest_route=%2Fwp%2Fv2%2Fmedia&parent=2934"}],"curies":[{"name":"wp","href":"https:\/\/api.w.org\/{rel}","templated":true}]}}