{"id":2810,"date":"2014-10-23T09:42:34","date_gmt":"2014-10-23T08:42:34","guid":{"rendered":"http:\/\/blog.meineigenerweg.de\/?page_id=2810"},"modified":"2019-03-28T21:26:34","modified_gmt":"2019-03-28T20:26:34","slug":"westweg","status":"publish","type":"page","link":"http:\/\/blog.meineigenerweg.de\/?page_id=2810","title":{"rendered":"Schwarzwald Westweg"},"content":{"rendered":"<p>14.10.14<\/p>\n<p>Ich habe es wahrscheinlich schon mehrmals erz\u00e4hlt, aber ich liebe den Schwarzwald. Das mag daran liegen, dass ich viele Jahre dort studiert, gearbeitet und gelebt habe. Besonders mag ich den Altweibersommer, wenn morgens fr\u00fch noch dichte Nebel um die B\u00e4ume wabern und am sp\u00e4ten Vormittag die Sonne den Nebel vertreibt und dann von einem tiefblauen Himmel\u00a0das\u00a0bunte Laub an den B\u00e4umen\u00a0leuchten l\u00e4sst. Ich war schon lange nicht mehr dort und wollte ein paar Tage durch den Schwarzwald laufen. Nicht einfach so herumlaufen, sondern auf dem <span style=\"color: #0000ff;\"><span style=\"text-decoration: underline;\"><a style=\"color: #0000ff;\" href=\"http:\/\/www.schwarzwald-tourismus.info\/entdecken\/Wandern\/Westweg\" target=\"_blank\" rel=\"noopener noreferrer\">Westweg<\/a><\/span><\/span>\u00a0wandern,\u00a0einem der bekanntesten Fernwanderwege Deutschlands, der sich\u00a0von Nord nach S\u00fcd\u00a0durch den Schwarzwald schl\u00e4ngelt. Er beginnt in Pforzheim und endet nach 285 Kilometern und \u00fcber 10.000 H\u00f6henmetern in Basel. Leider hatte ich nicht gen\u00fcgend Zeit, um den ganzen Westweg zu gehen, und so habe ich mir nur einige Kilometer vorgenommen.\u00a0 Ich bin von Hausach bis zum Titisee gelaufen, das sind mit ein paar Schlenkern 75 Kilometer. Die Entscheidung f\u00fcr dieses Teilst\u00fcck war einfach, denn in Hausach gibt es einen Bahnhof und in Titisee auch. Das machte die An- und Abreise sehr bequem.<\/p>\n<p>&nbsp;<\/p>\n<h6>Montag<\/h6>\n<p>Von Bochum mit dem Auto nach Freiburg und dem Zug\u00a0nach Hausach<\/p>\n<p>Heute fr\u00fch geht es los, mit dem Auto fahre ich bis Freiburg. In der N\u00e4he des Bahnhofs, in einer kleinen Anliegerstra\u00dfe, stelle ich mein Auto ab und hoffe, dass es am Freitag auch noch dort steht. In ein paar Minuten bin ich zu Fu\u00df und mit dem Rucksack auf dem R\u00fccken am Bahnhof. Den Zug nach Hausach finde ich schnell und bald geht die Fahrt auch schon los. Am sp\u00e4ten Nachmittag komme ich in Hausach an. Der kleine Ort, umgeben von bewaldetet H\u00fcgeln, ist auf Touristen eingestellt und so finde ich schnell ein Zimmer.<\/p>\n<p>&nbsp;<\/p>\n<h6>Dienstag<\/h6>\n<p>Von Hausach zur Wilhelmsh\u00f6he &#8211; 21 km, 1151 mtr\u00a0Aufstieg,\u00a0419 mtr Abstieg<\/p>\n<p>Noch ein letzter Blick auf Hausach, dann geht es los.<br \/>\n<a href=\"http:\/\/blog.meineigenerweg.de\/wp-content\/uploads\/2014\/10\/Westweg_14_10_018.jpg\"><img loading=\"lazy\" decoding=\"async\" class=\"alignnone size-medium wp-image-2863\" src=\"http:\/\/blog.meineigenerweg.de\/wp-content\/uploads\/2014\/10\/Westweg_14_10_018-300x200.jpg\" alt=\"Westweg_14_10_018\" width=\"300\" height=\"200\" srcset=\"http:\/\/blog.meineigenerweg.de\/wp-content\/uploads\/2014\/10\/Westweg_14_10_018-300x200.jpg 300w, http:\/\/blog.meineigenerweg.de\/wp-content\/uploads\/2014\/10\/Westweg_14_10_018.jpg 1000w\" sizes=\"auto, (max-width: 300px) 100vw, 300px\" \/><\/a><br \/>\nDie Wilhelmsh\u00f6he ist heute mein Ziel.<br \/>\n<a href=\"http:\/\/blog.meineigenerweg.de\/wp-content\/uploads\/2014\/10\/Westweg_14_10_020.jpg\"><img loading=\"lazy\" decoding=\"async\" class=\"alignnone size-medium wp-image-2864\" src=\"http:\/\/blog.meineigenerweg.de\/wp-content\/uploads\/2014\/10\/Westweg_14_10_020-300x200.jpg\" alt=\"Westweg_14_10_020\" width=\"300\" height=\"200\" srcset=\"http:\/\/blog.meineigenerweg.de\/wp-content\/uploads\/2014\/10\/Westweg_14_10_020-300x200.jpg 300w, http:\/\/blog.meineigenerweg.de\/wp-content\/uploads\/2014\/10\/Westweg_14_10_020.jpg 1000w\" sizes=\"auto, (max-width: 300px) 100vw, 300px\" \/><\/a><br \/>\nEtwas oberhalb des Ortes liegt die Burgruine der Burg Husen. Sie wurde vermutlich bereits im 12. Jahrhundert durch die Z\u00e4hringer erbaut.<br \/>\n<a href=\"http:\/\/blog.meineigenerweg.de\/wp-content\/uploads\/2014\/10\/Westweg_14_10_035.jpg\"><img loading=\"lazy\" decoding=\"async\" class=\"alignnone size-medium wp-image-2865\" src=\"http:\/\/blog.meineigenerweg.de\/wp-content\/uploads\/2014\/10\/Westweg_14_10_035-300x200.jpg\" alt=\"Westweg_14_10_035\" width=\"300\" height=\"200\" srcset=\"http:\/\/blog.meineigenerweg.de\/wp-content\/uploads\/2014\/10\/Westweg_14_10_035-300x200.jpg 300w, http:\/\/blog.meineigenerweg.de\/wp-content\/uploads\/2014\/10\/Westweg_14_10_035.jpg 1000w\" sizes=\"auto, (max-width: 300px) 100vw, 300px\" \/><\/a><br \/>\nDer Weg f\u00fchr mich vorbei an alten<br \/>\n<a href=\"http:\/\/blog.meineigenerweg.de\/wp-content\/uploads\/2014\/10\/Westweg_14_10_086.jpg\"><img loading=\"lazy\" decoding=\"async\" class=\"alignnone size-medium wp-image-2867\" src=\"http:\/\/blog.meineigenerweg.de\/wp-content\/uploads\/2014\/10\/Westweg_14_10_086-300x200.jpg\" alt=\"Westweg_14_10_086\" width=\"300\" height=\"200\" srcset=\"http:\/\/blog.meineigenerweg.de\/wp-content\/uploads\/2014\/10\/Westweg_14_10_086-300x200.jpg 300w, http:\/\/blog.meineigenerweg.de\/wp-content\/uploads\/2014\/10\/Westweg_14_10_086.jpg 1000w\" sizes=\"auto, (max-width: 300px) 100vw, 300px\" \/><\/a><br \/>\nund neuen H\u00f6fen<br \/>\n<a href=\"http:\/\/blog.meineigenerweg.de\/wp-content\/uploads\/2014\/10\/Westweg_14_10_073.jpg\"><img loading=\"lazy\" decoding=\"async\" class=\"alignnone size-medium wp-image-2866\" src=\"http:\/\/blog.meineigenerweg.de\/wp-content\/uploads\/2014\/10\/Westweg_14_10_073-300x200.jpg\" alt=\"Westweg_14_10_073\" width=\"300\" height=\"200\" srcset=\"http:\/\/blog.meineigenerweg.de\/wp-content\/uploads\/2014\/10\/Westweg_14_10_073-300x200.jpg 300w, http:\/\/blog.meineigenerweg.de\/wp-content\/uploads\/2014\/10\/Westweg_14_10_073.jpg 1000w\" sizes=\"auto, (max-width: 300px) 100vw, 300px\" \/><\/a><br \/>\n\u00fcber Berg und Tal, \u00fcber Wiesen und dunkle W\u00e4lder.<br \/>\n<a href=\"http:\/\/blog.meineigenerweg.de\/wp-content\/uploads\/2014\/10\/Westweg_14_10_099.jpg\"><img loading=\"lazy\" decoding=\"async\" class=\"alignnone size-medium wp-image-2868\" src=\"http:\/\/blog.meineigenerweg.de\/wp-content\/uploads\/2014\/10\/Westweg_14_10_099-300x200.jpg\" alt=\"Westweg_14_10_099\" width=\"300\" height=\"200\" srcset=\"http:\/\/blog.meineigenerweg.de\/wp-content\/uploads\/2014\/10\/Westweg_14_10_099-300x200.jpg 300w, http:\/\/blog.meineigenerweg.de\/wp-content\/uploads\/2014\/10\/Westweg_14_10_099.jpg 1000w\" sizes=\"auto, (max-width: 300px) 100vw, 300px\" \/><\/a><br \/>\nVorbei an den Karlsteinen, kleinere und gr\u00f6\u00dfere Granitbrocken. Auf den gr\u00f6\u00dften, der ca. 25 Meter hoch ist, f\u00fchrt sogar ein Felsensteig hinauf.<br \/>\n<a href=\"http:\/\/blog.meineigenerweg.de\/wp-content\/uploads\/2014\/10\/Westweg_14_10_115.jpg\"><img loading=\"lazy\" decoding=\"async\" class=\"alignnone size-medium wp-image-2870\" src=\"http:\/\/blog.meineigenerweg.de\/wp-content\/uploads\/2014\/10\/Westweg_14_10_115-300x200.jpg\" alt=\"Westweg_14_10_115\" width=\"300\" height=\"200\" srcset=\"http:\/\/blog.meineigenerweg.de\/wp-content\/uploads\/2014\/10\/Westweg_14_10_115-300x200.jpg 300w, http:\/\/blog.meineigenerweg.de\/wp-content\/uploads\/2014\/10\/Westweg_14_10_115.jpg 1000w\" sizes=\"auto, (max-width: 300px) 100vw, 300px\" \/><\/a><br \/>\nEin paar einsame K\u00fche, denen der Regen scheinbar nichts ausmacht.<br \/>\n<a href=\"http:\/\/blog.meineigenerweg.de\/wp-content\/uploads\/2014\/10\/Westweg_14_10_120.jpg\"><img loading=\"lazy\" decoding=\"async\" class=\"alignnone size-medium wp-image-2871\" src=\"http:\/\/blog.meineigenerweg.de\/wp-content\/uploads\/2014\/10\/Westweg_14_10_120-300x200.jpg\" alt=\"Westweg_14_10_120\" width=\"300\" height=\"200\" srcset=\"http:\/\/blog.meineigenerweg.de\/wp-content\/uploads\/2014\/10\/Westweg_14_10_120-300x200.jpg 300w, http:\/\/blog.meineigenerweg.de\/wp-content\/uploads\/2014\/10\/Westweg_14_10_120.jpg 1000w\" sizes=\"auto, (max-width: 300px) 100vw, 300px\" \/><\/a><br \/>\nMein Tagesziel, die Wilhelmsh\u00f6he.<br \/>\n<a href=\"http:\/\/blog.meineigenerweg.de\/wp-content\/uploads\/2014\/10\/Westweg_14_10_138.jpg\"><img loading=\"lazy\" decoding=\"async\" class=\"alignnone size-medium wp-image-2873\" src=\"http:\/\/blog.meineigenerweg.de\/wp-content\/uploads\/2014\/10\/Westweg_14_10_138-300x200.jpg\" alt=\"Westweg_14_10_138\" width=\"300\" height=\"200\" srcset=\"http:\/\/blog.meineigenerweg.de\/wp-content\/uploads\/2014\/10\/Westweg_14_10_138-300x200.jpg 300w, http:\/\/blog.meineigenerweg.de\/wp-content\/uploads\/2014\/10\/Westweg_14_10_138.jpg 1000w\" sizes=\"auto, (max-width: 300px) 100vw, 300px\" \/><\/a><br \/>\nEin typische Gaststube (tja, man muss es m\u00f6gen oder nicht)<br \/>\n<a href=\"http:\/\/blog.meineigenerweg.de\/wp-content\/uploads\/2014\/10\/Westweg_14_10_137.jpg\"><img loading=\"lazy\" decoding=\"async\" class=\"alignnone size-medium wp-image-2872\" src=\"http:\/\/blog.meineigenerweg.de\/wp-content\/uploads\/2014\/10\/Westweg_14_10_137-300x200.jpg\" alt=\"Westweg_14_10_137\" width=\"300\" height=\"200\" srcset=\"http:\/\/blog.meineigenerweg.de\/wp-content\/uploads\/2014\/10\/Westweg_14_10_137-300x200.jpg 300w, http:\/\/blog.meineigenerweg.de\/wp-content\/uploads\/2014\/10\/Westweg_14_10_137.jpg 1000w\" sizes=\"auto, (max-width: 300px) 100vw, 300px\" \/><\/a><br \/>\nund die dazu passende Brotzeit (wie gesagt, man muss es m\u00f6gen oder nicht).<br \/>\n<a href=\"http:\/\/blog.meineigenerweg.de\/wp-content\/uploads\/2014\/10\/Westweg_14_10_408.jpg\"><img loading=\"lazy\" decoding=\"async\" class=\"alignnone size-medium wp-image-2874\" src=\"http:\/\/blog.meineigenerweg.de\/wp-content\/uploads\/2014\/10\/Westweg_14_10_408-300x225.jpg\" alt=\"Westweg_14_10_408\" width=\"300\" height=\"225\" srcset=\"http:\/\/blog.meineigenerweg.de\/wp-content\/uploads\/2014\/10\/Westweg_14_10_408-300x225.jpg 300w, http:\/\/blog.meineigenerweg.de\/wp-content\/uploads\/2014\/10\/Westweg_14_10_408.jpg 1000w\" sizes=\"auto, (max-width: 300px) 100vw, 300px\" \/><\/a><\/p>\n<p>&nbsp;<\/p>\n<h6>Mittwoch<\/h6>\n<p>Von der Wilhelmsh\u00f6he\u00a0zur Kalten Herberge &#8211; 23 km, 449 mtr Aufstieg,\u00a0404\u00a0mtr Abstieg<\/p>\n<p>Direkt hinter der Wilhelmsh\u00f6he hei\u00dft es aufpassen, denn der Weg f\u00fchr ein St\u00fcck durch ein Hochmoor. Der scheinbar feste Boden\u00a0tr\u00fcgt, er ist weich und morastig und von schlammigen schwarzen L\u00f6chern durchsetzt,\u00a0dir nur darauf warten, unachtsame Wanderer zu verschlucken &#8211; oder so \u00e4hnlich.<br \/>\n<a href=\"http:\/\/blog.meineigenerweg.de\/wp-content\/uploads\/2014\/10\/Westweg_14_10_140.jpg\"><img loading=\"lazy\" decoding=\"async\" class=\"alignnone size-medium wp-image-2879\" src=\"http:\/\/blog.meineigenerweg.de\/wp-content\/uploads\/2014\/10\/Westweg_14_10_140-300x200.jpg\" alt=\"Westweg_14_10_140\" width=\"300\" height=\"200\" srcset=\"http:\/\/blog.meineigenerweg.de\/wp-content\/uploads\/2014\/10\/Westweg_14_10_140-300x200.jpg 300w, http:\/\/blog.meineigenerweg.de\/wp-content\/uploads\/2014\/10\/Westweg_14_10_140.jpg 1000w\" sizes=\"auto, (max-width: 300px) 100vw, 300px\" \/><\/a><br \/>\nAber bald habe ich wieder festen Boden unter den F\u00fc\u00dfen und lichter Wald umgibt mich. Ich bin \u00fcberrascht, wie wenig anderen Wanderern mir begegnen. Eigentlich ist der der fr\u00fche Herbst eine gute Jahreszeit zum Wandern. Oder ist der Schwarzwald so aus der Mode geraten?<br \/>\n<a href=\"http:\/\/blog.meineigenerweg.de\/wp-content\/uploads\/2014\/10\/Westweg_14_10_146.jpg\"><img loading=\"lazy\" decoding=\"async\" class=\"alignnone size-medium wp-image-2880\" src=\"http:\/\/blog.meineigenerweg.de\/wp-content\/uploads\/2014\/10\/Westweg_14_10_146-300x200.jpg\" alt=\"Westweg_14_10_146\" width=\"300\" height=\"200\" srcset=\"http:\/\/blog.meineigenerweg.de\/wp-content\/uploads\/2014\/10\/Westweg_14_10_146-300x200.jpg 300w, http:\/\/blog.meineigenerweg.de\/wp-content\/uploads\/2014\/10\/Westweg_14_10_146.jpg 1000w\" sizes=\"auto, (max-width: 300px) 100vw, 300px\" \/><\/a><br \/>\nIch habe nicht herausbekommen, was f\u00fcr ein Pilz das ist, aber essen m\u00f6chte ich ihn nicht.<br \/>\n<a href=\"http:\/\/blog.meineigenerweg.de\/wp-content\/uploads\/2014\/10\/Westweg_14_10_155.jpg\"><img loading=\"lazy\" decoding=\"async\" class=\"alignnone size-medium wp-image-2881\" src=\"http:\/\/blog.meineigenerweg.de\/wp-content\/uploads\/2014\/10\/Westweg_14_10_155-300x200.jpg\" alt=\"Westweg_14_10_155\" width=\"300\" height=\"200\" srcset=\"http:\/\/blog.meineigenerweg.de\/wp-content\/uploads\/2014\/10\/Westweg_14_10_155-300x200.jpg 300w, http:\/\/blog.meineigenerweg.de\/wp-content\/uploads\/2014\/10\/Westweg_14_10_155.jpg 1000w\" sizes=\"auto, (max-width: 300px) 100vw, 300px\" \/><\/a><br \/>\nDieses kleine, unscheinbare\u00a0Etwas auf 1078 mtr H\u00f6he ist der Hauptquellfluss der Donau. Hier hei\u00dft sie noch Breg, ein paar Kilometer weiter, in Donaueschingen, flie\u00dft sie mit der Brigach zusammen und hei\u00dft ab dort Donau.\u00a0Nach 2888 km Reise flie\u00dft dieses Wasser dann ins Schwarz Meer.<br \/>\n<a href=\"http:\/\/blog.meineigenerweg.de\/wp-content\/uploads\/2014\/10\/Westweg_14_10_188.jpg\"><img loading=\"lazy\" decoding=\"async\" class=\"alignnone size-medium wp-image-2882\" src=\"http:\/\/blog.meineigenerweg.de\/wp-content\/uploads\/2014\/10\/Westweg_14_10_188-300x200.jpg\" alt=\"Westweg_14_10_188\" width=\"300\" height=\"200\" srcset=\"http:\/\/blog.meineigenerweg.de\/wp-content\/uploads\/2014\/10\/Westweg_14_10_188-300x200.jpg 300w, http:\/\/blog.meineigenerweg.de\/wp-content\/uploads\/2014\/10\/Westweg_14_10_188.jpg 1000w\" sizes=\"auto, (max-width: 300px) 100vw, 300px\" \/><\/a><br \/>\nNur ein paar Schritte\u00a0oberhalb der Quelle steht die\u00a0Martinskapelle.<br \/>\n<a href=\"http:\/\/blog.meineigenerweg.de\/wp-content\/uploads\/2014\/10\/Westweg_14_10_181.jpg\"><img loading=\"lazy\" decoding=\"async\" class=\"alignnone size-medium wp-image-2883\" src=\"http:\/\/blog.meineigenerweg.de\/wp-content\/uploads\/2014\/10\/Westweg_14_10_181-300x200.jpg\" alt=\"Westweg_14_10_181\" width=\"300\" height=\"200\" srcset=\"http:\/\/blog.meineigenerweg.de\/wp-content\/uploads\/2014\/10\/Westweg_14_10_181-300x200.jpg 300w, http:\/\/blog.meineigenerweg.de\/wp-content\/uploads\/2014\/10\/Westweg_14_10_181.jpg 1000w\" sizes=\"auto, (max-width: 300px) 100vw, 300px\" \/><\/a><br \/>\nDirekt daneben das alte Gasthaus Martinskapelle. Es ist jeder Zeit sch\u00f6n, hier einzukehren und etwas Bodenst\u00e4ndiges aus der badischen K\u00fcche zu essen und dazu ein Tannenz\u00e4pfchen zu trinken (das ist angeblich Deutschlands bestes Bier aus einer kleinen Brauerei im Schwarzwald!?).<br \/>\n<a href=\"http:\/\/blog.meineigenerweg.de\/wp-content\/uploads\/2014\/10\/Westweg_14_10_180.jpg\"><img loading=\"lazy\" decoding=\"async\" class=\"alignnone size-medium wp-image-2885\" src=\"http:\/\/blog.meineigenerweg.de\/wp-content\/uploads\/2014\/10\/Westweg_14_10_180-300x200.jpg\" alt=\"Westweg_14_10_180\" width=\"300\" height=\"200\" srcset=\"http:\/\/blog.meineigenerweg.de\/wp-content\/uploads\/2014\/10\/Westweg_14_10_180-300x200.jpg 300w, http:\/\/blog.meineigenerweg.de\/wp-content\/uploads\/2014\/10\/Westweg_14_10_180.jpg 1000w\" sizes=\"auto, (max-width: 300px) 100vw, 300px\" \/><\/a><br \/>\nVorbei an den\u00a0G\u00fcnterfelsen, mal\u00a0durch dichten Wald,<br \/>\n<a href=\"http:\/\/blog.meineigenerweg.de\/wp-content\/uploads\/2014\/10\/Westweg_14_10_211.jpg\"><img loading=\"lazy\" decoding=\"async\" class=\"alignnone size-medium wp-image-2886\" src=\"http:\/\/blog.meineigenerweg.de\/wp-content\/uploads\/2014\/10\/Westweg_14_10_211-300x200.jpg\" alt=\"Westweg_14_10_211\" width=\"300\" height=\"200\" srcset=\"http:\/\/blog.meineigenerweg.de\/wp-content\/uploads\/2014\/10\/Westweg_14_10_211-300x200.jpg 300w, http:\/\/blog.meineigenerweg.de\/wp-content\/uploads\/2014\/10\/Westweg_14_10_211.jpg 1000w\" sizes=\"auto, (max-width: 300px) 100vw, 300px\" \/><\/a><br \/>\ndann wieder\u00a0mit einem weiten Blick ins Tal.<br \/>\n<a href=\"http:\/\/blog.meineigenerweg.de\/wp-content\/uploads\/2014\/10\/Westweg_14_10_225.jpg\"><img loading=\"lazy\" decoding=\"async\" class=\"alignnone size-medium wp-image-2888\" src=\"http:\/\/blog.meineigenerweg.de\/wp-content\/uploads\/2014\/10\/Westweg_14_10_225-300x200.jpg\" alt=\"Westweg_14_10_225\" width=\"300\" height=\"200\" srcset=\"http:\/\/blog.meineigenerweg.de\/wp-content\/uploads\/2014\/10\/Westweg_14_10_225-300x200.jpg 300w, http:\/\/blog.meineigenerweg.de\/wp-content\/uploads\/2014\/10\/Westweg_14_10_225.jpg 1000w\" sizes=\"auto, (max-width: 300px) 100vw, 300px\" \/><\/a><br \/>\nDer Brendturm auf dem Brend mit dem Gasthaus Brend in 1150 mtr H\u00f6he.<br \/>\n<a href=\"http:\/\/blog.meineigenerweg.de\/wp-content\/uploads\/2014\/10\/Westweg_14_10_231.jpg\"><img loading=\"lazy\" decoding=\"async\" class=\"alignnone size-medium wp-image-2889\" src=\"http:\/\/blog.meineigenerweg.de\/wp-content\/uploads\/2014\/10\/Westweg_14_10_231-300x200.jpg\" alt=\"Westweg_14_10_231\" width=\"300\" height=\"200\" srcset=\"http:\/\/blog.meineigenerweg.de\/wp-content\/uploads\/2014\/10\/Westweg_14_10_231-300x200.jpg 300w, http:\/\/blog.meineigenerweg.de\/wp-content\/uploads\/2014\/10\/Westweg_14_10_231.jpg 1000w\" sizes=\"auto, (max-width: 300px) 100vw, 300px\" \/><\/a><br \/>\nDas Tagesziel ist das Gasthaus Kalte Herberge. Als ich ankam, war es tr\u00fcb und grau, aber am n\u00e4chsten Morgen habe ich dieses Foto bei strahlendem Sonnenschein gemacht.<br \/>\n<a href=\"http:\/\/blog.meineigenerweg.de\/wp-content\/uploads\/2014\/10\/Westweg_14_10_303.jpg\"><img loading=\"lazy\" decoding=\"async\" class=\"alignnone size-medium wp-image-2891\" src=\"http:\/\/blog.meineigenerweg.de\/wp-content\/uploads\/2014\/10\/Westweg_14_10_303-300x200.jpg\" alt=\"Westweg_14_10_303\" width=\"300\" height=\"200\" srcset=\"http:\/\/blog.meineigenerweg.de\/wp-content\/uploads\/2014\/10\/Westweg_14_10_303-300x200.jpg 300w, http:\/\/blog.meineigenerweg.de\/wp-content\/uploads\/2014\/10\/Westweg_14_10_303.jpg 1000w\" sizes=\"auto, (max-width: 300px) 100vw, 300px\" \/><\/a><\/p>\n<p>&nbsp;<\/p>\n<h6>Donnerstag<\/h6>\n<p>Von der Kalten Herberge\u00a0bis zum\u00a0Titisee\u00a0&#8211; 24 km, 488 mtr Auftieg, 596 mtr Abstieg<\/p>\n<p>Bei so einem tollen Wetter macht das Laufen doppelt Spa\u00df und von &#8222;Kalte&#8220; Herberge ist heute morgen nichts zu sp\u00fcren.<br \/>\n<a href=\"http:\/\/blog.meineigenerweg.de\/wp-content\/uploads\/2014\/10\/Westweg_14_10_287.jpg\"><img loading=\"lazy\" decoding=\"async\" class=\"alignnone size-medium wp-image-2894\" src=\"http:\/\/blog.meineigenerweg.de\/wp-content\/uploads\/2014\/10\/Westweg_14_10_287-300x200.jpg\" alt=\"Westweg_14_10_287\" width=\"300\" height=\"200\" srcset=\"http:\/\/blog.meineigenerweg.de\/wp-content\/uploads\/2014\/10\/Westweg_14_10_287-300x200.jpg 300w, http:\/\/blog.meineigenerweg.de\/wp-content\/uploads\/2014\/10\/Westweg_14_10_287.jpg 1000w\" sizes=\"auto, (max-width: 300px) 100vw, 300px\" \/><\/a><br \/>\nDer Herbst zeigt sich von seiner sch\u00f6nsten Seite<br \/>\n<a href=\"http:\/\/blog.meineigenerweg.de\/wp-content\/uploads\/2014\/10\/Westweg_14_10_298.jpg\"><img loading=\"lazy\" decoding=\"async\" class=\"alignnone size-medium wp-image-2895\" src=\"http:\/\/blog.meineigenerweg.de\/wp-content\/uploads\/2014\/10\/Westweg_14_10_298-300x200.jpg\" alt=\"Westweg_14_10_298\" width=\"300\" height=\"200\" srcset=\"http:\/\/blog.meineigenerweg.de\/wp-content\/uploads\/2014\/10\/Westweg_14_10_298-300x200.jpg 300w, http:\/\/blog.meineigenerweg.de\/wp-content\/uploads\/2014\/10\/Westweg_14_10_298.jpg 1000w\" sizes=\"auto, (max-width: 300px) 100vw, 300px\" \/><\/a><br \/>\nund der der Schwarzwald auch.<br \/>\n<a href=\"http:\/\/blog.meineigenerweg.de\/wp-content\/uploads\/2014\/10\/Westweg_14_10_314.jpg\"><img loading=\"lazy\" decoding=\"async\" class=\"alignnone size-medium wp-image-2896\" src=\"http:\/\/blog.meineigenerweg.de\/wp-content\/uploads\/2014\/10\/Westweg_14_10_314-300x200.jpg\" alt=\"Westweg_14_10_314\" width=\"300\" height=\"200\" srcset=\"http:\/\/blog.meineigenerweg.de\/wp-content\/uploads\/2014\/10\/Westweg_14_10_314-300x200.jpg 300w, http:\/\/blog.meineigenerweg.de\/wp-content\/uploads\/2014\/10\/Westweg_14_10_314.jpg 1000w\" sizes=\"auto, (max-width: 300px) 100vw, 300px\" \/><\/a><br \/>\nDer Titisee ist\u00a0ein sehr\u00a0beliebtes Ferienziel, besonders f\u00fcr Touristen aus dem amerikanischen und dem russischen Bereich. Unschwer zu erkennen an den mehrsprachigen Speisekarten &#8230; brrrrr.<br \/>\n<a href=\"http:\/\/blog.meineigenerweg.de\/wp-content\/uploads\/2014\/10\/Westweg_14_10_316.jpg\"><img loading=\"lazy\" decoding=\"async\" class=\"alignnone size-medium wp-image-2897\" src=\"http:\/\/blog.meineigenerweg.de\/wp-content\/uploads\/2014\/10\/Westweg_14_10_316-300x200.jpg\" alt=\"Westweg_14_10_316\" width=\"300\" height=\"200\" srcset=\"http:\/\/blog.meineigenerweg.de\/wp-content\/uploads\/2014\/10\/Westweg_14_10_316-300x200.jpg 300w, http:\/\/blog.meineigenerweg.de\/wp-content\/uploads\/2014\/10\/Westweg_14_10_316.jpg 1000w\" sizes=\"auto, (max-width: 300px) 100vw, 300px\" \/><\/a><br \/>\nLust auf eine Bootsfahrt<br \/>\n<a href=\"http:\/\/blog.meineigenerweg.de\/wp-content\/uploads\/2014\/10\/Westweg_14_10_337.jpg\"><img loading=\"lazy\" decoding=\"async\" class=\"alignnone size-medium wp-image-2898\" src=\"http:\/\/blog.meineigenerweg.de\/wp-content\/uploads\/2014\/10\/Westweg_14_10_337-300x200.jpg\" alt=\"Westweg_14_10_337\" width=\"300\" height=\"200\" srcset=\"http:\/\/blog.meineigenerweg.de\/wp-content\/uploads\/2014\/10\/Westweg_14_10_337-300x200.jpg 300w, http:\/\/blog.meineigenerweg.de\/wp-content\/uploads\/2014\/10\/Westweg_14_10_337.jpg 1000w\" sizes=\"auto, (max-width: 300px) 100vw, 300px\" \/><\/a><br \/>\noder lieber am Ufer sitzen und den Tag genie\u00dfen?<br \/>\n<a href=\"http:\/\/blog.meineigenerweg.de\/wp-content\/uploads\/2014\/10\/Westweg_14_10_323.jpg\"><img loading=\"lazy\" decoding=\"async\" class=\"alignnone size-medium wp-image-2899\" src=\"http:\/\/blog.meineigenerweg.de\/wp-content\/uploads\/2014\/10\/Westweg_14_10_323-300x200.jpg\" alt=\"Westweg_14_10_323\" width=\"300\" height=\"200\" srcset=\"http:\/\/blog.meineigenerweg.de\/wp-content\/uploads\/2014\/10\/Westweg_14_10_323-300x200.jpg 300w, http:\/\/blog.meineigenerweg.de\/wp-content\/uploads\/2014\/10\/Westweg_14_10_323.jpg 1000w\" sizes=\"auto, (max-width: 300px) 100vw, 300px\" \/><\/a><\/p>\n<p>&nbsp;<\/p>\n<h6>Freitag<\/h6>\n<p>Mit dem Zug vom\u00a0Titisee\u00a0nach Freiburg<\/p>\n<p>Mit dem Zug geht es heute zur\u00fcck nach Freiburg. Das Wochenende werde ich in Freiburg genie\u00dfen, in der Altstadt, auf dem M\u00fcnsterplatz, in einer der vielen gem\u00fctlichen Kneipen oder kleinen Restaurants, bummeln, essen, Wein trinken, den Tag genie\u00dfen.<\/p>\n<p>&nbsp;<\/p>\n<p><iframe loading=\"lazy\" src=\"\/\/www.youtube.com\/embed\/YRWlsv0oQRY\" width=\"300\" height=\"225\" frameborder=\"0\" allowfullscreen=\"allowfullscreen\"><\/iframe><\/p>\n<p>&nbsp;<\/p>\n<p>Die Tour l\u00e4sst sich auch gut mit dem Auto erleben. Man kommt an vielen Stellen \u00fcber Wanderparkpl\u00e4tze an den Westweg und kann kleinere Wanderungen vor dort aus starten.<\/p>\n","protected":false},"excerpt":{"rendered":"<p>14.10.14 Ich habe es wahrscheinlich schon mehrmals erz\u00e4hlt, aber ich liebe den Schwarzwald. Das mag daran liegen, dass ich viele Jahre dort studiert, gearbeitet und gelebt habe. Besonders mag ich den Altweibersommer, wenn morgens fr\u00fch noch dichte Nebel um die B\u00e4ume wabern und am sp\u00e4ten Vormittag die Sonne den Nebel<\/p>\n","protected":false},"author":1,"featured_media":2904,"parent":146,"menu_order":0,"comment_status":"closed","ping_status":"closed","template":"","meta":{"footnotes":""},"class_list":["post-2810","page","type-page","status-publish","has-post-thumbnail","hentry"],"_links":{"self":[{"href":"http:\/\/blog.meineigenerweg.de\/index.php?rest_route=\/wp\/v2\/pages\/2810","targetHints":{"allow":["GET"]}}],"collection":[{"href":"http:\/\/blog.meineigenerweg.de\/index.php?rest_route=\/wp\/v2\/pages"}],"about":[{"href":"http:\/\/blog.meineigenerweg.de\/index.php?rest_route=\/wp\/v2\/types\/page"}],"author":[{"embeddable":true,"href":"http:\/\/blog.meineigenerweg.de\/index.php?rest_route=\/wp\/v2\/users\/1"}],"replies":[{"embeddable":true,"href":"http:\/\/blog.meineigenerweg.de\/index.php?rest_route=%2Fwp%2Fv2%2Fcomments&post=2810"}],"version-history":[{"count":30,"href":"http:\/\/blog.meineigenerweg.de\/index.php?rest_route=\/wp\/v2\/pages\/2810\/revisions"}],"predecessor-version":[{"id":5906,"href":"http:\/\/blog.meineigenerweg.de\/index.php?rest_route=\/wp\/v2\/pages\/2810\/revisions\/5906"}],"up":[{"embeddable":true,"href":"http:\/\/blog.meineigenerweg.de\/index.php?rest_route=\/wp\/v2\/pages\/146"}],"wp:featuredmedia":[{"embeddable":true,"href":"http:\/\/blog.meineigenerweg.de\/index.php?rest_route=\/wp\/v2\/media\/2904"}],"wp:attachment":[{"href":"http:\/\/blog.meineigenerweg.de\/index.php?rest_route=%2Fwp%2Fv2%2Fmedia&parent=2810"}],"curies":[{"name":"wp","href":"https:\/\/api.w.org\/{rel}","templated":true}]}}