{"id":2680,"date":"2014-09-17T18:21:07","date_gmt":"2014-09-17T17:21:07","guid":{"rendered":"http:\/\/blog.meineigenerweg.de\/?page_id=2680"},"modified":"2019-03-28T21:22:03","modified_gmt":"2019-03-28T20:22:03","slug":"140916-recklinghausen-palais-vest","status":"publish","type":"page","link":"http:\/\/blog.meineigenerweg.de\/?page_id=2680","title":{"rendered":"Recklinghausen &#8211; Palais Vest *"},"content":{"rendered":"<p>16.09.14<\/p>\n<p>Wenn du mitten in Recklinghausen stehst und in die richtige Richtung schaust, siehst du das sch\u00f6ne alte Rathaus.<br \/>\n<a href=\"http:\/\/blog.meineigenerweg.de\/wp-content\/uploads\/2014\/09\/DSC_5443.jpg\"><img loading=\"lazy\" decoding=\"async\" class=\"alignnone size-medium wp-image-2681\" src=\"http:\/\/blog.meineigenerweg.de\/wp-content\/uploads\/2014\/09\/DSC_5443-300x217.jpg\" alt=\"DSC_5443\" width=\"300\" height=\"217\" srcset=\"http:\/\/blog.meineigenerweg.de\/wp-content\/uploads\/2014\/09\/DSC_5443-300x217.jpg 300w, http:\/\/blog.meineigenerweg.de\/wp-content\/uploads\/2014\/09\/DSC_5443.jpg 1000w\" sizes=\"auto, (max-width: 300px) 100vw, 300px\" \/><\/a><br \/>\nAber wenn du dich umdrehst springt es dich mit Gebr\u00fcll und scharfen Krallen an, das neue, ultimative, hypermoderne Shopping-Center <span style=\"color: #0000ff;\"><a href=\"http:\/\/www.palais-vest.de\/\" target=\"_blank\" rel=\"noopener noreferrer\"><span style=\"color: #0000ff;\"><span style=\"text-decoration: underline;\">PALAIS VEST<\/span><\/span><\/a><\/span>.<br \/>\n<a href=\"http:\/\/blog.meineigenerweg.de\/wp-content\/uploads\/2014\/09\/DSC_5416.jpg\"><img loading=\"lazy\" decoding=\"async\" class=\"alignnone size-medium wp-image-2682\" src=\"http:\/\/blog.meineigenerweg.de\/wp-content\/uploads\/2014\/09\/DSC_5416-300x213.jpg\" alt=\"DSC_5416\" width=\"300\" height=\"213\" srcset=\"http:\/\/blog.meineigenerweg.de\/wp-content\/uploads\/2014\/09\/DSC_5416-300x213.jpg 300w, http:\/\/blog.meineigenerweg.de\/wp-content\/uploads\/2014\/09\/DSC_5416.jpg 1000w\" sizes=\"auto, (max-width: 300px) 100vw, 300px\" \/><\/a><br \/>\nIch bin mutig und st\u00fcrze mich in den Trubel, heute am Er\u00f6ffnungstag ist es wahrscheinlich voller als sonst.<br \/>\nMein erster Eindruck vermittelt mir das Gef\u00fchl in der Shopping Mall am D\u00fcsseldorfer Flughafen zu Ferienbeginn zu sein.<br \/>\n<a href=\"http:\/\/blog.meineigenerweg.de\/wp-content\/uploads\/2014\/09\/DSC_5420.jpg\"><img loading=\"lazy\" decoding=\"async\" class=\"alignnone size-medium wp-image-2688\" src=\"http:\/\/blog.meineigenerweg.de\/wp-content\/uploads\/2014\/09\/DSC_5420-300x200.jpg\" alt=\"DSC_5420\" width=\"300\" height=\"200\" srcset=\"http:\/\/blog.meineigenerweg.de\/wp-content\/uploads\/2014\/09\/DSC_5420-300x200.jpg 300w, http:\/\/blog.meineigenerweg.de\/wp-content\/uploads\/2014\/09\/DSC_5420.jpg 1000w\" sizes=\"auto, (max-width: 300px) 100vw, 300px\" \/><\/a><br \/>\nEinkaufsvergn\u00fcgen auf drei Etagen.\u00a0Ich bummle\u00a0vorbei an Gesch\u00e4ften die kennt, die es in jedem anderen Einkaufszentrum auch gibt und die es fr\u00fcher auch in der Fu\u00dfg\u00e4ngerzone schon gegeben hat.<br \/>\n<a href=\"http:\/\/blog.meineigenerweg.de\/wp-content\/uploads\/2014\/09\/DSC_5431.jpg\"><img loading=\"lazy\" decoding=\"async\" class=\"alignnone size-medium wp-image-2690\" src=\"http:\/\/blog.meineigenerweg.de\/wp-content\/uploads\/2014\/09\/DSC_5431-300x200.jpg\" alt=\"DSC_5431\" width=\"300\" height=\"200\" srcset=\"http:\/\/blog.meineigenerweg.de\/wp-content\/uploads\/2014\/09\/DSC_5431-300x200.jpg 300w, http:\/\/blog.meineigenerweg.de\/wp-content\/uploads\/2014\/09\/DSC_5431.jpg 1000w\" sizes=\"auto, (max-width: 300px) 100vw, 300px\" \/><\/a><br \/>\nAuch die moderne Technik\u00a0hat Einzug gehalten, es gibt\u00a0sch\u00f6ne Infoterminals, kostenfreies WLAN und falls nach einem Einkaufsmarathon das Smartphone aufgibt, kann ich es ein einer der Steckdosen einfach wieder auflagen. Gut\u00a0das ich zum Einkaufsbummel\u00a0immer mein Ladeger\u00e4t mitnehme. Aber Notfalls kann ich mir ja auch spontan ein\u00a0neues\u00a0kaufen.<br \/>\n<a href=\"http:\/\/blog.meineigenerweg.de\/wp-content\/uploads\/2014\/09\/DSC_5430.jpg\"><img loading=\"lazy\" decoding=\"async\" class=\"alignnone size-medium wp-image-2692\" src=\"http:\/\/blog.meineigenerweg.de\/wp-content\/uploads\/2014\/09\/DSC_5430-300x183.jpg\" alt=\"DSC_5430\" width=\"300\" height=\"183\" srcset=\"http:\/\/blog.meineigenerweg.de\/wp-content\/uploads\/2014\/09\/DSC_5430-300x183.jpg 300w, http:\/\/blog.meineigenerweg.de\/wp-content\/uploads\/2014\/09\/DSC_5430.jpg 1000w\" sizes=\"auto, (max-width: 300px) 100vw, 300px\" \/><\/a><br \/>\nIch gebe es zu, Einkaufszentren sind nicht mein liebster Aufenthaltsort. Nat\u00fcrlich regnet es nicht rein und man kann bei jedem Wetter einkaufen. Aber es ist eng und laut und hektisch und\u00a0steril.\u00a0Wiegt das das Gef\u00fchl auf, bei Sonnenschein in einem Eiscaf\u00e9 in der Fu\u00dfg\u00e4ngerzone zu sitzen und\u00a0den gem\u00fctlich vorbeibummelnden Menschen zuzuschauen.<\/p>\n<p>Es gibt aktuell 460 solcher Einkaufszentren in Deutschland, ob wir die wirklich brauchen ist ein anderes Thema. Ich brauche keins davon!<\/p>\n<p>Ich hoffe, dass es in wenigen Jahre nicht so aussieht wie im 5 km entfernten Herten.<br \/>\n<a href=\"http:\/\/blog.meineigenerweg.de\/wp-content\/uploads\/2014\/09\/DSC_5408.jpg\"><img loading=\"lazy\" decoding=\"async\" class=\"alignnone size-medium wp-image-2695\" src=\"http:\/\/blog.meineigenerweg.de\/wp-content\/uploads\/2014\/09\/DSC_5408-300x200.jpg\" alt=\"DSC_5408\" width=\"300\" height=\"200\" srcset=\"http:\/\/blog.meineigenerweg.de\/wp-content\/uploads\/2014\/09\/DSC_5408-300x200.jpg 300w, http:\/\/blog.meineigenerweg.de\/wp-content\/uploads\/2014\/09\/DSC_5408.jpg 1000w\" sizes=\"auto, (max-width: 300px) 100vw, 300px\" \/><\/a><br \/>\n<a href=\"http:\/\/blog.meineigenerweg.de\/wp-content\/uploads\/2014\/09\/DSC_5410.jpg\"><img loading=\"lazy\" decoding=\"async\" class=\"alignnone size-medium wp-image-2696\" src=\"http:\/\/blog.meineigenerweg.de\/wp-content\/uploads\/2014\/09\/DSC_5410-300x200.jpg\" alt=\"DSC_5410\" width=\"300\" height=\"200\" srcset=\"http:\/\/blog.meineigenerweg.de\/wp-content\/uploads\/2014\/09\/DSC_5410-300x200.jpg 300w, http:\/\/blog.meineigenerweg.de\/wp-content\/uploads\/2014\/09\/DSC_5410.jpg 1000w\" sizes=\"auto, (max-width: 300px) 100vw, 300px\" \/><\/a><br \/>\n<em><img loading=\"lazy\" decoding=\"async\" class=\"alignnone size-medium wp-image-2697\" src=\"http:\/\/blog.meineigenerweg.de\/wp-content\/uploads\/2014\/09\/DSC_5411-300x191.jpg\" alt=\"DSC_5411\" width=\"300\" height=\"191\" srcset=\"http:\/\/blog.meineigenerweg.de\/wp-content\/uploads\/2014\/09\/DSC_5411-300x191.jpg 300w, http:\/\/blog.meineigenerweg.de\/wp-content\/uploads\/2014\/09\/DSC_5411.jpg 1000w\" sizes=\"auto, (max-width: 300px) 100vw, 300px\" \/><\/em><\/p>\n<p><em>meine Wertung:\u00a0<span style=\"color: #ff0000;\">*<\/span>**** lohnt nicht<\/em><br \/>\n<em>Kaiserwall 22<\/em><br \/>\n<em>Parkhaus P6 (Parkhaus Kaiserwall)<\/em><br \/>\n<em>45657 Recklinghausen<\/em><\/p>\n<p>&nbsp;<\/p>\n","protected":false},"excerpt":{"rendered":"<p>16.09.14 Wenn du mitten in Recklinghausen stehst und in die richtige Richtung schaust, siehst du das sch\u00f6ne alte Rathaus. Aber wenn du dich umdrehst springt es dich mit Gebr\u00fcll und scharfen Krallen an, das neue, ultimative, hypermoderne Shopping-Center PALAIS VEST. Ich bin mutig und st\u00fcrze mich in den Trubel, heute<\/p>\n","protected":false},"author":1,"featured_media":2701,"parent":1809,"menu_order":0,"comment_status":"closed","ping_status":"closed","template":"","meta":{"footnotes":""},"class_list":["post-2680","page","type-page","status-publish","has-post-thumbnail","hentry"],"_links":{"self":[{"href":"http:\/\/blog.meineigenerweg.de\/index.php?rest_route=\/wp\/v2\/pages\/2680","targetHints":{"allow":["GET"]}}],"collection":[{"href":"http:\/\/blog.meineigenerweg.de\/index.php?rest_route=\/wp\/v2\/pages"}],"about":[{"href":"http:\/\/blog.meineigenerweg.de\/index.php?rest_route=\/wp\/v2\/types\/page"}],"author":[{"embeddable":true,"href":"http:\/\/blog.meineigenerweg.de\/index.php?rest_route=\/wp\/v2\/users\/1"}],"replies":[{"embeddable":true,"href":"http:\/\/blog.meineigenerweg.de\/index.php?rest_route=%2Fwp%2Fv2%2Fcomments&post=2680"}],"version-history":[{"count":11,"href":"http:\/\/blog.meineigenerweg.de\/index.php?rest_route=\/wp\/v2\/pages\/2680\/revisions"}],"predecessor-version":[{"id":5902,"href":"http:\/\/blog.meineigenerweg.de\/index.php?rest_route=\/wp\/v2\/pages\/2680\/revisions\/5902"}],"up":[{"embeddable":true,"href":"http:\/\/blog.meineigenerweg.de\/index.php?rest_route=\/wp\/v2\/pages\/1809"}],"wp:featuredmedia":[{"embeddable":true,"href":"http:\/\/blog.meineigenerweg.de\/index.php?rest_route=\/wp\/v2\/media\/2701"}],"wp:attachment":[{"href":"http:\/\/blog.meineigenerweg.de\/index.php?rest_route=%2Fwp%2Fv2%2Fmedia&parent=2680"}],"curies":[{"name":"wp","href":"https:\/\/api.w.org\/{rel}","templated":true}]}}

<p>16.09.14</p>
<p>Wenn du mitten in Recklinghausen stehst und in die richtige Richtung schaust, siehst du das schöne alte Rathaus.<br />
<a href="http://blog.meineigenerweg.de/wp-content/uploads/2014/09/DSC_5443.jpg"><img loading="lazy" decoding="async" class="alignnone size-medium wp-image-2681" src="http://blog.meineigenerweg.de/wp-content/uploads/2014/09/DSC_5443-300x217.jpg" alt="DSC_5443" width="300" height="217" srcset="http://blog.meineigenerweg.de/wp-content/uploads/2014/09/DSC_5443-300x217.jpg 300w, http://blog.meineigenerweg.de/wp-content/uploads/2014/09/DSC_5443.jpg 1000w" sizes="auto, (max-width: 300px) 100vw, 300px" /></a><br />
Aber wenn du dich umdrehst springt es dich mit Gebrüll und scharfen Krallen an, das neue, ultimative, hypermoderne Shopping-Center <span style="color: #0000ff;"><a href="http://www.palais-vest.de/" target="_blank" rel="noopener noreferrer"><span style="color: #0000ff;"><span style="text-decoration: underline;">PALAIS VEST</span></span></a></span>.<br />
<a href="http://blog.meineigenerweg.de/wp-content/uploads/2014/09/DSC_5416.jpg"><img loading="lazy" decoding="async" class="alignnone size-medium wp-image-2682" src="http://blog.meineigenerweg.de/wp-content/uploads/2014/09/DSC_5416-300x213.jpg" alt="DSC_5416" width="300" height="213" srcset="http://blog.meineigenerweg.de/wp-content/uploads/2014/09/DSC_5416-300x213.jpg 300w, http://blog.meineigenerweg.de/wp-content/uploads/2014/09/DSC_5416.jpg 1000w" sizes="auto, (max-width: 300px) 100vw, 300px" /></a><br />
Ich bin mutig und stürze mich in den Trubel, heute am Eröffnungstag ist es wahrscheinlich voller als sonst.<br />
Mein erster Eindruck vermittelt mir das Gefühl in der Shopping Mall am Düsseldorfer Flughafen zu Ferienbeginn zu sein.<br />
<a href="http://blog.meineigenerweg.de/wp-content/uploads/2014/09/DSC_5420.jpg"><img loading="lazy" decoding="async" class="alignnone size-medium wp-image-2688" src="http://blog.meineigenerweg.de/wp-content/uploads/2014/09/DSC_5420-300x200.jpg" alt="DSC_5420" width="300" height="200" srcset="http://blog.meineigenerweg.de/wp-content/uploads/2014/09/DSC_5420-300x200.jpg 300w, http://blog.meineigenerweg.de/wp-content/uploads/2014/09/DSC_5420.jpg 1000w" sizes="auto, (max-width: 300px) 100vw, 300px" /></a><br />
Einkaufsvergnügen auf drei Etagen. Ich bummle vorbei an Geschäften die kennt, die es in jedem anderen Einkaufszentrum auch gibt und die es früher auch in der Fußgängerzone schon gegeben hat.<br />
<a href="http://blog.meineigenerweg.de/wp-content/uploads/2014/09/DSC_5431.jpg"><img loading="lazy" decoding="async" class="alignnone size-medium wp-image-2690" src="http://blog.meineigenerweg.de/wp-content/uploads/2014/09/DSC_5431-300x200.jpg" alt="DSC_5431" width="300" height="200" srcset="http://blog.meineigenerweg.de/wp-content/uploads/2014/09/DSC_5431-300x200.jpg 300w, http://blog.meineigenerweg.de/wp-content/uploads/2014/09/DSC_5431.jpg 1000w" sizes="auto, (max-width: 300px) 100vw, 300px" /></a><br />
Auch die moderne Technik hat Einzug gehalten, es gibt schöne Infoterminals, kostenfreies WLAN und falls nach einem Einkaufsmarathon das Smartphone aufgibt, kann ich es ein einer der Steckdosen einfach wieder auflagen. Gut das ich zum Einkaufsbummel immer mein Ladegerät mitnehme. Aber Notfalls kann ich mir ja auch spontan ein neues kaufen.<br />
<a href="http://blog.meineigenerweg.de/wp-content/uploads/2014/09/DSC_5430.jpg"><img loading="lazy" decoding="async" class="alignnone size-medium wp-image-2692" src="http://blog.meineigenerweg.de/wp-content/uploads/2014/09/DSC_5430-300x183.jpg" alt="DSC_5430" width="300" height="183" srcset="http://blog.meineigenerweg.de/wp-content/uploads/2014/09/DSC_5430-300x183.jpg 300w, http://blog.meineigenerweg.de/wp-content/uploads/2014/09/DSC_5430.jpg 1000w" sizes="auto, (max-width: 300px) 100vw, 300px" /></a><br />
Ich gebe es zu, Einkaufszentren sind nicht mein liebster Aufenthaltsort. Natürlich regnet es nicht rein und man kann bei jedem Wetter einkaufen. Aber es ist eng und laut und hektisch und steril. Wiegt das das Gefühl auf, bei Sonnenschein in einem Eiscafé in der Fußgängerzone zu sitzen und den gemütlich vorbeibummelnden Menschen zuzuschauen.</p>
<p>Es gibt aktuell 460 solcher Einkaufszentren in Deutschland, ob wir die wirklich brauchen ist ein anderes Thema. Ich brauche keins davon!</p>
<p>Ich hoffe, dass es in wenigen Jahre nicht so aussieht wie im 5 km entfernten Herten.<br />
<a href="http://blog.meineigenerweg.de/wp-content/uploads/2014/09/DSC_5408.jpg"><img loading="lazy" decoding="async" class="alignnone size-medium wp-image-2695" src="http://blog.meineigenerweg.de/wp-content/uploads/2014/09/DSC_5408-300x200.jpg" alt="DSC_5408" width="300" height="200" srcset="http://blog.meineigenerweg.de/wp-content/uploads/2014/09/DSC_5408-300x200.jpg 300w, http://blog.meineigenerweg.de/wp-content/uploads/2014/09/DSC_5408.jpg 1000w" sizes="auto, (max-width: 300px) 100vw, 300px" /></a><br />
<a href="http://blog.meineigenerweg.de/wp-content/uploads/2014/09/DSC_5410.jpg"><img loading="lazy" decoding="async" class="alignnone size-medium wp-image-2696" src="http://blog.meineigenerweg.de/wp-content/uploads/2014/09/DSC_5410-300x200.jpg" alt="DSC_5410" width="300" height="200" srcset="http://blog.meineigenerweg.de/wp-content/uploads/2014/09/DSC_5410-300x200.jpg 300w, http://blog.meineigenerweg.de/wp-content/uploads/2014/09/DSC_5410.jpg 1000w" sizes="auto, (max-width: 300px) 100vw, 300px" /></a><br />
<em><img loading="lazy" decoding="async" class="alignnone size-medium wp-image-2697" src="http://blog.meineigenerweg.de/wp-content/uploads/2014/09/DSC_5411-300x191.jpg" alt="DSC_5411" width="300" height="191" srcset="http://blog.meineigenerweg.de/wp-content/uploads/2014/09/DSC_5411-300x191.jpg 300w, http://blog.meineigenerweg.de/wp-content/uploads/2014/09/DSC_5411.jpg 1000w" sizes="auto, (max-width: 300px) 100vw, 300px" /></em></p>
<p><em>meine Wertung: <span style="color: #ff0000;">*</span>**** lohnt nicht</em><br />
<em>Kaiserwall 22</em><br />
<em>Parkhaus P6 (Parkhaus Kaiserwall)</em><br />
<em>45657 Recklinghausen</em></p>
<p>&nbsp;</p>

<p>16.09.14 Wenn du mitten in Recklinghausen stehst und in die richtige Richtung schaust, siehst du das schöne alte Rathaus. Aber wenn du dich umdrehst springt es dich mit Gebrüll und scharfen Krallen an, das neue, ultimative, hypermoderne Shopping-Center PALAIS VEST. Ich bin mutig und stürze mich in den Trubel, heute</p>
