{"id":2586,"date":"2014-09-14T10:09:56","date_gmt":"2014-09-14T09:09:56","guid":{"rendered":"http:\/\/blog.meineigenerweg.de\/?page_id=2586"},"modified":"2019-03-28T20:37:39","modified_gmt":"2019-03-28T19:37:39","slug":"waltrop-zeche-waltrop-halde-brockenscheidt","status":"publish","type":"page","link":"http:\/\/blog.meineigenerweg.de\/?page_id=2586","title":{"rendered":"Waltrop &#8211; Zeche Waltrop \/ Halde Brockenscheidt ***"},"content":{"rendered":"<p>10.09.2014<\/p>\n<p>Ich bin wieder da. Lange war ich in Bremen und habe die Zeit dort sehr genossen, Bremen ist eine tolle Stadt.\u00a0Aber eigentlich geh\u00f6re ich ins Ruhrgebiet. Ich brauchte mal wieder den Geruch von Kohle und Schmier\u00f6l, das Rasseln der F\u00f6rderb\u00e4nder, das Stampfen der alten Dampfmaschinen, den bitteren\u00a0Geschmack von\u00a0schwerer Arbeit. Auch wenn nur in meiner Fantasie, wenn ich durch eine ehemalige Zeche streife.<\/p>\n<p>In der <span style=\"color: #0000ff;\"><a href=\"http:\/\/de.wikipedia.org\/wiki\/Zeche_Waltrop\" target=\"_blank\" rel=\"noopener noreferrer\"><span style=\"color: #0000ff;\"><span style=\"text-decoration: underline;\">Zeche Waltrop<\/span><\/span><\/a><\/span> bekommt man etwas f\u00fcr alle Sinne.<\/p>\n<p>Von 1905 bis 1979 wurde hier Kohle gef\u00f6rdert. Die Geb\u00e4ude zeigen eindeutige Jugendstil-Merkmale.<br \/>\n<img loading=\"lazy\" decoding=\"async\" class=\"alignnone size-medium wp-image-2604\" src=\"http:\/\/blog.meineigenerweg.de\/wp-content\/uploads\/2014\/09\/DSC_5389x-300x200.jpg\" alt=\"DSC_5389x\" width=\"300\" height=\"200\" srcset=\"http:\/\/blog.meineigenerweg.de\/wp-content\/uploads\/2014\/09\/DSC_5389x-300x200.jpg 300w, http:\/\/blog.meineigenerweg.de\/wp-content\/uploads\/2014\/09\/DSC_5389x.jpg 1000w\" sizes=\"auto, (max-width: 300px) 100vw, 300px\" \/><br \/>\nViel ist von der ehemaligen Zeche nicht mehr zu erkennen, einen F\u00f6rderturm gibt es nicht mehr, aber die alten Dampfmaschinen, die die F\u00f6rderk\u00f6rbe in die Tiefe gelassen haben, gibt es noch.<br \/>\n<a href=\"http:\/\/blog.meineigenerweg.de\/wp-content\/uploads\/2014\/09\/DSC_5317.jpg\"><img loading=\"lazy\" decoding=\"async\" class=\"alignnone size-medium wp-image-2606\" src=\"http:\/\/blog.meineigenerweg.de\/wp-content\/uploads\/2014\/09\/DSC_5317-300x200.jpg\" alt=\"DSC_5317\" width=\"300\" height=\"200\" srcset=\"http:\/\/blog.meineigenerweg.de\/wp-content\/uploads\/2014\/09\/DSC_5317-300x200.jpg 300w, http:\/\/blog.meineigenerweg.de\/wp-content\/uploads\/2014\/09\/DSC_5317.jpg 1000w\" sizes=\"auto, (max-width: 300px) 100vw, 300px\" \/><\/a><br \/>\nDirekt neben der Zeche Waltrop ist die Halde Brockenscheidt. Wenn man den kleinen H\u00fcgel hinauf steigt, hat man einen guten \u00dcberblick \u00fcber die ehemalige Zeche.<br \/>\n<a href=\"http:\/\/blog.meineigenerweg.de\/wp-content\/uploads\/2014\/09\/DSC_5329.jpg\"><img loading=\"lazy\" decoding=\"async\" class=\"alignnone size-medium wp-image-2607\" src=\"http:\/\/blog.meineigenerweg.de\/wp-content\/uploads\/2014\/09\/DSC_5329-300x200.jpg\" alt=\"DSC_5329\" width=\"300\" height=\"200\" srcset=\"http:\/\/blog.meineigenerweg.de\/wp-content\/uploads\/2014\/09\/DSC_5329-300x200.jpg 300w, http:\/\/blog.meineigenerweg.de\/wp-content\/uploads\/2014\/09\/DSC_5329.jpg 1000w\" sizes=\"auto, (max-width: 300px) 100vw, 300px\" \/><\/a><br \/>\nAuf der Halde gibt es &#8222;nat\u00fcrlich&#8220; auch eine Landmarke, aber so richtig beeindrucken konnte sie mich nicht. Sie erinnert ein wenig an das Tetraeder, sieht aber irgendwie unfertig aus.<br \/>\n<a href=\"http:\/\/blog.meineigenerweg.de\/wp-content\/uploads\/2014\/09\/DSC_5334.jpg\"><img loading=\"lazy\" decoding=\"async\" class=\"alignnone size-medium wp-image-2608\" src=\"http:\/\/blog.meineigenerweg.de\/wp-content\/uploads\/2014\/09\/DSC_5334-300x200.jpg\" alt=\"DSC_5334\" width=\"300\" height=\"200\" srcset=\"http:\/\/blog.meineigenerweg.de\/wp-content\/uploads\/2014\/09\/DSC_5334-300x200.jpg 300w, http:\/\/blog.meineigenerweg.de\/wp-content\/uploads\/2014\/09\/DSC_5334.jpg 1000w\" sizes=\"auto, (max-width: 300px) 100vw, 300px\" \/><\/a><br \/>\nEine Konstruktion aus Holzbalken.<br \/>\n<a href=\"http:\/\/blog.meineigenerweg.de\/wp-content\/uploads\/2014\/09\/DSC_5347.jpg\"><img loading=\"lazy\" decoding=\"async\" class=\"alignnone size-medium wp-image-2609\" src=\"http:\/\/blog.meineigenerweg.de\/wp-content\/uploads\/2014\/09\/DSC_5347-300x200.jpg\" alt=\"DSC_5347\" width=\"300\" height=\"200\" srcset=\"http:\/\/blog.meineigenerweg.de\/wp-content\/uploads\/2014\/09\/DSC_5347-300x200.jpg 300w, http:\/\/blog.meineigenerweg.de\/wp-content\/uploads\/2014\/09\/DSC_5347.jpg 1000w\" sizes=\"auto, (max-width: 300px) 100vw, 300px\" \/><\/a><br \/>\nWenn man die wenigen Stufen hinaufsteigt<br \/>\n<a href=\"http:\/\/blog.meineigenerweg.de\/wp-content\/uploads\/2014\/09\/DSC_5344.jpg\"><img loading=\"lazy\" decoding=\"async\" class=\"alignnone size-medium wp-image-2610\" src=\"http:\/\/blog.meineigenerweg.de\/wp-content\/uploads\/2014\/09\/DSC_5344-300x200.jpg\" alt=\"DSC_5344\" width=\"300\" height=\"200\" srcset=\"http:\/\/blog.meineigenerweg.de\/wp-content\/uploads\/2014\/09\/DSC_5344-300x200.jpg 300w, http:\/\/blog.meineigenerweg.de\/wp-content\/uploads\/2014\/09\/DSC_5344.jpg 1000w\" sizes=\"auto, (max-width: 300px) 100vw, 300px\" \/><\/a><br \/>\nhat man einen sch\u00f6nen \u00dcberblick \u00fcber das idyllische Ruhrgebiet.<br \/>\n<a href=\"http:\/\/blog.meineigenerweg.de\/wp-content\/uploads\/2014\/09\/DSC_5352.jpg\"><img loading=\"lazy\" decoding=\"async\" class=\"alignnone size-medium wp-image-2611\" src=\"http:\/\/blog.meineigenerweg.de\/wp-content\/uploads\/2014\/09\/DSC_5352-300x200.jpg\" alt=\"DSC_5352\" width=\"300\" height=\"200\" srcset=\"http:\/\/blog.meineigenerweg.de\/wp-content\/uploads\/2014\/09\/DSC_5352-300x200.jpg 300w, http:\/\/blog.meineigenerweg.de\/wp-content\/uploads\/2014\/09\/DSC_5352.jpg 1000w\" sizes=\"auto, (max-width: 300px) 100vw, 300px\" \/><\/a><br \/>\nWenn du einmal dorthin f\u00e4hrst, sei am besten so gegen 11:00 Uhr dort, dann kannst du dir alles in Ruhe anschauen, zur Halde hinauflaufen und anschlie\u00dfend in die Lohnhalle gehen. Dort, im <span style=\"color: #0000ff;\"><a href=\"http:\/\/www.manufactum.de\/alte-zeche-waltrop-c-36\/\" target=\"_blank\" rel=\"noopener noreferrer\"><span style=\"color: #0000ff;\"><span style=\"text-decoration: underline;\">ManuFaktum<\/span><\/span><\/a><\/span>,\u00a0bekommst du deinen Lohn in Form eines leckeren Mittagessen oder ein St\u00fcck Kuchen.<br \/>\n<a href=\"http:\/\/blog.meineigenerweg.de\/wp-content\/uploads\/2014\/09\/2014-09-10-13.41.21.jpg\"><img loading=\"lazy\" decoding=\"async\" class=\"alignnone size-medium wp-image-2614\" src=\"http:\/\/blog.meineigenerweg.de\/wp-content\/uploads\/2014\/09\/2014-09-10-13.41.21-225x300.jpg\" alt=\"2014-09-10 13.41.21\" width=\"225\" height=\"300\" srcset=\"http:\/\/blog.meineigenerweg.de\/wp-content\/uploads\/2014\/09\/2014-09-10-13.41.21-225x300.jpg 225w, http:\/\/blog.meineigenerweg.de\/wp-content\/uploads\/2014\/09\/2014-09-10-13.41.21.jpg 750w\" sizes=\"auto, (max-width: 225px) 100vw, 225px\" \/><\/a><br \/>\nIn dem kleinen angrenzenden Laden bekommst du frisches Brot und K\u00e4se und einiges von der Speisekarte zu kaufen.<br \/>\n<a href=\"http:\/\/blog.meineigenerweg.de\/wp-content\/uploads\/2014\/09\/DSC_5391.jpg\"><img loading=\"lazy\" decoding=\"async\" class=\"alignnone size-medium wp-image-2615\" src=\"http:\/\/blog.meineigenerweg.de\/wp-content\/uploads\/2014\/09\/DSC_5391-300x200.jpg\" alt=\"DSC_5391\" width=\"300\" height=\"200\" srcset=\"http:\/\/blog.meineigenerweg.de\/wp-content\/uploads\/2014\/09\/DSC_5391-300x200.jpg 300w, http:\/\/blog.meineigenerweg.de\/wp-content\/uploads\/2014\/09\/DSC_5391.jpg 1000w\" sizes=\"auto, (max-width: 300px) 100vw, 300px\" \/><\/a><br \/>\nAuch f\u00fcr den\u00a0Garten\u00a0und den\u00a0Haushalt bekommst du nebenan etwas zu kaufen.<br \/>\n<a href=\"http:\/\/blog.meineigenerweg.de\/wp-content\/uploads\/2014\/09\/DSC_5392.jpg\"><img loading=\"lazy\" decoding=\"async\" class=\"alignnone size-medium wp-image-2617\" src=\"http:\/\/blog.meineigenerweg.de\/wp-content\/uploads\/2014\/09\/DSC_5392-300x200.jpg\" alt=\"DSC_5392\" width=\"300\" height=\"200\" srcset=\"http:\/\/blog.meineigenerweg.de\/wp-content\/uploads\/2014\/09\/DSC_5392-300x200.jpg 300w, http:\/\/blog.meineigenerweg.de\/wp-content\/uploads\/2014\/09\/DSC_5392.jpg 1000w\" sizes=\"auto, (max-width: 300px) 100vw, 300px\" \/><\/a><br \/>\n<em>Meine Wertung: <span style=\"color: #ff0000;\">***<\/span>** gut<\/em><br \/>\n<em>Hiberniastra\u00dfe 4<\/em><br \/>\n<em>45731 Waltrop<\/em><\/p>\n","protected":false},"excerpt":{"rendered":"<p>10.09.2014 Ich bin wieder da. Lange war ich in Bremen und habe die Zeit dort sehr genossen, Bremen ist eine tolle Stadt.\u00a0Aber eigentlich geh\u00f6re ich ins Ruhrgebiet. Ich brauchte mal wieder den Geruch von Kohle und Schmier\u00f6l, das Rasseln der F\u00f6rderb\u00e4nder, das Stampfen der alten Dampfmaschinen, den bitteren\u00a0Geschmack von\u00a0schwerer Arbeit.<\/p>\n","protected":false},"author":1,"featured_media":2663,"parent":1809,"menu_order":0,"comment_status":"closed","ping_status":"closed","template":"","meta":{"footnotes":""},"class_list":["post-2586","page","type-page","status-publish","has-post-thumbnail","hentry"],"_links":{"self":[{"href":"http:\/\/blog.meineigenerweg.de\/index.php?rest_route=\/wp\/v2\/pages\/2586","targetHints":{"allow":["GET"]}}],"collection":[{"href":"http:\/\/blog.meineigenerweg.de\/index.php?rest_route=\/wp\/v2\/pages"}],"about":[{"href":"http:\/\/blog.meineigenerweg.de\/index.php?rest_route=\/wp\/v2\/types\/page"}],"author":[{"embeddable":true,"href":"http:\/\/blog.meineigenerweg.de\/index.php?rest_route=\/wp\/v2\/users\/1"}],"replies":[{"embeddable":true,"href":"http:\/\/blog.meineigenerweg.de\/index.php?rest_route=%2Fwp%2Fv2%2Fcomments&post=2586"}],"version-history":[{"count":20,"href":"http:\/\/blog.meineigenerweg.de\/index.php?rest_route=\/wp\/v2\/pages\/2586\/revisions"}],"predecessor-version":[{"id":5875,"href":"http:\/\/blog.meineigenerweg.de\/index.php?rest_route=\/wp\/v2\/pages\/2586\/revisions\/5875"}],"up":[{"embeddable":true,"href":"http:\/\/blog.meineigenerweg.de\/index.php?rest_route=\/wp\/v2\/pages\/1809"}],"wp:featuredmedia":[{"embeddable":true,"href":"http:\/\/blog.meineigenerweg.de\/index.php?rest_route=\/wp\/v2\/media\/2663"}],"wp:attachment":[{"href":"http:\/\/blog.meineigenerweg.de\/index.php?rest_route=%2Fwp%2Fv2%2Fmedia&parent=2586"}],"curies":[{"name":"wp","href":"https:\/\/api.w.org\/{rel}","templated":true}]}}