{"id":2489,"date":"2014-09-01T21:47:48","date_gmt":"2014-09-01T20:47:48","guid":{"rendered":"http:\/\/blog.meineigenerweg.de\/?page_id=2489"},"modified":"2019-03-28T18:54:36","modified_gmt":"2019-03-28T17:54:36","slug":"dreissigster-august","status":"publish","type":"page","link":"http:\/\/blog.meineigenerweg.de\/?page_id=2489","title":{"rendered":"Drei\u00dfigster August ?!"},"content":{"rendered":"<p>30.08.2014<\/p>\n<p>Was denn nun?<\/p>\n<p>Versp\u00e4teter Fr\u00fchlingsanfang<br \/>\n<a href=\"http:\/\/blog.meineigenerweg.de\/wp-content\/uploads\/2014\/09\/Foto-1x.jpg\"><img loading=\"lazy\" decoding=\"async\" class=\"alignnone size-medium wp-image-2491\" src=\"http:\/\/blog.meineigenerweg.de\/wp-content\/uploads\/2014\/09\/Foto-1x-300x225.jpg\" alt=\"Foto 1x\" width=\"300\" height=\"225\" srcset=\"http:\/\/blog.meineigenerweg.de\/wp-content\/uploads\/2014\/09\/Foto-1x-300x225.jpg 300w, http:\/\/blog.meineigenerweg.de\/wp-content\/uploads\/2014\/09\/Foto-1x.jpg 1000w\" sizes=\"auto, (max-width: 300px) 100vw, 300px\" \/><\/a><\/p>\n<p>oder sehr verfr\u00fchte Vorweihnachtszeit?<br \/>\n<a href=\"http:\/\/blog.meineigenerweg.de\/wp-content\/uploads\/2014\/09\/Foto-2x.jpg\"><img loading=\"lazy\" decoding=\"async\" class=\"alignnone size-medium wp-image-2492\" src=\"http:\/\/blog.meineigenerweg.de\/wp-content\/uploads\/2014\/09\/Foto-2x-300x246.jpg\" alt=\"Foto 2x\" width=\"300\" height=\"246\" srcset=\"http:\/\/blog.meineigenerweg.de\/wp-content\/uploads\/2014\/09\/Foto-2x-300x246.jpg 300w, http:\/\/blog.meineigenerweg.de\/wp-content\/uploads\/2014\/09\/Foto-2x.jpg 1000w\" sizes=\"auto, (max-width: 300px) 100vw, 300px\" \/><\/a><\/p>\n<p>Beides am gleichen Tag in Bremen gesehen.<\/p>\n","protected":false},"excerpt":{"rendered":"<p>30.08.2014 Was denn nun? Versp\u00e4teter Fr\u00fchlingsanfang oder sehr verfr\u00fchte Vorweihnachtszeit? Beides am gleichen Tag in Bremen gesehen.<\/p>\n","protected":false},"author":1,"featured_media":2494,"parent":108,"menu_order":0,"comment_status":"closed","ping_status":"closed","template":"","meta":{"footnotes":""},"class_list":["post-2489","page","type-page","status-publish","has-post-thumbnail","hentry"],"_links":{"self":[{"href":"http:\/\/blog.meineigenerweg.de\/index.php?rest_route=\/wp\/v2\/pages\/2489","targetHints":{"allow":["GET"]}}],"collection":[{"href":"http:\/\/blog.meineigenerweg.de\/index.php?rest_route=\/wp\/v2\/pages"}],"about":[{"href":"http:\/\/blog.meineigenerweg.de\/index.php?rest_route=\/wp\/v2\/types\/page"}],"author":[{"embeddable":true,"href":"http:\/\/blog.meineigenerweg.de\/index.php?rest_route=\/wp\/v2\/users\/1"}],"replies":[{"embeddable":true,"href":"http:\/\/blog.meineigenerweg.de\/index.php?rest_route=%2Fwp%2Fv2%2Fcomments&post=2489"}],"version-history":[{"count":3,"href":"http:\/\/blog.meineigenerweg.de\/index.php?rest_route=\/wp\/v2\/pages\/2489\/revisions"}],"predecessor-version":[{"id":2496,"href":"http:\/\/blog.meineigenerweg.de\/index.php?rest_route=\/wp\/v2\/pages\/2489\/revisions\/2496"}],"up":[{"embeddable":true,"href":"http:\/\/blog.meineigenerweg.de\/index.php?rest_route=\/wp\/v2\/pages\/108"}],"wp:featuredmedia":[{"embeddable":true,"href":"http:\/\/blog.meineigenerweg.de\/index.php?rest_route=\/wp\/v2\/media\/2494"}],"wp:attachment":[{"href":"http:\/\/blog.meineigenerweg.de\/index.php?rest_route=%2Fwp%2Fv2%2Fmedia&parent=2489"}],"curies":[{"name":"wp","href":"https:\/\/api.w.org\/{rel}","templated":true}]}}