{"id":2422,"date":"2014-08-26T22:25:41","date_gmt":"2014-08-26T21:25:41","guid":{"rendered":"http:\/\/blog.meineigenerweg.de\/?page_id=2422"},"modified":"2019-03-28T22:58:42","modified_gmt":"2019-03-28T21:58:42","slug":"cuxhaven","status":"publish","type":"page","link":"http:\/\/blog.meineigenerweg.de\/?page_id=2422","title":{"rendered":"Cuxhaven ***"},"content":{"rendered":"<p>26.08.2014<\/p>\n<p>Der Wetterbericht sagt f\u00fcr ganz Deutschland schlechtes Wetter und Regen voraus, au\u00dfer an der Nordseek\u00fcste. Was ist da sinnvoller, besonders wenn man schon in Bremen ist, als an die K\u00fcste zu fahren?\u00a0Ich habe mich f\u00fcr Cuxhaven entschieden, denn da soll es auch Sandstrand geben.<\/p>\n<p>Nach einer Stunde Fahrt empf\u00e4ngt mich jede Menge Deich!<br \/>\n<a href=\"http:\/\/blog.meineigenerweg.de\/wp-content\/uploads\/2014\/08\/DSC_5074_x1.jpg\"><img loading=\"lazy\" decoding=\"async\" class=\"alignnone size-medium wp-image-2425\" src=\"http:\/\/blog.meineigenerweg.de\/wp-content\/uploads\/2014\/08\/DSC_5074_x1-300x200.jpg\" alt=\"DSC_5074_x\" width=\"300\" height=\"200\" srcset=\"http:\/\/blog.meineigenerweg.de\/wp-content\/uploads\/2014\/08\/DSC_5074_x1-300x200.jpg 300w, http:\/\/blog.meineigenerweg.de\/wp-content\/uploads\/2014\/08\/DSC_5074_x1.jpg 1000w\" sizes=\"auto, (max-width: 300px) 100vw, 300px\" \/><\/a><br \/>\nNat\u00fcrlich dr\u00e4ngt sich mir die brennende Frage auf, was ist hinter dem Deich? Na klar, jede Menge Deich, nur von der anderen Seite. Und jede Menge Meer. Und Strandk\u00f6rbe, obwohl es hier gar keinen Strand gibt, also so mit Sand und Muscheln und so.<br \/>\n<a href=\"http:\/\/blog.meineigenerweg.de\/wp-content\/uploads\/2014\/08\/DSC_5075.jpg\"><img loading=\"lazy\" decoding=\"async\" class=\"alignnone size-medium wp-image-2426\" src=\"http:\/\/blog.meineigenerweg.de\/wp-content\/uploads\/2014\/08\/DSC_5075-300x200.jpg\" alt=\"DSC_5075\" width=\"300\" height=\"200\" srcset=\"http:\/\/blog.meineigenerweg.de\/wp-content\/uploads\/2014\/08\/DSC_5075-300x200.jpg 300w, http:\/\/blog.meineigenerweg.de\/wp-content\/uploads\/2014\/08\/DSC_5075.jpg 1000w\" sizes=\"auto, (max-width: 300px) 100vw, 300px\" \/><\/a><br \/>\nIch wandere am Meer und an den endlosen Strandk\u00f6rben entlang.<br \/>\nMal wirkt es feudal<br \/>\n<a href=\"http:\/\/blog.meineigenerweg.de\/wp-content\/uploads\/2014\/08\/DSC_5085.jpg\"><img loading=\"lazy\" decoding=\"async\" class=\"alignnone size-medium wp-image-2428\" src=\"http:\/\/blog.meineigenerweg.de\/wp-content\/uploads\/2014\/08\/DSC_5085-300x200.jpg\" alt=\"DSC_5085\" width=\"300\" height=\"200\" srcset=\"http:\/\/blog.meineigenerweg.de\/wp-content\/uploads\/2014\/08\/DSC_5085-300x200.jpg 300w, http:\/\/blog.meineigenerweg.de\/wp-content\/uploads\/2014\/08\/DSC_5085.jpg 1000w\" sizes=\"auto, (max-width: 300px) 100vw, 300px\" \/><\/a><br \/>\nund manchmal wie Campingplatz.<br \/>\n<a href=\"http:\/\/blog.meineigenerweg.de\/wp-content\/uploads\/2014\/08\/DSC_5083.jpg\"><img loading=\"lazy\" decoding=\"async\" class=\"alignnone size-medium wp-image-2429\" src=\"http:\/\/blog.meineigenerweg.de\/wp-content\/uploads\/2014\/08\/DSC_5083-300x200.jpg\" alt=\"DSC_5083\" width=\"300\" height=\"200\" srcset=\"http:\/\/blog.meineigenerweg.de\/wp-content\/uploads\/2014\/08\/DSC_5083-300x200.jpg 300w, http:\/\/blog.meineigenerweg.de\/wp-content\/uploads\/2014\/08\/DSC_5083.jpg 1000w\" sizes=\"auto, (max-width: 300px) 100vw, 300px\" \/><\/a><br \/>\nUnd immer wieder fahren sehr gro\u00dfe Schiffe in Richtung Hafen.<br \/>\n<a href=\"http:\/\/blog.meineigenerweg.de\/wp-content\/uploads\/2014\/08\/DSC_5086.jpg\"><img loading=\"lazy\" decoding=\"async\" class=\"alignnone size-medium wp-image-2430\" src=\"http:\/\/blog.meineigenerweg.de\/wp-content\/uploads\/2014\/08\/DSC_5086-300x200.jpg\" alt=\"DSC_5086\" width=\"300\" height=\"200\" srcset=\"http:\/\/blog.meineigenerweg.de\/wp-content\/uploads\/2014\/08\/DSC_5086-300x200.jpg 300w, http:\/\/blog.meineigenerweg.de\/wp-content\/uploads\/2014\/08\/DSC_5086.jpg 1000w\" sizes=\"auto, (max-width: 300px) 100vw, 300px\" \/><\/a><br \/>\nWer bereit ist Eintritt zu bezahlen, darf auch an den Sandstrand (ich liebe die holl\u00e4ndische K\u00fcste, da kann man einfach an den Strand gehen und basta). Ich habe mir einen Strandkorb geliehen und\u00a0das\u00a0Meer und die Sonne genossen.<br \/>\n<a href=\"http:\/\/blog.meineigenerweg.de\/wp-content\/uploads\/2014\/08\/DSC_5108.jpg\"><img loading=\"lazy\" decoding=\"async\" class=\"alignnone size-medium wp-image-2431\" src=\"http:\/\/blog.meineigenerweg.de\/wp-content\/uploads\/2014\/08\/DSC_5108-300x200.jpg\" alt=\"DSC_5108\" width=\"300\" height=\"200\" srcset=\"http:\/\/blog.meineigenerweg.de\/wp-content\/uploads\/2014\/08\/DSC_5108-300x200.jpg 300w, http:\/\/blog.meineigenerweg.de\/wp-content\/uploads\/2014\/08\/DSC_5108.jpg 1000w\" sizes=\"auto, (max-width: 300px) 100vw, 300px\" \/><\/a><br \/>\nAm Nachmittag hat das Meer dann vorgezogen sich zur\u00fcckzuziehen. Ich dann auch.<br \/>\n<a href=\"http:\/\/blog.meineigenerweg.de\/wp-content\/uploads\/2014\/08\/DSC_5112.jpg\"><img loading=\"lazy\" decoding=\"async\" class=\"alignnone size-medium wp-image-2432\" src=\"http:\/\/blog.meineigenerweg.de\/wp-content\/uploads\/2014\/08\/DSC_5112-300x200.jpg\" alt=\"DSC_5112\" width=\"300\" height=\"200\" srcset=\"http:\/\/blog.meineigenerweg.de\/wp-content\/uploads\/2014\/08\/DSC_5112-300x200.jpg 300w, http:\/\/blog.meineigenerweg.de\/wp-content\/uploads\/2014\/08\/DSC_5112.jpg 1000w\" sizes=\"auto, (max-width: 300px) 100vw, 300px\" \/><\/a><br \/>\nEin sch\u00f6ner fauler Tag, aber mir fehlte das Rauschen der Wellen.<\/p>\n<p><em>Meine Wertung: <span style=\"color: #ff0000;\">***<\/span>** nett<\/em><br \/>\n<em> Cuxhaven<\/em><\/p>\n","protected":false},"excerpt":{"rendered":"<p>26.08.2014 Der Wetterbericht sagt f\u00fcr ganz Deutschland schlechtes Wetter und Regen voraus, au\u00dfer an der Nordseek\u00fcste. Was ist da sinnvoller, besonders wenn man schon in Bremen ist, als an die K\u00fcste zu fahren?\u00a0Ich habe mich f\u00fcr Cuxhaven entschieden, denn da soll es auch Sandstrand geben. Nach einer Stunde Fahrt empf\u00e4ngt<\/p>\n","protected":false},"author":1,"featured_media":2435,"parent":108,"menu_order":0,"comment_status":"closed","ping_status":"closed","template":"","meta":{"footnotes":""},"class_list":["post-2422","page","type-page","status-publish","has-post-thumbnail","hentry"],"_links":{"self":[{"href":"http:\/\/blog.meineigenerweg.de\/index.php?rest_route=\/wp\/v2\/pages\/2422","targetHints":{"allow":["GET"]}}],"collection":[{"href":"http:\/\/blog.meineigenerweg.de\/index.php?rest_route=\/wp\/v2\/pages"}],"about":[{"href":"http:\/\/blog.meineigenerweg.de\/index.php?rest_route=\/wp\/v2\/types\/page"}],"author":[{"embeddable":true,"href":"http:\/\/blog.meineigenerweg.de\/index.php?rest_route=\/wp\/v2\/users\/1"}],"replies":[{"embeddable":true,"href":"http:\/\/blog.meineigenerweg.de\/index.php?rest_route=%2Fwp%2Fv2%2Fcomments&post=2422"}],"version-history":[{"count":8,"href":"http:\/\/blog.meineigenerweg.de\/index.php?rest_route=\/wp\/v2\/pages\/2422\/revisions"}],"predecessor-version":[{"id":2439,"href":"http:\/\/blog.meineigenerweg.de\/index.php?rest_route=\/wp\/v2\/pages\/2422\/revisions\/2439"}],"up":[{"embeddable":true,"href":"http:\/\/blog.meineigenerweg.de\/index.php?rest_route=\/wp\/v2\/pages\/108"}],"wp:featuredmedia":[{"embeddable":true,"href":"http:\/\/blog.meineigenerweg.de\/index.php?rest_route=\/wp\/v2\/media\/2435"}],"wp:attachment":[{"href":"http:\/\/blog.meineigenerweg.de\/index.php?rest_route=%2Fwp%2Fv2%2Fmedia&parent=2422"}],"curies":[{"name":"wp","href":"https:\/\/api.w.org\/{rel}","templated":true}]}}

<p>26.08.2014</p>
<p>Der Wetterbericht sagt für ganz Deutschland schlechtes Wetter und Regen voraus, außer an der Nordseeküste. Was ist da sinnvoller, besonders wenn man schon in Bremen ist, als an die Küste zu fahren? Ich habe mich für Cuxhaven entschieden, denn da soll es auch Sandstrand geben.</p>
<p>Nach einer Stunde Fahrt empfängt mich jede Menge Deich!<br />
<a href="http://blog.meineigenerweg.de/wp-content/uploads/2014/08/DSC_5074_x1.jpg"><img loading="lazy" decoding="async" class="alignnone size-medium wp-image-2425" src="http://blog.meineigenerweg.de/wp-content/uploads/2014/08/DSC_5074_x1-300x200.jpg" alt="DSC_5074_x" width="300" height="200" srcset="http://blog.meineigenerweg.de/wp-content/uploads/2014/08/DSC_5074_x1-300x200.jpg 300w, http://blog.meineigenerweg.de/wp-content/uploads/2014/08/DSC_5074_x1.jpg 1000w" sizes="auto, (max-width: 300px) 100vw, 300px" /></a><br />
Natürlich drängt sich mir die brennende Frage auf, was ist hinter dem Deich? Na klar, jede Menge Deich, nur von der anderen Seite. Und jede Menge Meer. Und Strandkörbe, obwohl es hier gar keinen Strand gibt, also so mit Sand und Muscheln und so.<br />
<a href="http://blog.meineigenerweg.de/wp-content/uploads/2014/08/DSC_5075.jpg"><img loading="lazy" decoding="async" class="alignnone size-medium wp-image-2426" src="http://blog.meineigenerweg.de/wp-content/uploads/2014/08/DSC_5075-300x200.jpg" alt="DSC_5075" width="300" height="200" srcset="http://blog.meineigenerweg.de/wp-content/uploads/2014/08/DSC_5075-300x200.jpg 300w, http://blog.meineigenerweg.de/wp-content/uploads/2014/08/DSC_5075.jpg 1000w" sizes="auto, (max-width: 300px) 100vw, 300px" /></a><br />
Ich wandere am Meer und an den endlosen Strandkörben entlang.<br />
Mal wirkt es feudal<br />
<a href="http://blog.meineigenerweg.de/wp-content/uploads/2014/08/DSC_5085.jpg"><img loading="lazy" decoding="async" class="alignnone size-medium wp-image-2428" src="http://blog.meineigenerweg.de/wp-content/uploads/2014/08/DSC_5085-300x200.jpg" alt="DSC_5085" width="300" height="200" srcset="http://blog.meineigenerweg.de/wp-content/uploads/2014/08/DSC_5085-300x200.jpg 300w, http://blog.meineigenerweg.de/wp-content/uploads/2014/08/DSC_5085.jpg 1000w" sizes="auto, (max-width: 300px) 100vw, 300px" /></a><br />
und manchmal wie Campingplatz.<br />
<a href="http://blog.meineigenerweg.de/wp-content/uploads/2014/08/DSC_5083.jpg"><img loading="lazy" decoding="async" class="alignnone size-medium wp-image-2429" src="http://blog.meineigenerweg.de/wp-content/uploads/2014/08/DSC_5083-300x200.jpg" alt="DSC_5083" width="300" height="200" srcset="http://blog.meineigenerweg.de/wp-content/uploads/2014/08/DSC_5083-300x200.jpg 300w, http://blog.meineigenerweg.de/wp-content/uploads/2014/08/DSC_5083.jpg 1000w" sizes="auto, (max-width: 300px) 100vw, 300px" /></a><br />
Und immer wieder fahren sehr große Schiffe in Richtung Hafen.<br />
<a href="http://blog.meineigenerweg.de/wp-content/uploads/2014/08/DSC_5086.jpg"><img loading="lazy" decoding="async" class="alignnone size-medium wp-image-2430" src="http://blog.meineigenerweg.de/wp-content/uploads/2014/08/DSC_5086-300x200.jpg" alt="DSC_5086" width="300" height="200" srcset="http://blog.meineigenerweg.de/wp-content/uploads/2014/08/DSC_5086-300x200.jpg 300w, http://blog.meineigenerweg.de/wp-content/uploads/2014/08/DSC_5086.jpg 1000w" sizes="auto, (max-width: 300px) 100vw, 300px" /></a><br />
Wer bereit ist Eintritt zu bezahlen, darf auch an den Sandstrand (ich liebe die holländische Küste, da kann man einfach an den Strand gehen und basta). Ich habe mir einen Strandkorb geliehen und das Meer und die Sonne genossen.<br />
<a href="http://blog.meineigenerweg.de/wp-content/uploads/2014/08/DSC_5108.jpg"><img loading="lazy" decoding="async" class="alignnone size-medium wp-image-2431" src="http://blog.meineigenerweg.de/wp-content/uploads/2014/08/DSC_5108-300x200.jpg" alt="DSC_5108" width="300" height="200" srcset="http://blog.meineigenerweg.de/wp-content/uploads/2014/08/DSC_5108-300x200.jpg 300w, http://blog.meineigenerweg.de/wp-content/uploads/2014/08/DSC_5108.jpg 1000w" sizes="auto, (max-width: 300px) 100vw, 300px" /></a><br />
Am Nachmittag hat das Meer dann vorgezogen sich zurückzuziehen. Ich dann auch.<br />
<a href="http://blog.meineigenerweg.de/wp-content/uploads/2014/08/DSC_5112.jpg"><img loading="lazy" decoding="async" class="alignnone size-medium wp-image-2432" src="http://blog.meineigenerweg.de/wp-content/uploads/2014/08/DSC_5112-300x200.jpg" alt="DSC_5112" width="300" height="200" srcset="http://blog.meineigenerweg.de/wp-content/uploads/2014/08/DSC_5112-300x200.jpg 300w, http://blog.meineigenerweg.de/wp-content/uploads/2014/08/DSC_5112.jpg 1000w" sizes="auto, (max-width: 300px) 100vw, 300px" /></a><br />
Ein schöner fauler Tag, aber mir fehlte das Rauschen der Wellen.</p>
<p><em>Meine Wertung: <span style="color: #ff0000;">***</span>** nett</em><br />
<em> Cuxhaven</em></p>

<p>26.08.2014 Der Wetterbericht sagt für ganz Deutschland schlechtes Wetter und Regen voraus, außer an der Nordseeküste. Was ist da sinnvoller, besonders wenn man schon in Bremen ist, als an die Küste zu fahren? Ich habe mich für Cuxhaven entschieden, denn da soll es auch Sandstrand geben. Nach einer Stunde Fahrt empfängt</p>
