{"id":2223,"date":"2014-08-12T21:34:06","date_gmt":"2014-08-12T20:34:06","guid":{"rendered":"http:\/\/blog.meineigenerweg.de\/?page_id=2223"},"modified":"2019-03-28T21:13:26","modified_gmt":"2019-03-28T20:13:26","slug":"cafe-sand","status":"publish","type":"page","link":"http:\/\/blog.meineigenerweg.de\/?page_id=2223","title":{"rendered":"Cafe Sand ****"},"content":{"rendered":"<h6>05.08.2014<\/h6>\n<p>Bremen liegt ja nicht am Meer, hat aber trotzdem\u00a0einen kleinen Sandstrand.<br \/>\n<a href=\"http:\/\/blog.meineigenerweg.de\/wp-content\/uploads\/2014\/08\/2014-08-13-15.14.43.jpg\"><img loading=\"lazy\" decoding=\"async\" class=\"alignnone size-medium wp-image-2249\" src=\"http:\/\/blog.meineigenerweg.de\/wp-content\/uploads\/2014\/08\/2014-08-13-15.14.43-300x225.jpg\" alt=\"2014-08-13 15.14.43\" width=\"300\" height=\"225\" srcset=\"http:\/\/blog.meineigenerweg.de\/wp-content\/uploads\/2014\/08\/2014-08-13-15.14.43-300x225.jpg 300w, http:\/\/blog.meineigenerweg.de\/wp-content\/uploads\/2014\/08\/2014-08-13-15.14.43.jpg 1000w\" sizes=\"auto, (max-width: 300px) 100vw, 300px\" \/><\/a><br \/>\nDu kannst\u00a0hier einen entspannten Nachmittag in der Sonne genie\u00dfen, faul im Sand liegen oder Beachvolleyball spielen.\u00a0Oder einfach nur etwas essen und trinken und\u00a0zuschauen wie die Weser gem\u00fctlich vorbei flie\u00dft. Es gibt dort auch ein Restaurant und einen Imbisswagen und Biertischgarnituren und Sonnenschirme und viel Spielfl\u00e4che f\u00fcr Kinder.<br \/>\n<a href=\"http:\/\/blog.meineigenerweg.de\/wp-content\/uploads\/2014\/08\/IMGP1786x.jpg\"><img loading=\"lazy\" decoding=\"async\" class=\"alignnone size-medium wp-image-2245\" src=\"http:\/\/blog.meineigenerweg.de\/wp-content\/uploads\/2014\/08\/IMGP1786x-300x202.jpg\" alt=\"IMGP1786x\" width=\"300\" height=\"202\" srcset=\"http:\/\/blog.meineigenerweg.de\/wp-content\/uploads\/2014\/08\/IMGP1786x-300x202.jpg 300w, http:\/\/blog.meineigenerweg.de\/wp-content\/uploads\/2014\/08\/IMGP1786x.jpg 1000w\" sizes=\"auto, (max-width: 300px) 100vw, 300px\" \/><\/a><br \/>\nDa ich im Viertel wohne, fahre ich einfach mit dem Fahrrad dorthin. Der Strand und das Cafe Sand\u00a0liegen fast gegen\u00fcber auf der anderen Weser-Seite.\u00a0Entweder radle ich Richtung City, dann \u00fcber die Br\u00fccke und auf der anderen Seite wieder zur\u00fcck oder, und das ist viel sch\u00f6ner, nehme ich die kleine F\u00e4hre.<br \/>\nMan braucht nicht &#8222;F\u00e4hrmann, hal \u00f6ver&#8220; zu rufen, die F\u00e4hre f\u00e4hrt von morgens bis abends hin und her.<br \/>\n<a href=\"http:\/\/blog.meineigenerweg.de\/wp-content\/uploads\/2014\/08\/Bremen_07_249x.jpg\"><img loading=\"lazy\" decoding=\"async\" class=\"alignnone size-medium wp-image-2236\" src=\"http:\/\/blog.meineigenerweg.de\/wp-content\/uploads\/2014\/08\/Bremen_07_249x-300x200.jpg\" alt=\"Bremen_07_249x\" width=\"300\" height=\"200\" srcset=\"http:\/\/blog.meineigenerweg.de\/wp-content\/uploads\/2014\/08\/Bremen_07_249x-300x200.jpg 300w, http:\/\/blog.meineigenerweg.de\/wp-content\/uploads\/2014\/08\/Bremen_07_249x.jpg 1000w\" sizes=\"auto, (max-width: 300px) 100vw, 300px\" \/><\/a><\/p>\n<p><em>Meine Wertung: <span style=\"color: #ff0000;\">****<\/span>* erlebenswert<\/em><br \/>\n<em>Strandweg 106<\/em><br \/>\n<em>28201 Bremen<\/em><\/p>\n","protected":false},"excerpt":{"rendered":"<p>05.08.2014 Bremen liegt ja nicht am Meer, hat aber trotzdem\u00a0einen kleinen Sandstrand. Du kannst\u00a0hier einen entspannten Nachmittag in der Sonne genie\u00dfen, faul im Sand liegen oder Beachvolleyball spielen.\u00a0Oder einfach nur etwas essen und trinken und\u00a0zuschauen wie die Weser gem\u00fctlich vorbei flie\u00dft. Es gibt dort auch ein Restaurant und einen Imbisswagen<\/p>\n","protected":false},"author":1,"featured_media":2242,"parent":108,"menu_order":0,"comment_status":"closed","ping_status":"closed","template":"","meta":{"footnotes":""},"class_list":["post-2223","page","type-page","status-publish","has-post-thumbnail","hentry"],"_links":{"self":[{"href":"http:\/\/blog.meineigenerweg.de\/index.php?rest_route=\/wp\/v2\/pages\/2223","targetHints":{"allow":["GET"]}}],"collection":[{"href":"http:\/\/blog.meineigenerweg.de\/index.php?rest_route=\/wp\/v2\/pages"}],"about":[{"href":"http:\/\/blog.meineigenerweg.de\/index.php?rest_route=\/wp\/v2\/types\/page"}],"author":[{"embeddable":true,"href":"http:\/\/blog.meineigenerweg.de\/index.php?rest_route=\/wp\/v2\/users\/1"}],"replies":[{"embeddable":true,"href":"http:\/\/blog.meineigenerweg.de\/index.php?rest_route=%2Fwp%2Fv2%2Fcomments&post=2223"}],"version-history":[{"count":12,"href":"http:\/\/blog.meineigenerweg.de\/index.php?rest_route=\/wp\/v2\/pages\/2223\/revisions"}],"predecessor-version":[{"id":2251,"href":"http:\/\/blog.meineigenerweg.de\/index.php?rest_route=\/wp\/v2\/pages\/2223\/revisions\/2251"}],"up":[{"embeddable":true,"href":"http:\/\/blog.meineigenerweg.de\/index.php?rest_route=\/wp\/v2\/pages\/108"}],"wp:featuredmedia":[{"embeddable":true,"href":"http:\/\/blog.meineigenerweg.de\/index.php?rest_route=\/wp\/v2\/media\/2242"}],"wp:attachment":[{"href":"http:\/\/blog.meineigenerweg.de\/index.php?rest_route=%2Fwp%2Fv2%2Fmedia&parent=2223"}],"curies":[{"name":"wp","href":"https:\/\/api.w.org\/{rel}","templated":true}]}}

<h6>05.08.2014</h6>
<p>Bremen liegt ja nicht am Meer, hat aber trotzdem einen kleinen Sandstrand.<br />
<a href="http://blog.meineigenerweg.de/wp-content/uploads/2014/08/2014-08-13-15.14.43.jpg"><img loading="lazy" decoding="async" class="alignnone size-medium wp-image-2249" src="http://blog.meineigenerweg.de/wp-content/uploads/2014/08/2014-08-13-15.14.43-300x225.jpg" alt="2014-08-13 15.14.43" width="300" height="225" srcset="http://blog.meineigenerweg.de/wp-content/uploads/2014/08/2014-08-13-15.14.43-300x225.jpg 300w, http://blog.meineigenerweg.de/wp-content/uploads/2014/08/2014-08-13-15.14.43.jpg 1000w" sizes="auto, (max-width: 300px) 100vw, 300px" /></a><br />
Du kannst hier einen entspannten Nachmittag in der Sonne genießen, faul im Sand liegen oder Beachvolleyball spielen. Oder einfach nur etwas essen und trinken und zuschauen wie die Weser gemütlich vorbei fließt. Es gibt dort auch ein Restaurant und einen Imbisswagen und Biertischgarnituren und Sonnenschirme und viel Spielfläche für Kinder.<br />
<a href="http://blog.meineigenerweg.de/wp-content/uploads/2014/08/IMGP1786x.jpg"><img loading="lazy" decoding="async" class="alignnone size-medium wp-image-2245" src="http://blog.meineigenerweg.de/wp-content/uploads/2014/08/IMGP1786x-300x202.jpg" alt="IMGP1786x" width="300" height="202" srcset="http://blog.meineigenerweg.de/wp-content/uploads/2014/08/IMGP1786x-300x202.jpg 300w, http://blog.meineigenerweg.de/wp-content/uploads/2014/08/IMGP1786x.jpg 1000w" sizes="auto, (max-width: 300px) 100vw, 300px" /></a><br />
Da ich im Viertel wohne, fahre ich einfach mit dem Fahrrad dorthin. Der Strand und das Cafe Sand liegen fast gegenüber auf der anderen Weser-Seite. Entweder radle ich Richtung City, dann über die Brücke und auf der anderen Seite wieder zurück oder, und das ist viel schöner, nehme ich die kleine Fähre.<br />
Man braucht nicht &#8222;Fährmann, hal över&#8220; zu rufen, die Fähre fährt von morgens bis abends hin und her.<br />
<a href="http://blog.meineigenerweg.de/wp-content/uploads/2014/08/Bremen_07_249x.jpg"><img loading="lazy" decoding="async" class="alignnone size-medium wp-image-2236" src="http://blog.meineigenerweg.de/wp-content/uploads/2014/08/Bremen_07_249x-300x200.jpg" alt="Bremen_07_249x" width="300" height="200" srcset="http://blog.meineigenerweg.de/wp-content/uploads/2014/08/Bremen_07_249x-300x200.jpg 300w, http://blog.meineigenerweg.de/wp-content/uploads/2014/08/Bremen_07_249x.jpg 1000w" sizes="auto, (max-width: 300px) 100vw, 300px" /></a></p>
<p><em>Meine Wertung: <span style="color: #ff0000;">****</span>* erlebenswert</em><br />
<em>Strandweg 106</em><br />
<em>28201 Bremen</em></p>

<p>05.08.2014 Bremen liegt ja nicht am Meer, hat aber trotzdem einen kleinen Sandstrand. Du kannst hier einen entspannten Nachmittag in der Sonne genießen, faul im Sand liegen oder Beachvolleyball spielen. Oder einfach nur etwas essen und trinken und zuschauen wie die Weser gemütlich vorbei fließt. Es gibt dort auch ein Restaurant und einen Imbisswagen</p>
