{"id":170,"date":"2014-01-14T22:56:35","date_gmt":"2014-01-14T20:56:35","guid":{"rendered":"http:\/\/blog.meineigenerweg.de\/?page_id=170"},"modified":"2021-02-26T12:47:00","modified_gmt":"2021-02-26T11:47:00","slug":"new-orleans","status":"publish","type":"page","link":"http:\/\/blog.meineigenerweg.de\/?page_id=170","title":{"rendered":"New Orleans"},"content":{"rendered":"<p>1989 war ich das erste mal in New Orleans und dann noch einmal 2003 und die Stadt hat nicht von ihrer Stimmung verloren. Man geht einfach beschwingt und vom Jazz getragen durch die Stadt, l\u00e4sst sich treiben, singt und tanzt mit und hat einfach nur gute Laune.<\/p>\n<p>Nat\u00fcrlich geh\u00f6rt der &#8222;Ol&#8216; man River&#8220;, der Mississippi dazu und ist so sch\u00f6n in einer Bar am Flu\u00df auf der Terrasse zu sitzen und auf den Flu\u00df zu schauen und zu sehen wie die Raddampfer stampfend vorbeiziehen.<br \/>\n<a href=\"http:\/\/blog.meineigenerweg.de\/wp-content\/uploads\/2021\/02\/NO03_014-1.jpg\"><img loading=\"lazy\" decoding=\"async\" class=\"alignnone size-medium wp-image-7467\" src=\"http:\/\/blog.meineigenerweg.de\/wp-content\/uploads\/2021\/02\/NO03_014-1-300x200.jpg\" alt=\"\" width=\"300\" height=\"200\" srcset=\"http:\/\/blog.meineigenerweg.de\/wp-content\/uploads\/2021\/02\/NO03_014-1-300x200.jpg 300w, http:\/\/blog.meineigenerweg.de\/wp-content\/uploads\/2021\/02\/NO03_014-1-1024x682.jpg 1024w, http:\/\/blog.meineigenerweg.de\/wp-content\/uploads\/2021\/02\/NO03_014-1-768x512.jpg 768w, http:\/\/blog.meineigenerweg.de\/wp-content\/uploads\/2021\/02\/NO03_014-1.jpg 1280w\" sizes=\"auto, (max-width: 300px) 100vw, 300px\" \/><\/a> <a href=\"http:\/\/blog.meineigenerweg.de\/wp-content\/uploads\/2021\/02\/NO03_017-1.jpg\"><img loading=\"lazy\" decoding=\"async\" class=\"alignnone size-medium wp-image-7468\" src=\"http:\/\/blog.meineigenerweg.de\/wp-content\/uploads\/2021\/02\/NO03_017-1-300x200.jpg\" alt=\"\" width=\"300\" height=\"200\" srcset=\"http:\/\/blog.meineigenerweg.de\/wp-content\/uploads\/2021\/02\/NO03_017-1-300x200.jpg 300w, http:\/\/blog.meineigenerweg.de\/wp-content\/uploads\/2021\/02\/NO03_017-1-1024x683.jpg 1024w, http:\/\/blog.meineigenerweg.de\/wp-content\/uploads\/2021\/02\/NO03_017-1-768x512.jpg 768w, http:\/\/blog.meineigenerweg.de\/wp-content\/uploads\/2021\/02\/NO03_017-1.jpg 1280w\" sizes=\"auto, (max-width: 300px) 100vw, 300px\" \/><\/a><\/p>\n<p>Viele der alten H\u00e4user haben tolle schmiedeeiserne Balkongel\u00e4nder die \u00fcber und \u00fcber mit Blumen geschm\u00fcckt sind.<br \/>\n<a href=\"http:\/\/blog.meineigenerweg.de\/wp-content\/uploads\/2021\/02\/U89NO144.jpg\"><img loading=\"lazy\" decoding=\"async\" class=\"alignnone size-medium wp-image-7466\" src=\"http:\/\/blog.meineigenerweg.de\/wp-content\/uploads\/2021\/02\/U89NO144-300x200.jpg\" alt=\"\" width=\"300\" height=\"200\" srcset=\"http:\/\/blog.meineigenerweg.de\/wp-content\/uploads\/2021\/02\/U89NO144-300x200.jpg 300w, http:\/\/blog.meineigenerweg.de\/wp-content\/uploads\/2021\/02\/U89NO144-1024x683.jpg 1024w, http:\/\/blog.meineigenerweg.de\/wp-content\/uploads\/2021\/02\/U89NO144-768x512.jpg 768w, http:\/\/blog.meineigenerweg.de\/wp-content\/uploads\/2021\/02\/U89NO144.jpg 1537w\" sizes=\"auto, (max-width: 300px) 100vw, 300px\" \/><\/a><\/p>\n<p>in die ber\u00fchmten Bourbon Street zieht es tags\u00fcber die schaulustigen Touristen und ab Einbruch der D\u00e4mmerung bis in den fr\u00fchen Morgen die Partyg\u00e4nger. Hier gibt es in jeder kleinen Kneipe Livemusik und in jedem kleinen Restaurant kann man k\u00f6stliche kreolische Gerichte genie\u00dfen.<br \/>\n<a href=\"http:\/\/blog.meineigenerweg.de\/wp-content\/uploads\/2021\/02\/NO03_035.jpg\"><img loading=\"lazy\" decoding=\"async\" class=\"alignnone size-medium wp-image-7454\" src=\"http:\/\/blog.meineigenerweg.de\/wp-content\/uploads\/2021\/02\/NO03_035-300x200.jpg\" alt=\"\" width=\"300\" height=\"200\" srcset=\"http:\/\/blog.meineigenerweg.de\/wp-content\/uploads\/2021\/02\/NO03_035-300x200.jpg 300w, http:\/\/blog.meineigenerweg.de\/wp-content\/uploads\/2021\/02\/NO03_035-1024x682.jpg 1024w, http:\/\/blog.meineigenerweg.de\/wp-content\/uploads\/2021\/02\/NO03_035-768x512.jpg 768w, http:\/\/blog.meineigenerweg.de\/wp-content\/uploads\/2021\/02\/NO03_035.jpg 1280w\" sizes=\"auto, (max-width: 300px) 100vw, 300px\" \/><\/a> <a href=\"http:\/\/blog.meineigenerweg.de\/wp-content\/uploads\/2021\/02\/NO03_036.jpg\"><img loading=\"lazy\" decoding=\"async\" class=\"alignnone size-medium wp-image-7455\" src=\"http:\/\/blog.meineigenerweg.de\/wp-content\/uploads\/2021\/02\/NO03_036-300x200.jpg\" alt=\"\" width=\"300\" height=\"200\" srcset=\"http:\/\/blog.meineigenerweg.de\/wp-content\/uploads\/2021\/02\/NO03_036-300x200.jpg 300w, http:\/\/blog.meineigenerweg.de\/wp-content\/uploads\/2021\/02\/NO03_036-1024x682.jpg 1024w, http:\/\/blog.meineigenerweg.de\/wp-content\/uploads\/2021\/02\/NO03_036-768x512.jpg 768w, http:\/\/blog.meineigenerweg.de\/wp-content\/uploads\/2021\/02\/NO03_036.jpg 1280w\" sizes=\"auto, (max-width: 300px) 100vw, 300px\" \/><\/a><br \/>\n<a href=\"http:\/\/blog.meineigenerweg.de\/wp-content\/uploads\/2021\/02\/NO03_166.jpg\"><img loading=\"lazy\" decoding=\"async\" class=\"alignnone size-medium wp-image-7461\" src=\"http:\/\/blog.meineigenerweg.de\/wp-content\/uploads\/2021\/02\/NO03_166-300x200.jpg\" alt=\"\" width=\"300\" height=\"200\" srcset=\"http:\/\/blog.meineigenerweg.de\/wp-content\/uploads\/2021\/02\/NO03_166-300x200.jpg 300w, http:\/\/blog.meineigenerweg.de\/wp-content\/uploads\/2021\/02\/NO03_166-1024x682.jpg 1024w, http:\/\/blog.meineigenerweg.de\/wp-content\/uploads\/2021\/02\/NO03_166-768x512.jpg 768w, http:\/\/blog.meineigenerweg.de\/wp-content\/uploads\/2021\/02\/NO03_166.jpg 1280w\" sizes=\"auto, (max-width: 300px) 100vw, 300px\" \/><\/a><\/p>\n<p>Der typische New Orleans Jazz erklingt \u00fcberall<br \/>\nauch mal ohne Publikum<br \/>\n<a href=\"http:\/\/blog.meineigenerweg.de\/wp-content\/uploads\/2021\/02\/U89NO106.jpg\"><img loading=\"lazy\" decoding=\"async\" class=\"alignnone size-medium wp-image-7465\" src=\"http:\/\/blog.meineigenerweg.de\/wp-content\/uploads\/2021\/02\/U89NO106-300x200.jpg\" alt=\"\" width=\"300\" height=\"200\" srcset=\"http:\/\/blog.meineigenerweg.de\/wp-content\/uploads\/2021\/02\/U89NO106-300x200.jpg 300w, http:\/\/blog.meineigenerweg.de\/wp-content\/uploads\/2021\/02\/U89NO106-768x512.jpg 768w, http:\/\/blog.meineigenerweg.de\/wp-content\/uploads\/2021\/02\/U89NO106.jpg 978w\" sizes=\"auto, (max-width: 300px) 100vw, 300px\" \/><\/a><br \/>\nsteppende Kinder<br \/>\n<a href=\"http:\/\/blog.meineigenerweg.de\/wp-content\/uploads\/2021\/02\/U89NO071.jpg\"><img loading=\"lazy\" decoding=\"async\" class=\"alignnone size-medium wp-image-7464\" src=\"http:\/\/blog.meineigenerweg.de\/wp-content\/uploads\/2021\/02\/U89NO071-300x200.jpg\" alt=\"\" width=\"300\" height=\"200\" srcset=\"http:\/\/blog.meineigenerweg.de\/wp-content\/uploads\/2021\/02\/U89NO071-300x200.jpg 300w, http:\/\/blog.meineigenerweg.de\/wp-content\/uploads\/2021\/02\/U89NO071-1024x682.jpg 1024w, http:\/\/blog.meineigenerweg.de\/wp-content\/uploads\/2021\/02\/U89NO071-768x512.jpg 768w, http:\/\/blog.meineigenerweg.de\/wp-content\/uploads\/2021\/02\/U89NO071.jpg 1430w\" sizes=\"auto, (max-width: 300px) 100vw, 300px\" \/><\/a><br \/>\nsingende und tanzende \u00e4ltere Dame<br \/>\n<a href=\"http:\/\/blog.meineigenerweg.de\/wp-content\/uploads\/2021\/02\/U89NO064.jpg\"><img loading=\"lazy\" decoding=\"async\" class=\"alignnone size-medium wp-image-7462\" src=\"http:\/\/blog.meineigenerweg.de\/wp-content\/uploads\/2021\/02\/U89NO064-300x200.jpg\" alt=\"\" width=\"300\" height=\"200\" srcset=\"http:\/\/blog.meineigenerweg.de\/wp-content\/uploads\/2021\/02\/U89NO064-300x200.jpg 300w, http:\/\/blog.meineigenerweg.de\/wp-content\/uploads\/2021\/02\/U89NO064-1024x683.jpg 1024w, http:\/\/blog.meineigenerweg.de\/wp-content\/uploads\/2021\/02\/U89NO064-768x512.jpg 768w, http:\/\/blog.meineigenerweg.de\/wp-content\/uploads\/2021\/02\/U89NO064-1536x1024.jpg 1536w, http:\/\/blog.meineigenerweg.de\/wp-content\/uploads\/2021\/02\/U89NO064.jpg 1620w\" sizes=\"auto, (max-width: 300px) 100vw, 300px\" \/><\/a><\/p>\n<p>Es gibt aber auch ruhige Parks und Nebenstra\u00dfen<br \/>\n<a href=\"http:\/\/blog.meineigenerweg.de\/wp-content\/uploads\/2021\/02\/NO03_011.jpg\"><img loading=\"lazy\" decoding=\"async\" class=\"alignnone size-medium wp-image-7451\" src=\"http:\/\/blog.meineigenerweg.de\/wp-content\/uploads\/2021\/02\/NO03_011-300x200.jpg\" alt=\"\" width=\"300\" height=\"200\" srcset=\"http:\/\/blog.meineigenerweg.de\/wp-content\/uploads\/2021\/02\/NO03_011-300x200.jpg 300w, http:\/\/blog.meineigenerweg.de\/wp-content\/uploads\/2021\/02\/NO03_011-1024x683.jpg 1024w, http:\/\/blog.meineigenerweg.de\/wp-content\/uploads\/2021\/02\/NO03_011-768x512.jpg 768w, http:\/\/blog.meineigenerweg.de\/wp-content\/uploads\/2021\/02\/NO03_011.jpg 1280w\" sizes=\"auto, (max-width: 300px) 100vw, 300px\" \/> <\/a><a href=\"http:\/\/blog.meineigenerweg.de\/wp-content\/uploads\/2021\/02\/NO03_064.jpg\"><img loading=\"lazy\" decoding=\"async\" class=\"alignnone size-medium wp-image-7456\" src=\"http:\/\/blog.meineigenerweg.de\/wp-content\/uploads\/2021\/02\/NO03_064-300x200.jpg\" alt=\"\" width=\"300\" height=\"200\" srcset=\"http:\/\/blog.meineigenerweg.de\/wp-content\/uploads\/2021\/02\/NO03_064-300x200.jpg 300w, http:\/\/blog.meineigenerweg.de\/wp-content\/uploads\/2021\/02\/NO03_064-1024x683.jpg 1024w, http:\/\/blog.meineigenerweg.de\/wp-content\/uploads\/2021\/02\/NO03_064-768x512.jpg 768w, http:\/\/blog.meineigenerweg.de\/wp-content\/uploads\/2021\/02\/NO03_064.jpg 1266w\" sizes=\"auto, (max-width: 300px) 100vw, 300px\" \/><\/a><\/p>\n<p>Ein Ausflug in die S\u00fcmpfe, die swamps, lohn sich auf jeden Fall. Endlos viele Flussarme und Kan\u00e4le in denen man schon nach wenigen Minuten die Orientierung verloren hat. Und allgegenw\u00e4rtig sind hungrige und neugierige Alligatoren und Giftschlangen.<br \/>\n<a href=\"http:\/\/blog.meineigenerweg.de\/wp-content\/uploads\/2021\/02\/NO03_119.jpg\"><img loading=\"lazy\" decoding=\"async\" class=\"alignnone size-medium wp-image-7457\" src=\"http:\/\/blog.meineigenerweg.de\/wp-content\/uploads\/2021\/02\/NO03_119-300x200.jpg\" alt=\"\" width=\"300\" height=\"200\" srcset=\"http:\/\/blog.meineigenerweg.de\/wp-content\/uploads\/2021\/02\/NO03_119-300x200.jpg 300w, http:\/\/blog.meineigenerweg.de\/wp-content\/uploads\/2021\/02\/NO03_119-1024x683.jpg 1024w, http:\/\/blog.meineigenerweg.de\/wp-content\/uploads\/2021\/02\/NO03_119-768x512.jpg 768w, http:\/\/blog.meineigenerweg.de\/wp-content\/uploads\/2021\/02\/NO03_119.jpg 1280w\" sizes=\"auto, (max-width: 300px) 100vw, 300px\" \/><\/a> <a href=\"http:\/\/blog.meineigenerweg.de\/wp-content\/uploads\/2021\/02\/NO03_132.jpg\"><img loading=\"lazy\" decoding=\"async\" class=\"alignnone size-medium wp-image-7459\" src=\"http:\/\/blog.meineigenerweg.de\/wp-content\/uploads\/2021\/02\/NO03_132-300x200.jpg\" alt=\"\" width=\"300\" height=\"200\" srcset=\"http:\/\/blog.meineigenerweg.de\/wp-content\/uploads\/2021\/02\/NO03_132-300x200.jpg 300w, http:\/\/blog.meineigenerweg.de\/wp-content\/uploads\/2021\/02\/NO03_132-1024x682.jpg 1024w, http:\/\/blog.meineigenerweg.de\/wp-content\/uploads\/2021\/02\/NO03_132-768x512.jpg 768w, http:\/\/blog.meineigenerweg.de\/wp-content\/uploads\/2021\/02\/NO03_132.jpg 1280w\" sizes=\"auto, (max-width: 300px) 100vw, 300px\" \/><\/a><br \/>\n<a href=\"http:\/\/blog.meineigenerweg.de\/wp-content\/uploads\/2021\/02\/NO03_129.jpg\"><img loading=\"lazy\" decoding=\"async\" class=\"alignnone size-medium wp-image-7458\" src=\"http:\/\/blog.meineigenerweg.de\/wp-content\/uploads\/2021\/02\/NO03_129-300x200.jpg\" alt=\"\" width=\"300\" height=\"200\" srcset=\"http:\/\/blog.meineigenerweg.de\/wp-content\/uploads\/2021\/02\/NO03_129-300x200.jpg 300w, http:\/\/blog.meineigenerweg.de\/wp-content\/uploads\/2021\/02\/NO03_129-768x512.jpg 768w, http:\/\/blog.meineigenerweg.de\/wp-content\/uploads\/2021\/02\/NO03_129.jpg 843w\" sizes=\"auto, (max-width: 300px) 100vw, 300px\" \/><\/a><\/p>\n<p>&nbsp;<\/p>\n<p>&nbsp;<\/p>\n","protected":false},"excerpt":{"rendered":"<p>1989 war ich das erste mal in New Orleans und dann noch einmal 2003 und die Stadt hat nicht von ihrer Stimmung verloren. Man geht einfach beschwingt und vom Jazz getragen durch die Stadt, l\u00e4sst sich treiben, singt und tanzt mit und hat einfach nur gute Laune. Nat\u00fcrlich geh\u00f6rt der<\/p>\n","protected":false},"author":1,"featured_media":0,"parent":102,"menu_order":0,"comment_status":"closed","ping_status":"closed","template":"","meta":{"footnotes":""},"class_list":["post-170","page","type-page","status-publish","hentry"],"_links":{"self":[{"href":"http:\/\/blog.meineigenerweg.de\/index.php?rest_route=\/wp\/v2\/pages\/170","targetHints":{"allow":["GET"]}}],"collection":[{"href":"http:\/\/blog.meineigenerweg.de\/index.php?rest_route=\/wp\/v2\/pages"}],"about":[{"href":"http:\/\/blog.meineigenerweg.de\/index.php?rest_route=\/wp\/v2\/types\/page"}],"author":[{"embeddable":true,"href":"http:\/\/blog.meineigenerweg.de\/index.php?rest_route=\/wp\/v2\/users\/1"}],"replies":[{"embeddable":true,"href":"http:\/\/blog.meineigenerweg.de\/index.php?rest_route=%2Fwp%2Fv2%2Fcomments&post=170"}],"version-history":[{"count":8,"href":"http:\/\/blog.meineigenerweg.de\/index.php?rest_route=\/wp\/v2\/pages\/170\/revisions"}],"predecessor-version":[{"id":7471,"href":"http:\/\/blog.meineigenerweg.de\/index.php?rest_route=\/wp\/v2\/pages\/170\/revisions\/7471"}],"up":[{"embeddable":true,"href":"http:\/\/blog.meineigenerweg.de\/index.php?rest_route=\/wp\/v2\/pages\/102"}],"wp:attachment":[{"href":"http:\/\/blog.meineigenerweg.de\/index.php?rest_route=%2Fwp%2Fv2%2Fmedia&parent=170"}],"curies":[{"name":"wp","href":"https:\/\/api.w.org\/{rel}","templated":true}]}}