{"id":1567,"date":"2014-05-22T19:35:41","date_gmt":"2014-05-22T18:35:41","guid":{"rendered":"http:\/\/blog.meineigenerweg.de\/?page_id=1567"},"modified":"2019-03-28T21:22:28","modified_gmt":"2019-03-28T20:22:28","slug":"gardasee-spaghetti-agli-e-olio-e-capperi","status":"publish","type":"page","link":"http:\/\/blog.meineigenerweg.de\/?page_id=1567","title":{"rendered":"Gardasee &#8211; Spaghetti agli e olio e capperi"},"content":{"rendered":"<p>Setzte dich in deine bequeme Kuschelecke, schlie\u00dfe die Augen und lass dich zu einer kleinen Reise verf\u00fchren.<\/p>\n<p>Sp\u00fcrst du den sanften Windhauch, er ist warm von der Sommersonne und weich und frisch vom See, er streichelt dir \u00fcber deine Arme und dein Gesicht. H\u00f6rst du, wie die kleinen Wellen immer wieder \u00fcber die runden Kiesel des Seeufers rollen und pl\u00e4tschernde und glucksende Ger\u00e4usche machen? Riechst du den See, das warme Wasser\u00a0und die Ahnung von Fisch? Riechst du von Ferne die Oleanderb\u00fcsche mit ihren wei\u00dfen\u00a0und roten Bl\u00fcten\u00a0und den s\u00fc\u00dflichen Duft\u00a0der Zitronenb\u00e4ume die am Seeufer stehen? Schmeckst du den Sommer, der sich wohlig in dir ausbreitet?<br \/>\n<a href=\"http:\/\/blog.meineigenerweg.de\/wp-content\/uploads\/2014\/05\/T06_1306_066_Limone_Brenzone.jpg\"><img loading=\"lazy\" decoding=\"async\" class=\"alignnone size-medium wp-image-1570\" src=\"http:\/\/blog.meineigenerweg.de\/wp-content\/uploads\/2014\/05\/T06_1306_066_Limone_Brenzone-300x200.jpg\" alt=\"T06_1306_066_Limone_Brenzone\" width=\"300\" height=\"200\" srcset=\"http:\/\/blog.meineigenerweg.de\/wp-content\/uploads\/2014\/05\/T06_1306_066_Limone_Brenzone-300x200.jpg 300w, http:\/\/blog.meineigenerweg.de\/wp-content\/uploads\/2014\/05\/T06_1306_066_Limone_Brenzone.jpg 1000w\" sizes=\"auto, (max-width: 300px) 100vw, 300px\" \/><\/a><br \/>\nIch sitze am Ufer des Gardasees, etwas oberhalb von Bardolino, die Sonne geht\u00a0langsam hinter der gegen\u00fcberliegenden Bergkette unter und verwandelt den See in eine blaue Traumlandschaft. Im Wasser d\u00fcmpelt ein\u00a0Segelboot. Vor mir steht ein Glas Bardolino\u00a0Chiaretto Spumante. Ein fruchtig blumiger, sanft prickelnder Rosewein, den ich in dieser Rotwein-Gegend nicht erwartet h\u00e4tte, der aber wie f\u00fcr mich und meine Stimmung gemacht zu sein scheint. Fast unmerklich, wohl um mich nicht aus meinen Tr\u00e4umereien zu wecken, kommt der Kellner und stellt mir vorsichtig einen gro\u00dfen Teller mit dampfenden Nudel auf meinen kleinen Tisch. Ein Hauch von Knoblauch, Oliven\u00f6l, Kapern und Zitrone steigt mir in die Nase und holt mich auf angenehme Weise in die Wirklichkeit zur\u00fcck.<\/p>\n<p>Ein tolles Gericht, das wirklich schnell und einfach zu kochen ist.<\/p>\n<p>F\u00fcr vier Personen brauchst du:<br \/>\n400 g Spaghetti<br \/>\n1 Schalotte<br \/>\n2 Knoblauchzehen<br \/>\n1 frische rote Chilischote<br \/>\n3 EL Kapern (Glas)<br \/>\n1 Bio-Zitrone<br \/>\n3 Stiele Basilikum<br \/>\nOliven\u00f6l<br \/>\nSalz<br \/>\nPfeffer aus der M\u00fchle<\/p>\n<p>Nudeln wie gewohnt kochen. Einen gro\u00dfen Topf nehmen, zu 3\/4 mit Wasser f\u00fcllen und einen TL Salz hineingeben. Bis das Wasser kocht, hast du die Zutaten vorbereitet.<\/p>\n<p><a href=\"http:\/\/blog.meineigenerweg.de\/wp-content\/uploads\/2014\/05\/Spaghetti-mit-Kapern-07.jpg\"><img loading=\"lazy\" decoding=\"async\" class=\"alignnone size-medium wp-image-1574\" src=\"http:\/\/blog.meineigenerweg.de\/wp-content\/uploads\/2014\/05\/Spaghetti-mit-Kapern-07-300x225.jpg\" alt=\"Spaghetti mit Kapern 07\" width=\"300\" height=\"225\" srcset=\"http:\/\/blog.meineigenerweg.de\/wp-content\/uploads\/2014\/05\/Spaghetti-mit-Kapern-07-300x225.jpg 300w, http:\/\/blog.meineigenerweg.de\/wp-content\/uploads\/2014\/05\/Spaghetti-mit-Kapern-07.jpg 1000w\" sizes=\"auto, (max-width: 300px) 100vw, 300px\" \/><\/a><br \/>\n&#8211; Schalotte sch\u00e4len und fein w\u00fcrfeln<br \/>\n&#8211; Knoblauch sch\u00e4len und in d\u00fcnne Scheibchen schneiden<br \/>\n&#8211; Chilischote waschen, halbieren, Kerne entfernen und in Ringe schneiden<br \/>\n&#8211; Kapern gut abtropfen lassen (wichtig, das spritzt sonst wenn du sie in die hei\u00dfe Pfanne gibst)<br \/>\n&#8211; Zitrone waschen, mit einen Sparsch\u00e4ler sch\u00e4len und die Streifen in feine Stifte schneiden<br \/>\n&#8211; Basilikumbl\u00e4tter waschen und grob hacken<\/p>\n<p>Jetzt kocht das Nudelwasser, rein mit den Nudeln.<br \/>\nDann nimmst du eine gro\u00dfe Pfanne und gibt reichlich Oliven\u00f6l hinein, so dass der Boden gut bedeckt ist. Der Rest ist einfach, Zwiebeln hinein, 2-3 Minuten anbraten, Knoblauch dazu, 1-2 Minuten weiterbraten, Chili hinein. 1-2 Minuten mitbraten, Kapern vorsichtig dazugeben, 1-2 Minuten mitbraten, Zitronenschale dazu und noch einmal 1-2 Minuten braten. Das riecht jetzt schon sehr lecker.<br \/>\n<a href=\"http:\/\/blog.meineigenerweg.de\/wp-content\/uploads\/2014\/05\/Spaghetti-mit-Kapern-13.jpg\"><img loading=\"lazy\" decoding=\"async\" class=\"alignnone size-medium wp-image-1575\" src=\"http:\/\/blog.meineigenerweg.de\/wp-content\/uploads\/2014\/05\/Spaghetti-mit-Kapern-13-300x225.jpg\" alt=\"Spaghetti mit Kapern 13\" width=\"300\" height=\"225\" srcset=\"http:\/\/blog.meineigenerweg.de\/wp-content\/uploads\/2014\/05\/Spaghetti-mit-Kapern-13-300x225.jpg 300w, http:\/\/blog.meineigenerweg.de\/wp-content\/uploads\/2014\/05\/Spaghetti-mit-Kapern-13.jpg 1000w\" sizes=\"auto, (max-width: 300px) 100vw, 300px\" \/><\/a><\/p>\n<p>Die Nudeln sollten jetzt bissfest sein, abgie\u00dfen und dabei ein bisschen Nudelwasser auffangen. Die Nudeln kommen in eine gro\u00dfe Sch\u00fcssel, die So\u00dfe dar\u00fcber und alles gut vermischen. Ich gebe dann noch 3-4 EL Nudelwasser dazu, dann bleiben die Nudeln sch\u00f6n &#8222;flutschig&#8220;. Zum Schluss kommt das gehackte Basilikum darauf und etwas frischer Pfeffer aus der M\u00fchle.<\/p>\n<p><a href=\"http:\/\/blog.meineigenerweg.de\/wp-content\/uploads\/2014\/05\/Spaghetti-mit-Kapern-14x.jpg\"><img loading=\"lazy\" decoding=\"async\" class=\"alignnone size-medium wp-image-1577\" src=\"http:\/\/blog.meineigenerweg.de\/wp-content\/uploads\/2014\/05\/Spaghetti-mit-Kapern-14x-300x259.jpg\" alt=\"Spaghetti mit Kapern 14x\" width=\"300\" height=\"259\" srcset=\"http:\/\/blog.meineigenerweg.de\/wp-content\/uploads\/2014\/05\/Spaghetti-mit-Kapern-14x-300x259.jpg 300w, http:\/\/blog.meineigenerweg.de\/wp-content\/uploads\/2014\/05\/Spaghetti-mit-Kapern-14x.jpg 1000w\" sizes=\"auto, (max-width: 300px) 100vw, 300px\" \/><\/a><\/p>\n<p>&nbsp;<\/p>\n<p>&nbsp;<\/p>\n<p>&nbsp;<\/p>\n","protected":false},"excerpt":{"rendered":"<p>Setzte dich in deine bequeme Kuschelecke, schlie\u00dfe die Augen und lass dich zu einer kleinen Reise verf\u00fchren. Sp\u00fcrst du den sanften Windhauch, er ist warm von der Sommersonne und weich und frisch vom See, er streichelt dir \u00fcber deine Arme und dein Gesicht. H\u00f6rst du, wie die kleinen Wellen immer<\/p>\n","protected":false},"author":1,"featured_media":1583,"parent":230,"menu_order":0,"comment_status":"closed","ping_status":"closed","template":"","meta":{"footnotes":""},"class_list":["post-1567","page","type-page","status-publish","has-post-thumbnail","hentry"],"_links":{"self":[{"href":"http:\/\/blog.meineigenerweg.de\/index.php?rest_route=\/wp\/v2\/pages\/1567","targetHints":{"allow":["GET"]}}],"collection":[{"href":"http:\/\/blog.meineigenerweg.de\/index.php?rest_route=\/wp\/v2\/pages"}],"about":[{"href":"http:\/\/blog.meineigenerweg.de\/index.php?rest_route=\/wp\/v2\/types\/page"}],"author":[{"embeddable":true,"href":"http:\/\/blog.meineigenerweg.de\/index.php?rest_route=\/wp\/v2\/users\/1"}],"replies":[{"embeddable":true,"href":"http:\/\/blog.meineigenerweg.de\/index.php?rest_route=%2Fwp%2Fv2%2Fcomments&post=1567"}],"version-history":[{"count":10,"href":"http:\/\/blog.meineigenerweg.de\/index.php?rest_route=\/wp\/v2\/pages\/1567\/revisions"}],"predecessor-version":[{"id":1587,"href":"http:\/\/blog.meineigenerweg.de\/index.php?rest_route=\/wp\/v2\/pages\/1567\/revisions\/1587"}],"up":[{"embeddable":true,"href":"http:\/\/blog.meineigenerweg.de\/index.php?rest_route=\/wp\/v2\/pages\/230"}],"wp:featuredmedia":[{"embeddable":true,"href":"http:\/\/blog.meineigenerweg.de\/index.php?rest_route=\/wp\/v2\/media\/1583"}],"wp:attachment":[{"href":"http:\/\/blog.meineigenerweg.de\/index.php?rest_route=%2Fwp%2Fv2%2Fmedia&parent=1567"}],"curies":[{"name":"wp","href":"https:\/\/api.w.org\/{rel}","templated":true}]}}