{"id":1279,"date":"2014-04-12T15:44:52","date_gmt":"2014-04-12T14:44:52","guid":{"rendered":"http:\/\/blog.meineigenerweg.de\/?page_id=1279"},"modified":"2019-03-28T20:34:39","modified_gmt":"2019-03-28T19:34:39","slug":"bochum-duftausstellung","status":"publish","type":"page","link":"http:\/\/blog.meineigenerweg.de\/?page_id=1279","title":{"rendered":"Bochum &#8211; Duftausstellung ****"},"content":{"rendered":"<p>09.04.2014<\/p>\n<p>Himmlische D\u00fcfte und H\u00f6llengestank &#8211; Europas gr\u00f6\u00dfte <span style=\"color: #0000ff;\"><a href=\"http:\/\/www.ruhr-uni-bochum.de\/duft\/\" target=\"_blank\" rel=\"noopener noreferrer\"><span style=\"color: #0000ff;\"><span style=\"text-decoration: underline;\">Duftausstellung<\/span><\/span><\/a><\/span><\/p>\n<p>Habt ihr schon einmal versucht einen Duft oder einen Geruch zu beschreiben?<br \/>\nVerdammt schwer!<br \/>\nWie riecht Latschenkiefer? Erdig, frisch, harzig,\u00a0gr\u00fcn, entspannend &#8230;<br \/>\nOft rufen Ger\u00fcche spontan Erinnerungen hervor, ich habe mich sofort wieder in den Schwarzwald zur\u00fcckversetzt gef\u00fchlt, wo ich viele Jahre gelebt habe.<\/p>\n<p>Ich habe mich riechend\u00a0durch die Ausstellung getastet. Zu jedem Exponat\u00a0gibt es eine\u00a0detaillierten Beschreibungen und eine Duftprobe und teilweise eine Erkl\u00e4rung \u00fcber einen Kopfh\u00f6rer. Mir haben die\u00a0D\u00fcfte, die aus Pflanzen gewonnen werden, am besten gefallen, Lavendel, Rose, Zitrusfr\u00fcchte, Zimt und viele mehr.\u00a0Die D\u00fcfte, die\u00a0tierischen Ursprungs sind, wie zum Beispiel Moschus, Zibet, Amber\u00a0und Bibergeil, haben mir nicht so gut gefallen,<\/p>\n<p>Anhand des Duftes von Maigl\u00f6ckchen zeigt die Ausstellung, wie die\u00a0Natur\u00a0D\u00fcfte\u00a0als Botenstoffe nutzt.\u00a0Eierst\u00f6cke zum Beispiel, nutzen diesen Duft, um\u00a0Samenzellen anzulocken.\u00a0Sehr interessant fand ich auch die Beschreibungen der Verfahren, mit denen Duftstoffe gewonnen werden. Ich konnte etwas \u00fcber die Entwicklung des Parfums lesen und riechen, von duftenden Bl\u00fcten, die man sich im 16. Jahrhundert\u00a0in die\u00a0Handschuhe stecke,\u00a0K\u00f6lnisch Wasser das es seit 1709 gibt, den Klassiker\u00a0Chanel No. 5, aus dem Jahr\u00a01921, bis zu aktuellen D\u00fcften bekannter Designer.<\/p>\n<p><a href=\"http:\/\/blog.meineigenerweg.de\/wp-content\/uploads\/2014\/04\/Bochum_Duftausstellung_14_04_001.jpg\"><img loading=\"lazy\" decoding=\"async\" class=\"alignnone size-medium wp-image-1288\" src=\"http:\/\/blog.meineigenerweg.de\/wp-content\/uploads\/2014\/04\/Bochum_Duftausstellung_14_04_001-300x225.jpg\" alt=\"Bochum_Duftausstellung_14_04_001\" width=\"300\" height=\"225\" srcset=\"http:\/\/blog.meineigenerweg.de\/wp-content\/uploads\/2014\/04\/Bochum_Duftausstellung_14_04_001-300x225.jpg 300w, http:\/\/blog.meineigenerweg.de\/wp-content\/uploads\/2014\/04\/Bochum_Duftausstellung_14_04_001.jpg 1000w\" sizes=\"auto, (max-width: 300px) 100vw, 300px\" \/><\/a><br \/>\n<a href=\"http:\/\/blog.meineigenerweg.de\/wp-content\/uploads\/2014\/04\/Bochum_Duftausstellung_14_04_002.jpg\"><img loading=\"lazy\" decoding=\"async\" class=\"alignnone size-medium wp-image-1289\" src=\"http:\/\/blog.meineigenerweg.de\/wp-content\/uploads\/2014\/04\/Bochum_Duftausstellung_14_04_002-300x225.jpg\" alt=\"Bochum_Duftausstellung_14_04_002\" width=\"300\" height=\"225\" srcset=\"http:\/\/blog.meineigenerweg.de\/wp-content\/uploads\/2014\/04\/Bochum_Duftausstellung_14_04_002-300x225.jpg 300w, http:\/\/blog.meineigenerweg.de\/wp-content\/uploads\/2014\/04\/Bochum_Duftausstellung_14_04_002.jpg 1000w\" sizes=\"auto, (max-width: 300px) 100vw, 300px\" \/><\/a><br \/>\n<a href=\"http:\/\/blog.meineigenerweg.de\/wp-content\/uploads\/2014\/04\/Bochum_Duftausstellung_14_04_003.jpg\"><img loading=\"lazy\" decoding=\"async\" class=\"alignnone size-medium wp-image-1290\" src=\"http:\/\/blog.meineigenerweg.de\/wp-content\/uploads\/2014\/04\/Bochum_Duftausstellung_14_04_003-300x225.jpg\" alt=\"Bochum_Duftausstellung_14_04_003\" width=\"300\" height=\"225\" srcset=\"http:\/\/blog.meineigenerweg.de\/wp-content\/uploads\/2014\/04\/Bochum_Duftausstellung_14_04_003-300x225.jpg 300w, http:\/\/blog.meineigenerweg.de\/wp-content\/uploads\/2014\/04\/Bochum_Duftausstellung_14_04_003.jpg 1000w\" sizes=\"auto, (max-width: 300px) 100vw, 300px\" \/><\/a><\/p>\n<p><em>Meine Wertung: <span style=\"color: #ff0000;\">****<\/span>* sehenswert (aber nur noch bis 31.05.2014)<\/em><br \/>\n<em>Bongardstra\u00dfe 16-18<\/em><br \/>\n<em> 44787 Bochum<\/em><\/p>\n","protected":false},"excerpt":{"rendered":"<p>09.04.2014 Himmlische D\u00fcfte und H\u00f6llengestank &#8211; Europas gr\u00f6\u00dfte Duftausstellung Habt ihr schon einmal versucht einen Duft oder einen Geruch zu beschreiben? Verdammt schwer! Wie riecht Latschenkiefer? Erdig, frisch, harzig,\u00a0gr\u00fcn, entspannend &#8230; Oft rufen Ger\u00fcche spontan Erinnerungen hervor, ich habe mich sofort wieder in den Schwarzwald zur\u00fcckversetzt gef\u00fchlt, wo ich viele<\/p>\n","protected":false},"author":1,"featured_media":0,"parent":1809,"menu_order":0,"comment_status":"closed","ping_status":"closed","template":"","meta":{"footnotes":""},"class_list":["post-1279","page","type-page","status-publish","hentry"],"_links":{"self":[{"href":"http:\/\/blog.meineigenerweg.de\/index.php?rest_route=\/wp\/v2\/pages\/1279","targetHints":{"allow":["GET"]}}],"collection":[{"href":"http:\/\/blog.meineigenerweg.de\/index.php?rest_route=\/wp\/v2\/pages"}],"about":[{"href":"http:\/\/blog.meineigenerweg.de\/index.php?rest_route=\/wp\/v2\/types\/page"}],"author":[{"embeddable":true,"href":"http:\/\/blog.meineigenerweg.de\/index.php?rest_route=\/wp\/v2\/users\/1"}],"replies":[{"embeddable":true,"href":"http:\/\/blog.meineigenerweg.de\/index.php?rest_route=%2Fwp%2Fv2%2Fcomments&post=1279"}],"version-history":[{"count":18,"href":"http:\/\/blog.meineigenerweg.de\/index.php?rest_route=\/wp\/v2\/pages\/1279\/revisions"}],"predecessor-version":[{"id":5869,"href":"http:\/\/blog.meineigenerweg.de\/index.php?rest_route=\/wp\/v2\/pages\/1279\/revisions\/5869"}],"up":[{"embeddable":true,"href":"http:\/\/blog.meineigenerweg.de\/index.php?rest_route=\/wp\/v2\/pages\/1809"}],"wp:attachment":[{"href":"http:\/\/blog.meineigenerweg.de\/index.php?rest_route=%2Fwp%2Fv2%2Fmedia&parent=1279"}],"curies":[{"name":"wp","href":"https:\/\/api.w.org\/{rel}","templated":true}]}}