{"id":1195,"date":"2014-03-31T08:28:16","date_gmt":"2014-03-31T07:28:16","guid":{"rendered":"http:\/\/blog.meineigenerweg.de\/?page_id=1195"},"modified":"2019-03-28T22:22:33","modified_gmt":"2019-03-28T21:22:33","slug":"vietnam-gluecksrollen","status":"publish","type":"page","link":"http:\/\/blog.meineigenerweg.de\/?page_id=1195","title":{"rendered":"Vietnam &#8211; Gl\u00fccksrollen"},"content":{"rendered":"<p>Ich wei\u00df, warum sie Gl\u00fccksrollen hei\u00dfen. Nach einer dreiw\u00f6chigen Rundreise durch Vietnam, mit endlos vielen tollen Eindr\u00fccken und Erlebnissen, an diesem Strand auf Phu Quoc, im S\u00fcden von\u00a0Vietnam, zu sitzen und sie zu genie\u00dfen hat sehr sehr gl\u00fccklich gemacht.<\/p>\n<p>F\u00fcr dieses Rezept muss du mal wieder in einen Asia-Laden gehen und Reispapier kaufen.<\/p>\n<p>Reispapier? Was ist das denn? Kann man das\u00a0essen?<br \/>\nDie Italiener machen etwas \u00e4hnliches.\u00a0Aus Weizenmehl und Wasser kneten sie\u00a0einen Teig,\u00a0walzen\u00a0ihn zu\u00a0d\u00fcnnen Platten\u00a0und\u00a0nennen\u00a0es Lasagne. In feine Streifen geschnitten\u00a0sind es dann\u00a0Spaghetti.<br \/>\nAuch die Mexikaner machen\u00a0etwas \u00e4hnlichen, aber weicher und\u00a0 nennen\u00a0es Tortillas.\u00a0Daraus werden dann Burritos oder Wraps mit Salat- und Fleischf\u00fcllung gemacht.<br \/>\nAuch sehr lecker.<br \/>\nDa Weizen in Asien nicht zu den Hauptnahrungsmitteln z\u00e4hlt, nimmt man dort Reismehl, und weil sie so hauchd\u00fcnn sind, nennt\u00a0man sie Reispapier.<br \/>\nDu bekommst sie in jedem Asia-Laden und\u00a0wenn du schon mal dort bist, denke auch an Fischso\u00dfe und Glasnudeln, alles andere bekommst du auch Supermarkt.<br \/>\n<a href=\"http:\/\/blog.meineigenerweg.de\/wp-content\/uploads\/2014\/03\/Gl\u00fccksrollen_05.jpg\"><img loading=\"lazy\" decoding=\"async\" class=\"alignnone size-medium wp-image-1211\" src=\"http:\/\/blog.meineigenerweg.de\/wp-content\/uploads\/2014\/03\/Gl\u00fccksrollen_05-300x225.jpg\" alt=\"Gl\u00fccksrollen_05\" width=\"300\" height=\"225\" srcset=\"http:\/\/blog.meineigenerweg.de\/wp-content\/uploads\/2014\/03\/Gl\u00fccksrollen_05-300x225.jpg 300w, http:\/\/blog.meineigenerweg.de\/wp-content\/uploads\/2014\/03\/Gl\u00fccksrollen_05.jpg 1000w\" sizes=\"auto, (max-width: 300px) 100vw, 300px\" \/><\/a><\/p>\n<p>Wenn du vier Personen gl\u00fccklich machen m\u00f6chtest, brauchst du f\u00fcr die F\u00fcllung<br \/>\n&#8211; 50 g Glasnudeln (Asia-Laden, sehr d\u00fcnne Nudeln aus Reismehl, nicht wie Spaghetti kochen, sondern einfach nur in hei\u00dfem Wasser 10 min ziehen lassen)<\/p>\n<p>&#8211; 100 g frische Sojabohnensprossen (gewaschen)<\/p>\n<p>&#8211; 1 M\u00f6hre (in feine kurze Stifte geschnitten)<\/p>\n<p>&#8211; 1 Stange Lauchzwiebel (in feine Ringe geschnitten)<\/p>\n<p>&#8211; 2 Stiele frische Minze (Bl\u00e4tter abzupfen und fein hacken)<\/p>\n<p>&#8211; 200 g Garnelen (k\u00fcchenfertig vorgegart, grob gehackt)<\/p>\n<p>&#8211; 1 Limette (abgeriebene Schale\u00a0und Saft)<\/p>\n<p>Die Zutaten mischt du vorsichtig\u00a0in einer Sch\u00fcssel zusammen und schmeckst das Ganze mit der\u00a0geriebener Limettenschale und dem Limettensaft ab.<\/p>\n<p>Jetzt wird es &#8222;tricki&#8220;<\/p>\n<p>Du nimmst eine Reispapierscheibe und h\u00e4ltst sie kurz mit beiden Seiten unter\u00a0flie\u00dfend kaltes Wasser bis\u00a0sie gut nass ist. Dann legst du sie auf die eine H\u00e4lfte eines feuchten\u00a0K\u00fcchentuchs und deckst sie mit der anderen H\u00e4lfte zu.\u00a0Nach ca. 1 Minute ist die Scheibe\u00a0gut durchgeweicht und du kannst das Tuch\u00a0vorsichtig wieder aufklappen.<br \/>\n<a href=\"http:\/\/blog.meineigenerweg.de\/wp-content\/uploads\/2014\/03\/Gl\u00fccksrollen_02.jpg\"><img loading=\"lazy\" decoding=\"async\" class=\"alignnone size-medium wp-image-1214\" src=\"http:\/\/blog.meineigenerweg.de\/wp-content\/uploads\/2014\/03\/Gl\u00fccksrollen_02-300x225.jpg\" alt=\"Gl\u00fccksrollen_02\" width=\"300\" height=\"225\" srcset=\"http:\/\/blog.meineigenerweg.de\/wp-content\/uploads\/2014\/03\/Gl\u00fccksrollen_02-300x225.jpg 300w, http:\/\/blog.meineigenerweg.de\/wp-content\/uploads\/2014\/03\/Gl\u00fccksrollen_02.jpg 1000w\" sizes=\"auto, (max-width: 300px) 100vw, 300px\" \/><\/a><br \/>\nDann h\u00e4ufst du einen Essl\u00f6ffel von der vorbereiteten Gem\u00fcsemischung auf die Reispapierscheibe.<br \/>\n<a href=\"http:\/\/blog.meineigenerweg.de\/wp-content\/uploads\/2014\/03\/Gl\u00fccksrollen_03.jpg\"><img loading=\"lazy\" decoding=\"async\" class=\"alignnone size-medium wp-image-1215\" src=\"http:\/\/blog.meineigenerweg.de\/wp-content\/uploads\/2014\/03\/Gl\u00fccksrollen_03-300x225.jpg\" alt=\"Gl\u00fccksrollen_03\" width=\"300\" height=\"225\" srcset=\"http:\/\/blog.meineigenerweg.de\/wp-content\/uploads\/2014\/03\/Gl\u00fccksrollen_03-300x225.jpg 300w, http:\/\/blog.meineigenerweg.de\/wp-content\/uploads\/2014\/03\/Gl\u00fccksrollen_03.jpg 1000w\" sizes=\"auto, (max-width: 300px) 100vw, 300px\" \/><\/a><br \/>\nDie Seiten einschlagen und eine Rolle daraus machen.<br \/>\n<a href=\"http:\/\/blog.meineigenerweg.de\/wp-content\/uploads\/2014\/03\/Gl\u00fccksrollen_04.jpg\"><img loading=\"lazy\" decoding=\"async\" class=\"alignnone size-medium wp-image-1216\" src=\"http:\/\/blog.meineigenerweg.de\/wp-content\/uploads\/2014\/03\/Gl\u00fccksrollen_04-300x225.jpg\" alt=\"Gl\u00fccksrollen_04\" width=\"300\" height=\"225\" srcset=\"http:\/\/blog.meineigenerweg.de\/wp-content\/uploads\/2014\/03\/Gl\u00fccksrollen_04-300x225.jpg 300w, http:\/\/blog.meineigenerweg.de\/wp-content\/uploads\/2014\/03\/Gl\u00fccksrollen_04.jpg 1000w\" sizes=\"auto, (max-width: 300px) 100vw, 300px\" \/><\/a><br \/>\nFertig.<br \/>\nDu kannst die Rollen beliebig variieren, statt Garnelen kannst du gebratene Lachsst\u00fcckchen oder sehr d\u00fcnne gebratene Rinderfiletstreifen nehmen. Auch das Gem\u00fcse kannst du beliebig ver\u00e4ndern, Paprika- der Gem\u00fcsegurkenstreifen passen auch sehr gut.<\/p>\n<p>Jetzt fehlt nur noch die So\u00dfe zum dippen.<\/p>\n<p>&#8211; 50 g frischer Ingwer (gesch\u00e4lt und fein gehackt)<\/p>\n<p>&#8211; 1 Knoblauchzehe (gesch\u00e4lt und fein gehackt)<\/p>\n<p>&#8211; 1 rote Chilischote (gewaschen, entkernt und fein gehackt)<\/p>\n<p>&#8211; 3 EL braunen Zucker<\/p>\n<p>&#8211; 3 EL kaltes Wasser<\/p>\n<p>&#8211; 2 EL Limettensaft<\/p>\n<p>&#8211; 3 EL Fischsauce<\/p>\n<p>Alles gut miteinander vermischen.<br \/>\n<a href=\"http:\/\/blog.meineigenerweg.de\/wp-content\/uploads\/2014\/03\/Gl\u00fccksrollen_08.jpg\"><img loading=\"lazy\" decoding=\"async\" class=\"alignnone size-medium wp-image-1222\" src=\"http:\/\/blog.meineigenerweg.de\/wp-content\/uploads\/2014\/03\/Gl\u00fccksrollen_08-300x225.jpg\" alt=\"Gl\u00fccksrollen_08\" width=\"300\" height=\"225\" srcset=\"http:\/\/blog.meineigenerweg.de\/wp-content\/uploads\/2014\/03\/Gl\u00fccksrollen_08-300x225.jpg 300w, http:\/\/blog.meineigenerweg.de\/wp-content\/uploads\/2014\/03\/Gl\u00fccksrollen_08.jpg 1000w\" sizes=\"auto, (max-width: 300px) 100vw, 300px\" \/><\/a><\/p>\n<p>Du kannst die Rolle zum Dippen in die Hand nehmen und abbei\u00dfen oder in St\u00fccke schneiden und mit St\u00e4bchen essen.<br \/>\n<a href=\"http:\/\/blog.meineigenerweg.de\/wp-content\/uploads\/2014\/03\/Gl\u00fccksrollen_14.jpg\"><img loading=\"lazy\" decoding=\"async\" class=\"alignnone size-medium wp-image-1223\" src=\"http:\/\/blog.meineigenerweg.de\/wp-content\/uploads\/2014\/03\/Gl\u00fccksrollen_14-300x225.jpg\" alt=\"Gl\u00fccksrollen_14\" width=\"300\" height=\"225\" srcset=\"http:\/\/blog.meineigenerweg.de\/wp-content\/uploads\/2014\/03\/Gl\u00fccksrollen_14-300x225.jpg 300w, http:\/\/blog.meineigenerweg.de\/wp-content\/uploads\/2014\/03\/Gl\u00fccksrollen_14.jpg 1000w\" sizes=\"auto, (max-width: 300px) 100vw, 300px\" \/><\/a><\/p>\n<p>Guten Appetit &#8211; an ngon mieng<\/p>\n","protected":false},"excerpt":{"rendered":"<p>Ich wei\u00df, warum sie Gl\u00fccksrollen hei\u00dfen. Nach einer dreiw\u00f6chigen Rundreise durch Vietnam, mit endlos vielen tollen Eindr\u00fccken und Erlebnissen, an diesem Strand auf Phu Quoc, im S\u00fcden von\u00a0Vietnam, zu sitzen und sie zu genie\u00dfen hat sehr sehr gl\u00fccklich gemacht. F\u00fcr dieses Rezept muss du mal wieder in einen Asia-Laden gehen<\/p>\n","protected":false},"author":1,"featured_media":1197,"parent":230,"menu_order":0,"comment_status":"closed","ping_status":"closed","template":"","meta":{"footnotes":""},"class_list":["post-1195","page","type-page","status-publish","has-post-thumbnail","hentry"],"_links":{"self":[{"href":"http:\/\/blog.meineigenerweg.de\/index.php?rest_route=\/wp\/v2\/pages\/1195","targetHints":{"allow":["GET"]}}],"collection":[{"href":"http:\/\/blog.meineigenerweg.de\/index.php?rest_route=\/wp\/v2\/pages"}],"about":[{"href":"http:\/\/blog.meineigenerweg.de\/index.php?rest_route=\/wp\/v2\/types\/page"}],"author":[{"embeddable":true,"href":"http:\/\/blog.meineigenerweg.de\/index.php?rest_route=\/wp\/v2\/users\/1"}],"replies":[{"embeddable":true,"href":"http:\/\/blog.meineigenerweg.de\/index.php?rest_route=%2Fwp%2Fv2%2Fcomments&post=1195"}],"version-history":[{"count":23,"href":"http:\/\/blog.meineigenerweg.de\/index.php?rest_route=\/wp\/v2\/pages\/1195\/revisions"}],"predecessor-version":[{"id":5914,"href":"http:\/\/blog.meineigenerweg.de\/index.php?rest_route=\/wp\/v2\/pages\/1195\/revisions\/5914"}],"up":[{"embeddable":true,"href":"http:\/\/blog.meineigenerweg.de\/index.php?rest_route=\/wp\/v2\/pages\/230"}],"wp:featuredmedia":[{"embeddable":true,"href":"http:\/\/blog.meineigenerweg.de\/index.php?rest_route=\/wp\/v2\/media\/1197"}],"wp:attachment":[{"href":"http:\/\/blog.meineigenerweg.de\/index.php?rest_route=%2Fwp%2Fv2%2Fmedia&parent=1195"}],"curies":[{"name":"wp","href":"https:\/\/api.w.org\/{rel}","templated":true}]}}