{"id":1117,"date":"2014-03-23T15:24:13","date_gmt":"2014-03-23T14:24:13","guid":{"rendered":"http:\/\/blog.meineigenerweg.de\/?page_id=1117"},"modified":"2019-03-28T18:56:26","modified_gmt":"2019-03-28T17:56:26","slug":"vietnam-reis-im-bananenblatt","status":"publish","type":"page","link":"http:\/\/blog.meineigenerweg.de\/?page_id=1117","title":{"rendered":"Vietnam &#8211; Gem\u00fcsereis im Bananenblatt"},"content":{"rendered":"<p><embed hidden=\"true\" src=\"http:\/\/blog.meineigenerweg.de\/wp-content\/uploads\/2014\/03\/Dschungel-Ger\u00e4usche cut.mp3\" width=\"0\" height=\"0\"><\/embed><br \/>\nAn einem wundersch\u00f6nen Tag in der Altstadt von <span style=\"color: #0000ff;\"><a href=\"http:\/\/www.vietnamtips.de\/hue\/\" target=\"_blank\" rel=\"noopener noreferrer\"><span style=\"color: #0000ff;\"><span style=\"text-decoration: underline;\">Hue<\/span><\/span><\/a><\/span>, der alten Kaiserstadt\u00a0in Zentral-Vietnam, habe ich es zum ersten Mal gegessen und war total begeistert.<\/p>\n<p>F\u00fcr die Zubereitung brauchst Du eine scharfe Machete. Mit der gehst\u00a0Du in den n\u00e4chsten Dschungel und besorgst\u00a0Dir ein paar Bananenpalmenbl\u00e4tter. Wenn Du keinen Dschungel vor der Haust\u00fcr haben solltest, kannst\u00a0Du nat\u00fcrlich\u00a0auch in den n\u00e4chsten botanischen Garten oder in ein Gartencenter schleichen &#8211; aber lass\u00a0Dich nicht erwischen!\u00a0Nat\u00fcrlich kannst du\u00a0auch\u00a0einfach in den n\u00e4chsten Asia-Laden gehen (in Bochum gibt es mehrere, einen zum Beispiel am Rathauscenter) und sie dort kaufen.\u00a0Unspektakul\u00e4r, aber f\u00fcr weniger als zwei Euro bekommst Du dort ein ganzes Paket mit mehreren\u00a0tiefgek\u00fchlten Bananenpalmenbl\u00e4ttern aus Thailand.<\/p>\n<p>Jetzt wird es schwierig, denn Du braucht Platz in der K\u00fcche.\u00a0So ein Bananenpalmenblatt kann schon mal zwei Meter lang sein!<br \/>\n<a href=\"http:\/\/blog.meineigenerweg.de\/wp-content\/uploads\/2014\/03\/Geb_Marlies_14_03_274.jpg\"><img loading=\"lazy\" decoding=\"async\" class=\"alignnone size-medium wp-image-1125\" src=\"http:\/\/blog.meineigenerweg.de\/wp-content\/uploads\/2014\/03\/Geb_Marlies_14_03_274-300x200.jpg\" alt=\"Geb_Marlies_14_03_274\" width=\"300\" height=\"200\" srcset=\"http:\/\/blog.meineigenerweg.de\/wp-content\/uploads\/2014\/03\/Geb_Marlies_14_03_274-300x200.jpg 300w, http:\/\/blog.meineigenerweg.de\/wp-content\/uploads\/2014\/03\/Geb_Marlies_14_03_274.jpg 1000w\" sizes=\"auto, (max-width: 300px) 100vw, 300px\" \/><\/a><br \/>\nNimm ein scharfes Messer und schneide\u00a0ca. 20 x 30 cm gro\u00dfe\u00a0St\u00fccke.<br \/>\n<a href=\"http:\/\/blog.meineigenerweg.de\/wp-content\/uploads\/2014\/03\/Geb_Marlies_14_03_278.jpg\"><img loading=\"lazy\" decoding=\"async\" class=\"alignnone size-medium wp-image-1126\" src=\"http:\/\/blog.meineigenerweg.de\/wp-content\/uploads\/2014\/03\/Geb_Marlies_14_03_278-300x200.jpg\" alt=\"Geb_Marlies_14_03_278\" width=\"300\" height=\"200\" srcset=\"http:\/\/blog.meineigenerweg.de\/wp-content\/uploads\/2014\/03\/Geb_Marlies_14_03_278-300x200.jpg 300w, http:\/\/blog.meineigenerweg.de\/wp-content\/uploads\/2014\/03\/Geb_Marlies_14_03_278.jpg 1000w\" sizes=\"auto, (max-width: 300px) 100vw, 300px\" \/><\/a><br \/>\nBlanchiere die Bl\u00e4tter und schrecke sie\u00a0anschlie\u00dfen in eiskaltes Wasser ab.<br \/>\nIn die Mitte des Blattes\u00a0kommt ein geh\u00e4ufter\u00a0Essl\u00f6ffel der Reismasse\u00a0(Zutaten s.u.).<br \/>\n<a href=\"http:\/\/blog.meineigenerweg.de\/wp-content\/uploads\/2014\/03\/Geb_Marlies_14_03_283.jpg\"><img loading=\"lazy\" decoding=\"async\" class=\"alignnone size-medium wp-image-1142\" src=\"http:\/\/blog.meineigenerweg.de\/wp-content\/uploads\/2014\/03\/Geb_Marlies_14_03_283-300x184.jpg\" alt=\"Geb_Marlies_14_03_283\" width=\"300\" height=\"184\" srcset=\"http:\/\/blog.meineigenerweg.de\/wp-content\/uploads\/2014\/03\/Geb_Marlies_14_03_283-300x184.jpg 300w, http:\/\/blog.meineigenerweg.de\/wp-content\/uploads\/2014\/03\/Geb_Marlies_14_03_283.jpg 1000w\" sizes=\"auto, (max-width: 300px) 100vw, 300px\" \/><\/a><br \/>\nDaraus packst\u00a0Du\u00a0ein h\u00fcbsches P\u00e4ckchen. Mit einem Zahnstocher wird es verschlossen und anschlie\u00dfend\u00a0von Au\u00dfen\u00a0mit \u00d6l eingepinselt.<br \/>\n<a href=\"http:\/\/blog.meineigenerweg.de\/wp-content\/uploads\/2014\/03\/Geb_Marlies_14_03_282.jpg\"><img loading=\"lazy\" decoding=\"async\" class=\"alignnone size-medium wp-image-1128\" src=\"http:\/\/blog.meineigenerweg.de\/wp-content\/uploads\/2014\/03\/Geb_Marlies_14_03_282-300x200.jpg\" alt=\"Geb_Marlies_14_03_282\" width=\"300\" height=\"200\" srcset=\"http:\/\/blog.meineigenerweg.de\/wp-content\/uploads\/2014\/03\/Geb_Marlies_14_03_282-300x200.jpg 300w, http:\/\/blog.meineigenerweg.de\/wp-content\/uploads\/2014\/03\/Geb_Marlies_14_03_282.jpg 1000w\" sizes=\"auto, (max-width: 300px) 100vw, 300px\" \/><\/a><br \/>\nZuletzt kommen die P\u00e4ckchen bei 200 Grad f\u00fcr 10 Minuten in den vorgeheizten Backofen. Schmeckt superlecker zu Fisch oder einfach so. Selbst kalt sind sie noch unschlagbar gut. (Die Bananenbl\u00e4tter isst man nicht mit!)<\/p>\n<p>Ich habe Schlangenschnapps (\u00e4\u00e4hhhb\u00e4\u00e4hh)\u00a0mit dem Koch trinken m\u00fcssen, bevor er mir sein Geheimrezept f\u00fcr die F\u00fcllung verraten hat, aber es hat sich gelohnt.<\/p>\n<p>F\u00fcr 4 Personen brauchst Du\u00a0&#8230;<\/p>\n<p>&#8230; aus dem Supermarkt:<br \/>\n100 g Basmatireis<br \/>\n1 Bund Fr\u00fchlingszwiebeln<br \/>\n1 Knoblauchzehe<br \/>\n1 rote Paprika<br \/>\n1 St\u00fcck Ingwer (ca 4 cm)<br \/>\n100 g Fruchtfleisch von einer frischen Mango<br \/>\n2 EL \u00d6l<br \/>\n200 ml\u00a0Gem\u00fcsebr\u00fche<\/p>\n<p>&#8230; und\u00a0aus dem Asia-Laden:<br \/>\n3 Bananenbl\u00e4tter<br \/>\n60 g frische Sojabohnensprossen<br \/>\n4 Stiele frischer Koriander<br \/>\n50 g ungesalzene gesch\u00e4lte Erdn\u00fcsse<br \/>\n2 EL s\u00fc\u00dfe Chilisauce<br \/>\n2 EL Reisessig<br \/>\n3 EL Fischsauce<\/p>\n<p>Wenn Du schnell\u00a0bist, kannst Du schon\u00a0den Reis aufsetzen Ich bereite\u00a0jedoch lieber erst alle Zutaten vor und beginne dann zu Kochen.<\/p>\n<p>&#8211; Bananenbl\u00e4tter wie oben beschrieben schneiden und blanchieren<br \/>\n&#8211; Fr\u00fchlingszwiebel waschen und in feine Ringe schneiden<br \/>\n&#8211; Paprika waschen, Kerne entfernen und in d\u00fcnne, kurze Streifen schneiden<br \/>\n&#8211; Sojabohnensprossen waschen<br \/>\n&#8211; Erdn\u00fcsse grob hacken<br \/>\n&#8211; Ingwer sch\u00e4len und fein hacken<br \/>\n&#8211; Knoblauch sch\u00e4len und fein hacken<br \/>\n&#8211; Koriander waschen, Bl\u00e4tter von den Stielen zupfen und grob hacken<br \/>\n&#8211; Mango sch\u00e4len und das Fruchtfleisch in kleine W\u00fcrfel schneiden<\/p>\n<p>&#8211; Reis in ein Sieb geben und unter flie\u00dfend Wasser gut sp\u00fclen. Mit reichlich 200 ml Gem\u00fcsebr\u00fche in einen Topf geben und\u00a0bei geringer Hitze etwa 20 Minuten\u00a0quellen lassen.<\/p>\n<p>&#8211; Wenn du einen Wok hast, dann kannst Du den jetzt wunderbar benutzen, wenn nicht, tut\u00a0es auch\u00a0ein gro\u00dfer Kochtopf. \u00d6l erhitzen und Knoblauch und Ingwer darin kurz and\u00fcnsten. Paprika, Fr\u00fchlingszwiebeln und Sojabohnensprossen dazugeben und unter st\u00e4ndigem R\u00fchren 2 bis 3 Minuten d\u00fcnsten.<\/p>\n<p>&#8211; Dann kannst Du den Ofen ausschalten und den Reis, die Erdn\u00fcsse, den Koriander und die Mango dazugeben und vorsichtig untermischen.<\/p>\n<p>&#8211; Zuletzt mit Chilisause, Reisessig und Fischsause w\u00fcrzen und gut mischen. Lass\u00a0Dich vom Geruch der Fischsause nicht abschrecken, sie ist nicht schlecht, auch wenn sie f\u00fcrchterlich stinkt. (Ich erz\u00e4hle\u00a0Dir hier auch nicht, wie sie gemacht wird.)<\/p>\n<p>&#8211; P\u00e4ckchen packen, in den Backofen (wie oben beschrieben) und dann genie\u00dfen!<\/p>\n","protected":false},"excerpt":{"rendered":"<p>An einem wundersch\u00f6nen Tag in der Altstadt von Hue, der alten Kaiserstadt\u00a0in Zentral-Vietnam, habe ich es zum ersten Mal gegessen und war total begeistert. F\u00fcr die Zubereitung brauchst Du eine scharfe Machete. Mit der gehst\u00a0Du in den n\u00e4chsten Dschungel und besorgst\u00a0Dir ein paar Bananenpalmenbl\u00e4tter. Wenn Du keinen Dschungel vor der<\/p>\n","protected":false},"author":1,"featured_media":1139,"parent":230,"menu_order":0,"comment_status":"closed","ping_status":"closed","template":"","meta":{"footnotes":""},"class_list":["post-1117","page","type-page","status-publish","has-post-thumbnail","hentry"],"_links":{"self":[{"href":"http:\/\/blog.meineigenerweg.de\/index.php?rest_route=\/wp\/v2\/pages\/1117","targetHints":{"allow":["GET"]}}],"collection":[{"href":"http:\/\/blog.meineigenerweg.de\/index.php?rest_route=\/wp\/v2\/pages"}],"about":[{"href":"http:\/\/blog.meineigenerweg.de\/index.php?rest_route=\/wp\/v2\/types\/page"}],"author":[{"embeddable":true,"href":"http:\/\/blog.meineigenerweg.de\/index.php?rest_route=\/wp\/v2\/users\/1"}],"replies":[{"embeddable":true,"href":"http:\/\/blog.meineigenerweg.de\/index.php?rest_route=%2Fwp%2Fv2%2Fcomments&post=1117"}],"version-history":[{"count":33,"href":"http:\/\/blog.meineigenerweg.de\/index.php?rest_route=\/wp\/v2\/pages\/1117\/revisions"}],"predecessor-version":[{"id":5865,"href":"http:\/\/blog.meineigenerweg.de\/index.php?rest_route=\/wp\/v2\/pages\/1117\/revisions\/5865"}],"up":[{"embeddable":true,"href":"http:\/\/blog.meineigenerweg.de\/index.php?rest_route=\/wp\/v2\/pages\/230"}],"wp:featuredmedia":[{"embeddable":true,"href":"http:\/\/blog.meineigenerweg.de\/index.php?rest_route=\/wp\/v2\/media\/1139"}],"wp:attachment":[{"href":"http:\/\/blog.meineigenerweg.de\/index.php?rest_route=%2Fwp%2Fv2%2Fmedia&parent=1117"}],"curies":[{"name":"wp","href":"https:\/\/api.w.org\/{rel}","templated":true}]}}