{"id":1073,"date":"2014-03-20T21:39:58","date_gmt":"2014-03-20T20:39:58","guid":{"rendered":"http:\/\/blog.meineigenerweg.de\/?page_id=1073"},"modified":"2019-03-28T20:57:57","modified_gmt":"2019-03-28T19:57:57","slug":"waltrop-schiffshebewerk","status":"publish","type":"page","link":"http:\/\/blog.meineigenerweg.de\/?page_id=1073","title":{"rendered":"Waltrop &#8211; Schiffshebewerk Henrichenburg ***"},"content":{"rendered":"<p>20.03.2014<\/p>\n<p>Der Dortmund-Ems-Kanal verbindet den\u00a0Dortmunder Hafen\u00a0mit dem Rhein-Herne-Kanal in Waltrop.\u00a0Da er ein stehendes Gew\u00e4sser ist, werden geografische H\u00f6henunterschiede \u00fcber Schleusen und Schiffshebewerke \u00fcberwunden.\u00a0Das <span style=\"color: #0000ff;\"><a href=\"http:\/\/www.lwl.org\/LWL\/Kultur\/wim\/portal\/S\/henrichenburg\/ort\" target=\"_blank\" rel=\"noopener noreferrer\"><span style=\"color: #0000ff;\"><span style=\"text-decoration: underline;\">Schiffshebewerk Henrichenburg<\/span><\/span><\/a><\/span> ist so etwas wie ein Fahrstuhl f\u00fcr Schiffe und\u00a0gleicht einen H\u00f6henunterschied von 14 mtr\u00a0aus. Also, ich stelle mir das wir eine Badewanne vor, die vorne und hinten eine T\u00fcr hat. Fahrstuhl nach oben, hinten die T\u00fcr auf und das Schiff f\u00e4hrt hinein &#8211; brrrrrrrr &#8211; f\u00e4hrt der Fahrstuhl nach unten, vorne die T\u00fcr auf und das Schiff f\u00e4hrt wieder heraus &#8211; und nat\u00fcrlich umgekehrt. Es ist eine beeindruckende Stahlkonstruktion, die schon 1899 in Betrieb genommen wurde, aber auch schon seit \u00fcber 40 Jahren nicht mehr genutzt wird.<\/p>\n<p>Hier die Ein-\/Ausfahrt auf dem niedrigeren Niveau<br \/>\n<a href=\"http:\/\/blog.meineigenerweg.de\/wp-content\/uploads\/2014\/03\/Datteln-Schiffshebewerk_14_03_005.jpg\"><img loading=\"lazy\" decoding=\"async\" class=\"alignnone size-medium wp-image-1080\" src=\"http:\/\/blog.meineigenerweg.de\/wp-content\/uploads\/2014\/03\/Datteln-Schiffshebewerk_14_03_005-300x200.jpg\" alt=\"Datteln - Schiffshebewerk_14_03_005\" width=\"300\" height=\"200\" srcset=\"http:\/\/blog.meineigenerweg.de\/wp-content\/uploads\/2014\/03\/Datteln-Schiffshebewerk_14_03_005-300x200.jpg 300w, http:\/\/blog.meineigenerweg.de\/wp-content\/uploads\/2014\/03\/Datteln-Schiffshebewerk_14_03_005.jpg 1000w\" sizes=\"auto, (max-width: 300px) 100vw, 300px\" \/><\/a><br \/>\nund so sieht das Gegenst\u00fcck auf dem h\u00f6heren Niveau aus.<br \/>\n<a href=\"http:\/\/blog.meineigenerweg.de\/wp-content\/uploads\/2014\/03\/Datteln-Schiffshebewerk_14_03_067.jpg\"><img loading=\"lazy\" decoding=\"async\" class=\"alignnone size-medium wp-image-1081\" src=\"http:\/\/blog.meineigenerweg.de\/wp-content\/uploads\/2014\/03\/Datteln-Schiffshebewerk_14_03_067-300x200.jpg\" alt=\"Datteln - Schiffshebewerk_14_03_067\" width=\"300\" height=\"200\" srcset=\"http:\/\/blog.meineigenerweg.de\/wp-content\/uploads\/2014\/03\/Datteln-Schiffshebewerk_14_03_067-300x200.jpg 300w, http:\/\/blog.meineigenerweg.de\/wp-content\/uploads\/2014\/03\/Datteln-Schiffshebewerk_14_03_067.jpg 1000w\" sizes=\"auto, (max-width: 300px) 100vw, 300px\" \/><\/a><br \/>\nDie T\u00fcrme kann man \u00fcber eine enge Wendentreppe besteigen und hat einen tollen \u00dcberblick \u00fcber die Anlage<br \/>\n<a href=\"http:\/\/blog.meineigenerweg.de\/wp-content\/uploads\/2014\/03\/Datteln-Schiffshebewerk_14_03_106.jpg\"><img loading=\"lazy\" decoding=\"async\" class=\"alignnone size-medium wp-image-1089\" src=\"http:\/\/blog.meineigenerweg.de\/wp-content\/uploads\/2014\/03\/Datteln-Schiffshebewerk_14_03_106-300x200.jpg\" alt=\"Datteln - Schiffshebewerk_14_03_106\" width=\"300\" height=\"200\" srcset=\"http:\/\/blog.meineigenerweg.de\/wp-content\/uploads\/2014\/03\/Datteln-Schiffshebewerk_14_03_106-300x200.jpg 300w, http:\/\/blog.meineigenerweg.de\/wp-content\/uploads\/2014\/03\/Datteln-Schiffshebewerk_14_03_106.jpg 1000w\" sizes=\"auto, (max-width: 300px) 100vw, 300px\" \/><\/a><br \/>\n<a href=\"http:\/\/blog.meineigenerweg.de\/wp-content\/uploads\/2014\/03\/Datteln-Schiffshebewerk_14_03_079.jpg\"><img loading=\"lazy\" decoding=\"async\" class=\"alignnone size-medium wp-image-1084\" src=\"http:\/\/blog.meineigenerweg.de\/wp-content\/uploads\/2014\/03\/Datteln-Schiffshebewerk_14_03_079-300x200.jpg\" alt=\"Datteln - Schiffshebewerk_14_03_079\" width=\"300\" height=\"200\" srcset=\"http:\/\/blog.meineigenerweg.de\/wp-content\/uploads\/2014\/03\/Datteln-Schiffshebewerk_14_03_079-300x200.jpg 300w, http:\/\/blog.meineigenerweg.de\/wp-content\/uploads\/2014\/03\/Datteln-Schiffshebewerk_14_03_079.jpg 1000w\" sizes=\"auto, (max-width: 300px) 100vw, 300px\" \/><\/a><br \/>\nund \u00fcber den Kanal.<br \/>\n<a href=\"http:\/\/blog.meineigenerweg.de\/wp-content\/uploads\/2014\/03\/Datteln-Schiffshebewerk_14_03_076.jpg\"><img loading=\"lazy\" decoding=\"async\" class=\"alignnone size-medium wp-image-1085\" src=\"http:\/\/blog.meineigenerweg.de\/wp-content\/uploads\/2014\/03\/Datteln-Schiffshebewerk_14_03_076-300x200.jpg\" alt=\"Datteln - Schiffshebewerk_14_03_076\" width=\"300\" height=\"200\" srcset=\"http:\/\/blog.meineigenerweg.de\/wp-content\/uploads\/2014\/03\/Datteln-Schiffshebewerk_14_03_076-300x200.jpg 300w, http:\/\/blog.meineigenerweg.de\/wp-content\/uploads\/2014\/03\/Datteln-Schiffshebewerk_14_03_076.jpg 1000w\" sizes=\"auto, (max-width: 300px) 100vw, 300px\" \/><\/a><br \/>\nGrobe Technik fein verpackt.<br \/>\n<a href=\"http:\/\/blog.meineigenerweg.de\/wp-content\/uploads\/2014\/03\/Datteln-Schiffshebewerk_14_03_084.jpg\"><img loading=\"lazy\" decoding=\"async\" class=\"alignnone size-medium wp-image-1088\" src=\"http:\/\/blog.meineigenerweg.de\/wp-content\/uploads\/2014\/03\/Datteln-Schiffshebewerk_14_03_084-300x200.jpg\" alt=\"Datteln - Schiffshebewerk_14_03_084\" width=\"300\" height=\"200\" srcset=\"http:\/\/blog.meineigenerweg.de\/wp-content\/uploads\/2014\/03\/Datteln-Schiffshebewerk_14_03_084-300x200.jpg 300w, http:\/\/blog.meineigenerweg.de\/wp-content\/uploads\/2014\/03\/Datteln-Schiffshebewerk_14_03_084.jpg 1000w\" sizes=\"auto, (max-width: 300px) 100vw, 300px\" \/><\/a><br \/>\nIn der historischen Maschinenhallte<br \/>\n<a href=\"http:\/\/blog.meineigenerweg.de\/wp-content\/uploads\/2014\/03\/Datteln-Schiffshebewerk_14_03_157.jpg\"><img loading=\"lazy\" decoding=\"async\" class=\"alignnone size-medium wp-image-1090\" src=\"http:\/\/blog.meineigenerweg.de\/wp-content\/uploads\/2014\/03\/Datteln-Schiffshebewerk_14_03_157-300x200.jpg\" alt=\"Datteln - Schiffshebewerk_14_03_157\" width=\"300\" height=\"200\" srcset=\"http:\/\/blog.meineigenerweg.de\/wp-content\/uploads\/2014\/03\/Datteln-Schiffshebewerk_14_03_157-300x200.jpg 300w, http:\/\/blog.meineigenerweg.de\/wp-content\/uploads\/2014\/03\/Datteln-Schiffshebewerk_14_03_157.jpg 1000w\" sizes=\"auto, (max-width: 300px) 100vw, 300px\" \/><\/a><br \/>\nist ein kleines Museum eingerichtet. Mich hat besonders die alte Technik fasziniert, so gro\u00df und\u00a0so grob, aber sie hat 60 Jahre funktioniert (mein iPhone schafft wahrscheinlich nicht einmal 60 Monate).<br \/>\n<a href=\"http:\/\/blog.meineigenerweg.de\/wp-content\/uploads\/2014\/03\/Datteln-Schiffshebewerk_14_03_147.jpg\"><img loading=\"lazy\" decoding=\"async\" class=\"alignnone size-medium wp-image-1091\" src=\"http:\/\/blog.meineigenerweg.de\/wp-content\/uploads\/2014\/03\/Datteln-Schiffshebewerk_14_03_147-300x200.jpg\" alt=\"Datteln - Schiffshebewerk_14_03_147\" width=\"300\" height=\"200\" srcset=\"http:\/\/blog.meineigenerweg.de\/wp-content\/uploads\/2014\/03\/Datteln-Schiffshebewerk_14_03_147-300x200.jpg 300w, http:\/\/blog.meineigenerweg.de\/wp-content\/uploads\/2014\/03\/Datteln-Schiffshebewerk_14_03_147.jpg 1000w\" sizes=\"auto, (max-width: 300px) 100vw, 300px\" \/><\/a><\/p>\n<p><em>Meine Wertung: <span style=\"color: #ff0000;\">***<\/span>** gut<\/em><br \/>\n<em>Am Hebewerk 2<\/em><br \/>\n<em>45731 Waltrop<\/em><\/p>\n","protected":false},"excerpt":{"rendered":"<p>20.03.2014 Der Dortmund-Ems-Kanal verbindet den\u00a0Dortmunder Hafen\u00a0mit dem Rhein-Herne-Kanal in Waltrop.\u00a0Da er ein stehendes Gew\u00e4sser ist, werden geografische H\u00f6henunterschiede \u00fcber Schleusen und Schiffshebewerke \u00fcberwunden.\u00a0Das Schiffshebewerk Henrichenburg ist so etwas wie ein Fahrstuhl f\u00fcr Schiffe und\u00a0gleicht einen H\u00f6henunterschied von 14 mtr\u00a0aus. Also, ich stelle mir das wir eine Badewanne vor, die vorne<\/p>\n","protected":false},"author":1,"featured_media":1095,"parent":1809,"menu_order":0,"comment_status":"closed","ping_status":"closed","template":"","meta":{"footnotes":""},"class_list":["post-1073","page","type-page","status-publish","has-post-thumbnail","hentry"],"_links":{"self":[{"href":"http:\/\/blog.meineigenerweg.de\/index.php?rest_route=\/wp\/v2\/pages\/1073","targetHints":{"allow":["GET"]}}],"collection":[{"href":"http:\/\/blog.meineigenerweg.de\/index.php?rest_route=\/wp\/v2\/pages"}],"about":[{"href":"http:\/\/blog.meineigenerweg.de\/index.php?rest_route=\/wp\/v2\/types\/page"}],"author":[{"embeddable":true,"href":"http:\/\/blog.meineigenerweg.de\/index.php?rest_route=\/wp\/v2\/users\/1"}],"replies":[{"embeddable":true,"href":"http:\/\/blog.meineigenerweg.de\/index.php?rest_route=%2Fwp%2Fv2%2Fcomments&post=1073"}],"version-history":[{"count":10,"href":"http:\/\/blog.meineigenerweg.de\/index.php?rest_route=\/wp\/v2\/pages\/1073\/revisions"}],"predecessor-version":[{"id":5882,"href":"http:\/\/blog.meineigenerweg.de\/index.php?rest_route=\/wp\/v2\/pages\/1073\/revisions\/5882"}],"up":[{"embeddable":true,"href":"http:\/\/blog.meineigenerweg.de\/index.php?rest_route=\/wp\/v2\/pages\/1809"}],"wp:featuredmedia":[{"embeddable":true,"href":"http:\/\/blog.meineigenerweg.de\/index.php?rest_route=\/wp\/v2\/media\/1095"}],"wp:attachment":[{"href":"http:\/\/blog.meineigenerweg.de\/index.php?rest_route=%2Fwp%2Fv2%2Fmedia&parent=1073"}],"curies":[{"name":"wp","href":"https:\/\/api.w.org\/{rel}","templated":true}]}}